{"id":838,"date":"2019-08-21T11:22:32","date_gmt":"2019-08-21T09:22:32","guid":{"rendered":"https:\/\/labarraca1912.es\/?page_id=838"},"modified":"2025-09-23T11:43:47","modified_gmt":"2025-09-23T09:43:47","slug":"condiciones-generales","status":"publish","type":"page","link":"https:\/\/labarraca1912.es\/en\/condiciones-generales\/","title":{"rendered":"General Conditions"},"content":{"rendered":"\n[et_pb_section fb_built=\u00bb1&#8243; admin_label=\u00bbsection\u00bb _builder_version=\u00bb3.22&#8243;][et_pb_row admin_label=\u00bbrow\u00bb _builder_version=\u00bb3.25&#8243; background_size=\u00bbinitial\u00bb background_position=\u00bbtop_left\u00bb background_repeat=\u00bbrepeat\u00bb][et_pb_column type=\u00bb4_4&#8243; _builder_version=\u00bb3.25&#8243; custom_padding=\u00bb|||\u00bb custom_padding__hover=\u00bb|||\u00bb][et_pb_text admin_label=\u00bbText\u00bb _builder_version=\u00bb3.26.3&#8243; background_size=\u00bbinitial\u00bb background_position=\u00bbtop_left\u00bb background_repeat=\u00bbrepeat\u00bb]<p><!-- divi:heading --><\/p>\n<h1>Condiciones Generales<\/h1>\n<p>&nbsp;<\/p>\n<h3>1.- \u00bfQui\u00e9n es el responsable del tratamiento de tus datos?<\/h3>\n<p>Identidad: Alicia Moya Cambronero DNI-NIF: 44761883L Direcci\u00f3n postal: Pol\u00edgono Industrial \u201cEl Fondonet\u201d \u2013 c\/ La Serreta, 49. Correo electr\u00f3nico info@labarraca1912.com Delegado Protecci\u00f3n de datos: Enrique Albert Valero DPD: www.labarraca1912.es &#8211; <a href=\"mailto:info@labarraca1912.com\">info@labarraca1912.com<\/a><\/p>\n<h3><\/h3>\n<h3>2.- \u00bfCu\u00e1l es la finalidad del tratamiento de tus datos personales?<\/h3>\n<p>En www.labarraca1912.es tratamos la informaci\u00f3n que nos facilitan las personas interesadas con los siguientes fines:<\/p>\n<p>&#8211; Con el fin de gestionar el env\u00edo de los productos que se compren en esta tienda online. \u2013 Facilitar a los interesados ofertas de\u00a0productos y servicios de tu inter\u00e9s. \u2013 Poder ofrecerle nuestros productos y servicios de\u00a0acuerdo con sus intereses.<\/p>\n<p>\u2013 Mejorar su experiencia de usuario. Para cumplir estos fines elaboraremos un perfil comercial en base a la informaci\u00f3n facilitada. No se\u00a0tomar\u00e1n decisiones automatizadas en base a los perfiles de la base de datos. S\u00ed se\u00a0enviaran correos electr\u00f3nicos automatizados, previamente programados por el titular\u00a0de los datos o de sus proveedores de servicios o asalariados, con la finalidad de enviar la informaci\u00f3n de las novedades del blog, y de los productos comerciales que se\u00a0ofrecer\u00e1n a trav\u00e9s de esta web, tanto si est\u00e1n alojados en ella como en plataformas de\u00a0terceros proveedores de dicho servicio. Tambi\u00e9n utilizaremos todo tipo de cookies que\u00a0consideremos adecuados a nuestra marca personal.<\/p>\n<h3><\/h3>\n<h3>3.- \u00bfPor cu\u00e1nto tiempo conservaremos tus datos?<\/h3>\n<p>Los datos personales proporcionados en la web www.labarraca1912.es se conservar\u00e1n\u00a0durante un plazo de diez a\u00f1os a partir de la \u00faltima confirmaci\u00f3n de su inter\u00e9s. Tambi\u00e9n\u00a0se conservar\u00e1n mientras se mantenga la relaci\u00f3n mercantil. Se har\u00e1n desaparecer\u00a0cuando se solicite su supresi\u00f3n o portabilidad por el interesado.<\/p>\n<h3><\/h3>\n<h3>4.- Legitimaci\u00f3n<\/h3>\n<p>El tratamiento de sus datos personales es necesario para el cumplimiento de las\u00a0obligaciones legales derivadas del Real Decreto 1720\/2001 de 21 de diciembre, por el\u00a0que se aprueba el Reglamento de desarrollo de la Ley Org\u00e1nica 15\/1999 de 13 de\u00a0diciembre de protecci\u00f3n de datos de car\u00e1cter personal. La base legal para el\u00a0tratamiento de tus datos es la ejecuci\u00f3n de la suscripci\u00f3n online a la newsletter de La<br \/>Barraca Alimentaci\u00f3n o al formulario de contacto de la web www.labarraca1912.es. La\u00a0oferta de productos y servicios est\u00e1 basada en el consentimiento que se le solicita, sin\u00a0que en ning\u00fan caso, la retirada de este consentimiento condicione la ejecuci\u00f3n de\u00a0servicios o la entrega de productos pendientes.<\/p>\n<p>&nbsp;<\/p>\n<h3>5.- \u00bfCu\u00e1les son tus derechos cuando nos facilitas tus datos?<\/h3>\n<p>Cualquier persona tiene derecho a obtener la confirmaci\u00f3n sobre si La Barraca\u00a0Alimentaci\u00f3n (Alicia Moya Cambronero) est\u00e1 tratando datos personales que les\u00a0conciernan o no. Las personas interesadas tienen derecho a acceder a sus datos\u00a0personales, as\u00ed como a solicitar la rectificaci\u00f3n de los datos inexactos o, en su caso,\u00a0solicitar su supresi\u00f3n cuando entre otros motivos, los datos ya no sean necesarios para<br \/>los fines que fueron recogidos. En determinadas circunstancias, los interesados podr\u00e1n\u00a0solicitar la limitaci\u00f3n del tratamiento de sus datos, en cuyo caso \u00fanicamente los\u00a0conservaremos para el ejercicio o la defensa de reclamaciones. En determinadas\u00a0circunstancias y por motivos relacionados con su situaci\u00f3n particular, los interesados\u00a0podr\u00e1n oponerse al tratamiento de tus datos. La Barraca Alimentaci\u00f3n dejar\u00e1 de tratar\u00a0los datos, salvo por motivos leg\u00edtimos imperiosos o el ejercicio o la defensa de posibles\u00a0reclamaciones.<\/p>\n<p>&nbsp;<\/p>\n<h3>6.- \u00bfC\u00f3mo hemos obtenido tus datos?<\/h3>\n<p>Los datos personales que tratamos en La Barraca Alimentaci\u00f3n proceden o bien de la\u00a0propia web, correo electr\u00f3nico, mensajer\u00eda instant\u00e1nea o por suscripci\u00f3n manual en\u00a0eventos o workshops de la firma. Las categor\u00edas de datos que tratamos son:<\/p>\n<p>&#8211; Datos de\u00a0identificaci\u00f3n.<\/p>\n<p>\u2013 C\u00f3digos o claves de identificaci\u00f3n.<\/p>\n<p>\u2013 Direcciones postales o\u00a0electr\u00f3nicas.<\/p>\n<p>\u2013 Informaci\u00f3n comercial.<\/p>\n<p>\u2013 Datos econ\u00f3micos.<\/p>\n<p>Tambi\u00e9n informamos que\u00a0no obtenemos datos especialmente protegidos de forma habitual. Si llegan a nuestra\u00a0empresa datos especialmente protegidos los protegeremos de acuerdo con la\u00a0normativa vigente.<\/p>\n<p><!-- \/divi:heading --><\/p>\n[\/et_pb_text][\/et_pb_column][\/et_pb_row][\/et_pb_section]\n","protected":false},"excerpt":{"rendered":"<p>Condiciones Generales &nbsp; 1.- \u00bfQui\u00e9n es el responsable del tratamiento de tus datos? Identidad: Alicia Moya Cambronero DNI-NIF: 44761883L Direcci\u00f3n postal: Pol\u00edgono Industrial \u201cEl Fondonet\u201d \u2013 c\/ La Serreta, 49. Correo electr\u00f3nico info@labarraca1912.com Delegado Protecci\u00f3n de datos: Enrique Albert Valero DPD: www.labarraca1912.es &#8211; info@labarraca1912.com 2.- \u00bfCu\u00e1l es la finalidad del tratamiento de tus datos personales? [&hellip;]<\/p>\n","protected":false},"author":1,"featured_media":0,"parent":0,"menu_order":0,"comment_status":"closed","ping_status":"closed","template":"","meta":{"_et_pb_use_builder":"on","_et_pb_old_content":"<!-- wp:divi\/placeholder \/-->","_et_gb_content_width":"","footnotes":""},"class_list":["post-838","page","type-page","status-publish","hentry"],"yoast_head":"<!-- This site is optimized with the Yoast SEO plugin v27.4 - https:\/\/yoast.com\/product\/yoast-seo-wordpress\/ -->\n<title>Condiciones Generales - La Barraca<\/title>\n<meta name=\"robots\" content=\"noindex, nofollow\" \/>\n<meta property=\"og:locale\" content=\"en_GB\" \/>\n<meta property=\"og:type\" content=\"article\" \/>\n<meta property=\"og:title\" content=\"Condiciones Generales - La Barraca\" \/>\n<meta property=\"og:description\" content=\"Condiciones Generales &nbsp; 1.- \u00bfQui\u00e9n es el responsable del tratamiento de tus datos? Identidad: Alicia Moya Cambronero DNI-NIF: 44761883L Direcci\u00f3n postal: Pol\u00edgono Industrial \u201cEl Fondonet\u201d \u2013 c\/ La Serreta, 49. Correo electr\u00f3nico info@labarraca1912.com Delegado Protecci\u00f3n de datos: Enrique Albert Valero DPD: www.labarraca1912.es - info@labarraca1912.com 2.- \u00bfCu\u00e1l es la finalidad del tratamiento de tus datos personales? [&hellip;]\" \/>\n<meta property=\"og:url\" content=\"https:\/\/labarraca1912.es\/en\/condiciones-generales\/\" \/>\n<meta property=\"og:site_name\" content=\"La Barraca\" \/>\n<meta property=\"article:modified_time\" content=\"2025-09-23T09:43:47+00:00\" \/>\n<meta name=\"twitter:card\" content=\"summary_large_image\" \/>\n<meta name=\"twitter:label1\" content=\"Estimated reading time\" \/>\n\t<meta name=\"twitter:data1\" content=\"3 minutes\" \/>\n<script type=\"application\/ld+json\" class=\"yoast-schema-graph\">{\"@context\":\"https:\\\/\\\/schema.org\",\"@graph\":[{\"@type\":\"WebPage\",\"@id\":\"https:\\\/\\\/labarraca1912.es\\\/condiciones-generales\\\/\",\"url\":\"https:\\\/\\\/labarraca1912.es\\\/condiciones-generales\\\/\",\"name\":\"Condiciones Generales - La Barraca\",\"isPartOf\":{\"@id\":\"https:\\\/\\\/labarraca1912.es\\\/#website\"},\"datePublished\":\"2019-08-21T09:22:32+00:00\",\"dateModified\":\"2025-09-23T09:43:47+00:00\",\"breadcrumb\":{\"@id\":\"https:\\\/\\\/labarraca1912.es\\\/condiciones-generales\\\/#breadcrumb\"},\"inLanguage\":\"en-GB\",\"potentialAction\":[{\"@type\":\"ReadAction\",\"target\":[\"https:\\\/\\\/labarraca1912.es\\\/condiciones-generales\\\/\"]}]},{\"@type\":\"BreadcrumbList\",\"@id\":\"https:\\\/\\\/labarraca1912.es\\\/condiciones-generales\\\/#breadcrumb\",\"itemListElement\":[{\"@type\":\"ListItem\",\"position\":1,\"name\":\"La Barraca\",\"item\":\"https:\\\/\\\/labarraca1912.es\\\/\"},{\"@type\":\"ListItem\",\"position\":2,\"name\":\"Condiciones Generales\"}]},{\"@type\":\"WebSite\",\"@id\":\"https:\\\/\\\/labarraca1912.es\\\/#website\",\"url\":\"https:\\\/\\\/labarraca1912.es\\\/\",\"name\":\"La Barraca\",\"description\":\"La Casa del Sabor\",\"publisher\":{\"@id\":\"https:\\\/\\\/labarraca1912.es\\\/#organization\"},\"potentialAction\":[{\"@type\":\"SearchAction\",\"target\":{\"@type\":\"EntryPoint\",\"urlTemplate\":\"https:\\\/\\\/labarraca1912.es\\\/?s={search_term_string}\"},\"query-input\":{\"@type\":\"PropertyValueSpecification\",\"valueRequired\":true,\"valueName\":\"search_term_string\"}}],\"inLanguage\":\"en-GB\"},{\"@type\":\"Organization\",\"@id\":\"https:\\\/\\\/labarraca1912.es\\\/#organization\",\"name\":\"La Barraca 1912 Alimentacion\",\"url\":\"https:\\\/\\\/labarraca1912.es\\\/\",\"logo\":{\"@type\":\"ImageObject\",\"inLanguage\":\"en-GB\",\"@id\":\"https:\\\/\\\/labarraca1912.es\\\/#\\\/schema\\\/logo\\\/image\\\/\",\"url\":\"https:\\\/\\\/labarraca1912.es\\\/wp-content\\\/uploads\\\/2019\\\/06\\\/logo-labarraca.png\",\"contentUrl\":\"https:\\\/\\\/labarraca1912.es\\\/wp-content\\\/uploads\\\/2019\\\/06\\\/logo-labarraca.png\",\"width\":2917,\"height\":1809,\"caption\":\"La Barraca 1912 Alimentacion\"},\"image\":{\"@id\":\"https:\\\/\\\/labarraca1912.es\\\/#\\\/schema\\\/logo\\\/image\\\/\"}}]}<\/script>\n<!-- \/ Yoast SEO plugin. -->","yoast_head_json":{"title":"Condiciones Generales - La Barraca","robots":{"index":"noindex","follow":"nofollow"},"og_locale":"en_GB","og_type":"article","og_title":"Condiciones Generales - La Barraca","og_description":"Condiciones Generales &nbsp; 1.- \u00bfQui\u00e9n es el responsable del tratamiento de tus datos? Identidad: Alicia Moya Cambronero DNI-NIF: 44761883L Direcci\u00f3n postal: Pol\u00edgono Industrial \u201cEl Fondonet\u201d \u2013 c\/ La Serreta, 49. Correo electr\u00f3nico info@labarraca1912.com Delegado Protecci\u00f3n de datos: Enrique Albert Valero DPD: www.labarraca1912.es - info@labarraca1912.com 2.- \u00bfCu\u00e1l es la finalidad del tratamiento de tus datos personales? [&hellip;]","og_url":"https:\/\/labarraca1912.es\/en\/condiciones-generales\/","og_site_name":"La Barraca","article_modified_time":"2025-09-23T09:43:47+00:00","twitter_card":"summary_large_image","twitter_misc":{"Estimated reading time":"3 minutes"},"schema":{"@context":"https:\/\/schema.org","@graph":[{"@type":"WebPage","@id":"https:\/\/labarraca1912.es\/condiciones-generales\/","url":"https:\/\/labarraca1912.es\/condiciones-generales\/","name":"Condiciones Generales - La Barraca","isPartOf":{"@id":"https:\/\/labarraca1912.es\/#website"},"datePublished":"2019-08-21T09:22:32+00:00","dateModified":"2025-09-23T09:43:47+00:00","breadcrumb":{"@id":"https:\/\/labarraca1912.es\/condiciones-generales\/#breadcrumb"},"inLanguage":"en-GB","potentialAction":[{"@type":"ReadAction","target":["https:\/\/labarraca1912.es\/condiciones-generales\/"]}]},{"@type":"BreadcrumbList","@id":"https:\/\/labarraca1912.es\/condiciones-generales\/#breadcrumb","itemListElement":[{"@type":"ListItem","position":1,"name":"La Barraca","item":"https:\/\/labarraca1912.es\/"},{"@type":"ListItem","position":2,"name":"Condiciones Generales"}]},{"@type":"WebSite","@id":"https:\/\/labarraca1912.es\/#website","url":"https:\/\/labarraca1912.es\/","name":"La Barraca","description":"La Casa del Sabor","publisher":{"@id":"https:\/\/labarraca1912.es\/#organization"},"potentialAction":[{"@type":"SearchAction","target":{"@type":"EntryPoint","urlTemplate":"https:\/\/labarraca1912.es\/?s={search_term_string}"},"query-input":{"@type":"PropertyValueSpecification","valueRequired":true,"valueName":"search_term_string"}}],"inLanguage":"en-GB"},{"@type":"Organization","@id":"https:\/\/labarraca1912.es\/#organization","name":"La Barraca 1912 Alimentacion","url":"https:\/\/labarraca1912.es\/","logo":{"@type":"ImageObject","inLanguage":"en-GB","@id":"https:\/\/labarraca1912.es\/#\/schema\/logo\/image\/","url":"https:\/\/labarraca1912.es\/wp-content\/uploads\/2019\/06\/logo-labarraca.png","contentUrl":"https:\/\/labarraca1912.es\/wp-content\/uploads\/2019\/06\/logo-labarraca.png","width":2917,"height":1809,"caption":"La Barraca 1912 Alimentacion"},"image":{"@id":"https:\/\/labarraca1912.es\/#\/schema\/logo\/image\/"}}]}},"_links":{"self":[{"href":"https:\/\/labarraca1912.es\/en\/wp-json\/wp\/v2\/pages\/838","targetHints":{"allow":["GET"]}}],"collection":[{"href":"https:\/\/labarraca1912.es\/en\/wp-json\/wp\/v2\/pages"}],"about":[{"href":"https:\/\/labarraca1912.es\/en\/wp-json\/wp\/v2\/types\/page"}],"author":[{"embeddable":true,"href":"https:\/\/labarraca1912.es\/en\/wp-json\/wp\/v2\/users\/1"}],"replies":[{"embeddable":true,"href":"https:\/\/labarraca1912.es\/en\/wp-json\/wp\/v2\/comments?post=838"}],"version-history":[{"count":0,"href":"https:\/\/labarraca1912.es\/en\/wp-json\/wp\/v2\/pages\/838\/revisions"}],"wp:attachment":[{"href":"https:\/\/labarraca1912.es\/en\/wp-json\/wp\/v2\/media?parent=838"}],"curies":[{"name":"wp","href":"https:\/\/api.w.org\/{rel}","templated":true}]}}

[et_pb_section fb_built=»1&#8243; admin_label=»section» _builder_version=»3.22&#8243;][et_pb_row admin_label=»row» _builder_version=»3.25&#8243; background_size=»initial» background_position=»top_left» background_repeat=»repeat»][et_pb_column type=»4_4&#8243; _builder_version=»3.25&#8243; custom_padding=»|||» custom_padding__hover=»|||»][et_pb_text admin_label=»Text» _builder_version=»3.26.3&#8243; background_size=»initial» background_position=»top_left» background_repeat=»repeat»]<p><!-- divi:heading --></p>
<h1>Condiciones Generales</h1>
<p>&nbsp;</p>
<h3>1.- ¿Quién es el responsable del tratamiento de tus datos?</h3>
<p>Identidad: Alicia Moya Cambronero DNI-NIF: 44761883L Dirección postal: Polígono Industrial “El Fondonet” – c/ La Serreta, 49. Correo electrónico info@labarraca1912.com Delegado Protección de datos: Enrique Albert Valero DPD: www.labarraca1912.es &#8211; <a href="mailto:info@labarraca1912.com">info@labarraca1912.com</a></p>
<h3></h3>
<h3>2.- ¿Cuál es la finalidad del tratamiento de tus datos personales?</h3>
<p>En www.labarraca1912.es tratamos la información que nos facilitan las personas interesadas con los siguientes fines:</p>
<p>&#8211; Con el fin de gestionar el envío de los productos que se compren en esta tienda online. – Facilitar a los interesados ofertas de productos y servicios de tu interés. – Poder ofrecerle nuestros productos y servicios de acuerdo con sus intereses.</p>
<p>– Mejorar su experiencia de usuario. Para cumplir estos fines elaboraremos un perfil comercial en base a la información facilitada. No se tomarán decisiones automatizadas en base a los perfiles de la base de datos. Sí se enviaran correos electrónicos automatizados, previamente programados por el titular de los datos o de sus proveedores de servicios o asalariados, con la finalidad de enviar la información de las novedades del blog, y de los productos comerciales que se ofrecerán a través de esta web, tanto si están alojados en ella como en plataformas de terceros proveedores de dicho servicio. También utilizaremos todo tipo de cookies que consideremos adecuados a nuestra marca personal.</p>
<h3></h3>
<h3>3.- ¿Por cuánto tiempo conservaremos tus datos?</h3>
<p>Los datos personales proporcionados en la web www.labarraca1912.es se conservarán durante un plazo de diez años a partir de la última confirmación de su interés. También se conservarán mientras se mantenga la relación mercantil. Se harán desaparecer cuando se solicite su supresión o portabilidad por el interesado.</p>
<h3></h3>
<h3>4.- Legitimación</h3>
<p>El tratamiento de sus datos personales es necesario para el cumplimiento de las obligaciones legales derivadas del Real Decreto 1720/2001 de 21 de diciembre, por el que se aprueba el Reglamento de desarrollo de la Ley Orgánica 15/1999 de 13 de diciembre de protección de datos de carácter personal. La base legal para el tratamiento de tus datos es la ejecución de la suscripción online a la newsletter de La<br />Barraca Alimentación o al formulario de contacto de la web www.labarraca1912.es. La oferta de productos y servicios está basada en el consentimiento que se le solicita, sin que en ningún caso, la retirada de este consentimiento condicione la ejecución de servicios o la entrega de productos pendientes.</p>
<p>&nbsp;</p>
<h3>5.- ¿Cuáles son tus derechos cuando nos facilitas tus datos?</h3>
<p>Cualquier persona tiene derecho a obtener la confirmación sobre si La Barraca Alimentación (Alicia Moya Cambronero) está tratando datos personales que les conciernan o no. Las personas interesadas tienen derecho a acceder a sus datos personales, así como a solicitar la rectificación de los datos inexactos o, en su caso, solicitar su supresión cuando entre otros motivos, los datos ya no sean necesarios para<br />los fines que fueron recogidos. En determinadas circunstancias, los interesados podrán solicitar la limitación del tratamiento de sus datos, en cuyo caso únicamente los conservaremos para el ejercicio o la defensa de reclamaciones. En determinadas circunstancias y por motivos relacionados con su situación particular, los interesados podrán oponerse al tratamiento de tus datos. La Barraca Alimentación dejará de tratar los datos, salvo por motivos legítimos imperiosos o el ejercicio o la defensa de posibles reclamaciones.</p>
<p>&nbsp;</p>
<h3>6.- ¿Cómo hemos obtenido tus datos?</h3>
<p>Los datos personales que tratamos en La Barraca Alimentación proceden o bien de la propia web, correo electrónico, mensajería instantánea o por suscripción manual en eventos o workshops de la firma. Las categorías de datos que tratamos son:</p>
<p>&#8211; Datos de identificación.</p>
<p>– Códigos o claves de identificación.</p>
<p>– Direcciones postales o electrónicas.</p>
<p>– Información comercial.</p>
<p>– Datos económicos.</p>
<p>También informamos que no obtenemos datos especialmente protegidos de forma habitual. Si llegan a nuestra empresa datos especialmente protegidos los protegeremos de acuerdo con la normativa vigente.</p>
<p><!-- /divi:heading --></p>
[/et_pb_text][/et_pb_column][/et_pb_row][/et_pb_section]

<p>Condiciones Generales &nbsp; 1.- ¿Quién es el responsable del tratamiento de tus datos? Identidad: Alicia Moya Cambronero DNI-NIF: 44761883L Dirección postal: Polígono Industrial “El Fondonet” – c/ La Serreta, 49. Correo electrónico info@labarraca1912.com Delegado Protección de datos: Enrique Albert Valero DPD: www.labarraca1912.es &#8211; info@labarraca1912.com 2.- ¿Cuál es la finalidad del tratamiento de tus datos personales? [&hellip;]</p>

<!-- This site is optimized with the Yoast SEO plugin v27.4 - https://yoast.com/product/yoast-seo-wordpress/ -->
<title>Condiciones Generales - La Barraca</title>
<meta name="robots" content="noindex, nofollow" />
<meta property="og:locale" content="en_GB" />
<meta property="og:type" content="article" />
<meta property="og:title" content="Condiciones Generales - La Barraca" />
<meta property="og:description" content="Condiciones Generales &nbsp; 1.- ¿Quién es el responsable del tratamiento de tus datos? Identidad: Alicia Moya Cambronero DNI-NIF: 44761883L Dirección postal: Polígono Industrial “El Fondonet” – c/ La Serreta, 49. Correo electrónico info@labarraca1912.com Delegado Protección de datos: Enrique Albert Valero DPD: www.labarraca1912.es - info@labarraca1912.com 2.- ¿Cuál es la finalidad del tratamiento de tus datos personales? [&hellip;]" />
<meta property="og:url" content="https://labarraca1912.es/en/condiciones-generales/" />
<meta property="og:site_name" content="La Barraca" />
<meta property="article:modified_time" content="2025-09-23T09:43:47+00:00" />
<meta name="twitter:card" content="summary_large_image" />
<meta name="twitter:label1" content="Estimated reading time" />
	<meta name="twitter:data1" content="3 minutes" />
<script type="application/ld+json" class="yoast-schema-graph">{"@context":"https:\/\/schema.org","@graph":[{"@type":"WebPage","@id":"https:\/\/labarraca1912.es\/condiciones-generales\/","url":"https:\/\/labarraca1912.es\/condiciones-generales\/","name":"Condiciones Generales - La Barraca","isPartOf":{"@id":"https:\/\/labarraca1912.es\/#website"},"datePublished":"2019-08-21T09:22:32+00:00","dateModified":"2025-09-23T09:43:47+00:00","breadcrumb":{"@id":"https:\/\/labarraca1912.es\/condiciones-generales\/#breadcrumb"},"inLanguage":"en-GB","potentialAction":[{"@type":"ReadAction","target":["https:\/\/labarraca1912.es\/condiciones-generales\/"]}]},{"@type":"BreadcrumbList","@id":"https:\/\/labarraca1912.es\/condiciones-generales\/#breadcrumb","itemListElement":[{"@type":"ListItem","position":1,"name":"La Barraca","item":"https:\/\/labarraca1912.es\/"},{"@type":"ListItem","position":2,"name":"Condiciones Generales"}]},{"@type":"WebSite","@id":"https:\/\/labarraca1912.es\/#website","url":"https:\/\/labarraca1912.es\/","name":"La Barraca","description":"La Casa del Sabor","publisher":{"@id":"https:\/\/labarraca1912.es\/#organization"},"potentialAction":[{"@type":"SearchAction","target":{"@type":"EntryPoint","urlTemplate":"https:\/\/labarraca1912.es\/?s={search_term_string}"},"query-input":{"@type":"PropertyValueSpecification","valueRequired":true,"valueName":"search_term_string"}}],"inLanguage":"en-GB"},{"@type":"Organization","@id":"https:\/\/labarraca1912.es\/#organization","name":"La Barraca 1912 Alimentacion","url":"https:\/\/labarraca1912.es\/","logo":{"@type":"ImageObject","inLanguage":"en-GB","@id":"https:\/\/labarraca1912.es\/#\/schema\/logo\/image\/","url":"https:\/\/labarraca1912.es\/wp-content\/uploads\/2019\/06\/logo-labarraca.png","contentUrl":"https:\/\/labarraca1912.es\/wp-content\/uploads\/2019\/06\/logo-labarraca.png","width":2917,"height":1809,"caption":"La Barraca 1912 Alimentacion"},"image":{"@id":"https:\/\/labarraca1912.es\/#\/schema\/logo\/image\/"}}]}</script>
<!-- / Yoast SEO plugin. -->

Condiciones Generales &nbsp; 1.- ¿Quién es el responsable del tratamiento de tus datos? Identidad: Alicia Moya Cambronero DNI-NIF: 44761883L Dirección postal: Polígono Industrial “El Fondonet” – c/ La Serreta, 49. Correo electrónico info@labarraca1912.com Delegado Protección de datos: Enrique Albert Valero DPD: www.labarraca1912.es - info@labarraca1912.com 2.- ¿Cuál es la finalidad del tratamiento de tus datos personales? [&hellip;]
