{"id":11812,"date":"2025-01-24T13:56:57","date_gmt":"2025-01-24T12:56:57","guid":{"rendered":"https:\/\/labarraca1912.es\/?post_type=product&#038;p=11812"},"modified":"2026-04-06T06:14:38","modified_gmt":"2026-04-06T04:14:38","slug":"clavo-grano","status":"publish","type":"product","link":"https:\/\/labarraca1912.es\/fr\/tienda\/especias-y-condimentos\/clavo-grano\/","title":{"rendered":"Clou de Girofle"},"content":{"rendered":"<p>CLOU DE GIROFLE: \u00c9tamines s\u00e9ch\u00e9es de la fleur aromatique de l'arbre \u00e0 feuilles persistantes Syzygiumaromaticum. Il tire son nom du latin clavus, car lorsqu'ils sont entiers, ils ont la forme d'un clou. \u00c9pice tr\u00e8s aromatique avec une saveur prononc\u00e9e.<\/p>\n<p><strong>Clou de Girofle:<\/strong> Indiqu\u00e9 pour les rago\u00fbts de viande et le gibier. Rehausse la saveur des liqueurs et de certains hors-d'\u0153uvre.<\/p>","protected":false},"excerpt":{"rendered":"<blockquote>\n<h2><strong>Clou de Girofle<\/strong><\/h2>\n<\/blockquote>\n<p>\u00c9tamines s\u00e9ch\u00e9es de la fleur aromatique de l'arbre \u00e0 feuilles persistantes Syzygiumaromaticum. Il tire son nom du latin clavus, car lorsqu'ils sont entiers, ils ont la forme d'un clou. \u00c9pice tr\u00e8s aromatique avec une saveur prononc\u00e9e. Indiqu\u00e9 pour les rago\u00fbts de viande et le gibier. Rehausse la saveur des liqueurs et de certains hors-d'\u0153uvre.<\/p>\n<p><em><strong>Ingr\u00e9dients:<\/strong><\/em> Clou de Girofle.<\/p>","protected":false},"featured_media":13163,"comment_status":"open","ping_status":"closed","template":"","meta":{"_et_pb_use_builder":"","_et_pb_old_content":"","_et_gb_content_width":""},"product_brand":[],"product_cat":[19],"product_tag":[67,211,304,305],"class_list":{"0":"post-11812","1":"product","2":"type-product","3":"status-publish","4":"has-post-thumbnail","6":"product_cat-especias-y-condimentos","7":"product_tag-carne","8":"product_tag-clavo","9":"product_tag-estofado","10":"product_tag-guiso","12":"first","13":"instock","14":"taxable","15":"shipping-taxable","16":"purchasable","17":"product-type-variable"},"yoast_head":"<!-- This site is optimized with the Yoast SEO plugin v27.4 - https:\/\/yoast.com\/product\/yoast-seo-wordpress\/ -->\n<title>Comprar Clavo en Grano | La Barraca<\/title>\n<meta name=\"description\" content=\"Comprar clavo grano, especia arom\u00e1tica y de sabor fuerte ideal para estofados de carne, caza, licores y entremeses. A\u00f1ade intensidad a tus platos.\" \/>\n<meta name=\"robots\" content=\"index, follow, max-snippet:-1, max-image-preview:large, max-video-preview:-1\" \/>\n<link rel=\"canonical\" href=\"https:\/\/labarraca1912.es\/fr\/tienda\/especias-y-condimentos\/clavo-grano\/\" \/>\n<meta property=\"og:locale\" content=\"fr_FR\" \/>\n<meta property=\"og:type\" content=\"article\" \/>\n<meta property=\"og:title\" content=\"Comprar Clavo en Grano | La Barraca\" \/>\n<meta property=\"og:description\" content=\"Comprar clavo grano, especia arom\u00e1tica y de sabor fuerte ideal para estofados de carne, caza, licores y entremeses. A\u00f1ade intensidad a tus platos.\" \/>\n<meta property=\"og:url\" content=\"https:\/\/labarraca1912.es\/fr\/tienda\/especias-y-condimentos\/clavo-grano\/\" \/>\n<meta property=\"og:site_name\" content=\"La Barraca\" \/>\n<meta property=\"article:modified_time\" content=\"2026-04-06T04:14:38+00:00\" \/>\n<meta property=\"og:image\" content=\"https:\/\/labarraca1912.es\/wp-content\/uploads\/clavogranohotelero2025.jpg\" \/>\n\t<meta property=\"og:image:width\" content=\"800\" \/>\n\t<meta property=\"og:image:height\" content=\"800\" \/>\n\t<meta property=\"og:image:type\" content=\"image\/jpeg\" \/>\n<meta name=\"twitter:card\" content=\"summary_large_image\" \/>\n<meta name=\"twitter:label1\" content=\"Dur\u00e9e de lecture estim\u00e9e\" \/>\n\t<meta name=\"twitter:data1\" content=\"1 minute\" \/>\n<script type=\"application\/ld+json\" class=\"yoast-schema-graph\">{\"@context\":\"https:\\\/\\\/schema.org\",\"@graph\":[{\"@type\":\"WebPage\",\"@id\":\"https:\\\/\\\/labarraca1912.es\\\/tienda\\\/especias-y-condimentos\\\/clavo-grano\\\/\",\"url\":\"https:\\\/\\\/labarraca1912.es\\\/tienda\\\/especias-y-condimentos\\\/clavo-grano\\\/\",\"name\":\"Comprar Clavo en Grano | La Barraca\",\"isPartOf\":{\"@id\":\"https:\\\/\\\/labarraca1912.es\\\/#website\"},\"primaryImageOfPage\":{\"@id\":\"https:\\\/\\\/labarraca1912.es\\\/tienda\\\/especias-y-condimentos\\\/clavo-grano\\\/#primaryimage\"},\"image\":{\"@id\":\"https:\\\/\\\/labarraca1912.es\\\/tienda\\\/especias-y-condimentos\\\/clavo-grano\\\/#primaryimage\"},\"thumbnailUrl\":\"https:\\\/\\\/labarraca1912.es\\\/wp-content\\\/uploads\\\/clavogranohotelero2025.jpg\",\"datePublished\":\"2025-01-24T12:56:57+00:00\",\"dateModified\":\"2026-04-06T04:14:38+00:00\",\"description\":\"Comprar clavo grano, especia arom\u00e1tica y de sabor fuerte ideal para estofados de carne, caza, licores y entremeses. A\u00f1ade intensidad a tus platos.\",\"breadcrumb\":{\"@id\":\"https:\\\/\\\/labarraca1912.es\\\/tienda\\\/especias-y-condimentos\\\/clavo-grano\\\/#breadcrumb\"},\"inLanguage\":\"fr-FR\",\"potentialAction\":[{\"@type\":\"ReadAction\",\"target\":[\"https:\\\/\\\/labarraca1912.es\\\/tienda\\\/especias-y-condimentos\\\/clavo-grano\\\/\"]}]},{\"@type\":\"ImageObject\",\"inLanguage\":\"fr-FR\",\"@id\":\"https:\\\/\\\/labarraca1912.es\\\/tienda\\\/especias-y-condimentos\\\/clavo-grano\\\/#primaryimage\",\"url\":\"https:\\\/\\\/labarraca1912.es\\\/wp-content\\\/uploads\\\/clavogranohotelero2025.jpg\",\"contentUrl\":\"https:\\\/\\\/labarraca1912.es\\\/wp-content\\\/uploads\\\/clavogranohotelero2025.jpg\",\"width\":800,\"height\":800},{\"@type\":\"BreadcrumbList\",\"@id\":\"https:\\\/\\\/labarraca1912.es\\\/tienda\\\/especias-y-condimentos\\\/clavo-grano\\\/#breadcrumb\",\"itemListElement\":[{\"@type\":\"ListItem\",\"position\":1,\"name\":\"La Barraca\",\"item\":\"https:\\\/\\\/labarraca1912.es\\\/\"},{\"@type\":\"ListItem\",\"position\":2,\"name\":\"Tienda\",\"item\":\"https:\\\/\\\/labarraca1912.es\\\/tienda\\\/\"},{\"@type\":\"ListItem\",\"position\":3,\"name\":\"Clavo Grano\"}]},{\"@type\":\"WebSite\",\"@id\":\"https:\\\/\\\/labarraca1912.es\\\/#website\",\"url\":\"https:\\\/\\\/labarraca1912.es\\\/\",\"name\":\"La Barraca\",\"description\":\"La Casa del Sabor\",\"publisher\":{\"@id\":\"https:\\\/\\\/labarraca1912.es\\\/#organization\"},\"potentialAction\":[{\"@type\":\"SearchAction\",\"target\":{\"@type\":\"EntryPoint\",\"urlTemplate\":\"https:\\\/\\\/labarraca1912.es\\\/?s={search_term_string}\"},\"query-input\":{\"@type\":\"PropertyValueSpecification\",\"valueRequired\":true,\"valueName\":\"search_term_string\"}}],\"inLanguage\":\"fr-FR\"},{\"@type\":\"Organization\",\"@id\":\"https:\\\/\\\/labarraca1912.es\\\/#organization\",\"name\":\"La Barraca 1912 Alimentacion\",\"url\":\"https:\\\/\\\/labarraca1912.es\\\/\",\"logo\":{\"@type\":\"ImageObject\",\"inLanguage\":\"fr-FR\",\"@id\":\"https:\\\/\\\/labarraca1912.es\\\/#\\\/schema\\\/logo\\\/image\\\/\",\"url\":\"https:\\\/\\\/labarraca1912.es\\\/wp-content\\\/uploads\\\/2019\\\/06\\\/logo-labarraca.png\",\"contentUrl\":\"https:\\\/\\\/labarraca1912.es\\\/wp-content\\\/uploads\\\/2019\\\/06\\\/logo-labarraca.png\",\"width\":2917,\"height\":1809,\"caption\":\"La Barraca 1912 Alimentacion\"},\"image\":{\"@id\":\"https:\\\/\\\/labarraca1912.es\\\/#\\\/schema\\\/logo\\\/image\\\/\"}}]}<\/script>\n<!-- \/ Yoast SEO plugin. -->","yoast_head_json":{"title":"Comprar Clavo en Grano | La Barraca","description":"Comprar clavo grano, especia arom\u00e1tica y de sabor fuerte ideal para estofados de carne, caza, licores y entremeses. A\u00f1ade intensidad a tus platos.","robots":{"index":"index","follow":"follow","max-snippet":"max-snippet:-1","max-image-preview":"max-image-preview:large","max-video-preview":"max-video-preview:-1"},"canonical":"https:\/\/labarraca1912.es\/fr\/tienda\/especias-y-condimentos\/clavo-grano\/","og_locale":"fr_FR","og_type":"article","og_title":"Comprar Clavo en Grano | La Barraca","og_description":"Comprar clavo grano, especia arom\u00e1tica y de sabor fuerte ideal para estofados de carne, caza, licores y entremeses. A\u00f1ade intensidad a tus platos.","og_url":"https:\/\/labarraca1912.es\/fr\/tienda\/especias-y-condimentos\/clavo-grano\/","og_site_name":"La Barraca","article_modified_time":"2026-04-06T04:14:38+00:00","og_image":[{"width":800,"height":800,"url":"https:\/\/labarraca1912.es\/wp-content\/uploads\/clavogranohotelero2025.jpg","type":"image\/jpeg"}],"twitter_card":"summary_large_image","twitter_misc":{"Dur\u00e9e de lecture estim\u00e9e":"1 minute"},"schema":{"@context":"https:\/\/schema.org","@graph":[{"@type":"WebPage","@id":"https:\/\/labarraca1912.es\/tienda\/especias-y-condimentos\/clavo-grano\/","url":"https:\/\/labarraca1912.es\/tienda\/especias-y-condimentos\/clavo-grano\/","name":"Comprar Clavo en Grano | La Barraca","isPartOf":{"@id":"https:\/\/labarraca1912.es\/#website"},"primaryImageOfPage":{"@id":"https:\/\/labarraca1912.es\/tienda\/especias-y-condimentos\/clavo-grano\/#primaryimage"},"image":{"@id":"https:\/\/labarraca1912.es\/tienda\/especias-y-condimentos\/clavo-grano\/#primaryimage"},"thumbnailUrl":"https:\/\/labarraca1912.es\/wp-content\/uploads\/clavogranohotelero2025.jpg","datePublished":"2025-01-24T12:56:57+00:00","dateModified":"2026-04-06T04:14:38+00:00","description":"Comprar clavo grano, especia arom\u00e1tica y de sabor fuerte ideal para estofados de carne, caza, licores y entremeses. A\u00f1ade intensidad a tus platos.","breadcrumb":{"@id":"https:\/\/labarraca1912.es\/tienda\/especias-y-condimentos\/clavo-grano\/#breadcrumb"},"inLanguage":"fr-FR","potentialAction":[{"@type":"ReadAction","target":["https:\/\/labarraca1912.es\/tienda\/especias-y-condimentos\/clavo-grano\/"]}]},{"@type":"ImageObject","inLanguage":"fr-FR","@id":"https:\/\/labarraca1912.es\/tienda\/especias-y-condimentos\/clavo-grano\/#primaryimage","url":"https:\/\/labarraca1912.es\/wp-content\/uploads\/clavogranohotelero2025.jpg","contentUrl":"https:\/\/labarraca1912.es\/wp-content\/uploads\/clavogranohotelero2025.jpg","width":800,"height":800},{"@type":"BreadcrumbList","@id":"https:\/\/labarraca1912.es\/tienda\/especias-y-condimentos\/clavo-grano\/#breadcrumb","itemListElement":[{"@type":"ListItem","position":1,"name":"La Barraca","item":"https:\/\/labarraca1912.es\/"},{"@type":"ListItem","position":2,"name":"Tienda","item":"https:\/\/labarraca1912.es\/tienda\/"},{"@type":"ListItem","position":3,"name":"Clavo Grano"}]},{"@type":"WebSite","@id":"https:\/\/labarraca1912.es\/#website","url":"https:\/\/labarraca1912.es\/","name":"La Barraca","description":"La Casa del Sabor","publisher":{"@id":"https:\/\/labarraca1912.es\/#organization"},"potentialAction":[{"@type":"SearchAction","target":{"@type":"EntryPoint","urlTemplate":"https:\/\/labarraca1912.es\/?s={search_term_string}"},"query-input":{"@type":"PropertyValueSpecification","valueRequired":true,"valueName":"search_term_string"}}],"inLanguage":"fr-FR"},{"@type":"Organization","@id":"https:\/\/labarraca1912.es\/#organization","name":"La Barraca 1912 Alimentacion","url":"https:\/\/labarraca1912.es\/","logo":{"@type":"ImageObject","inLanguage":"fr-FR","@id":"https:\/\/labarraca1912.es\/#\/schema\/logo\/image\/","url":"https:\/\/labarraca1912.es\/wp-content\/uploads\/2019\/06\/logo-labarraca.png","contentUrl":"https:\/\/labarraca1912.es\/wp-content\/uploads\/2019\/06\/logo-labarraca.png","width":2917,"height":1809,"caption":"La Barraca 1912 Alimentacion"},"image":{"@id":"https:\/\/labarraca1912.es\/#\/schema\/logo\/image\/"}}]}},"_links":{"self":[{"href":"https:\/\/labarraca1912.es\/fr\/wp-json\/wp\/v2\/product\/11812","targetHints":{"allow":["GET"]}}],"collection":[{"href":"https:\/\/labarraca1912.es\/fr\/wp-json\/wp\/v2\/product"}],"about":[{"href":"https:\/\/labarraca1912.es\/fr\/wp-json\/wp\/v2\/types\/product"}],"replies":[{"embeddable":true,"href":"https:\/\/labarraca1912.es\/fr\/wp-json\/wp\/v2\/comments?post=11812"}],"wp:featuredmedia":[{"embeddable":true,"href":"https:\/\/labarraca1912.es\/fr\/wp-json\/wp\/v2\/media\/13163"}],"wp:attachment":[{"href":"https:\/\/labarraca1912.es\/fr\/wp-json\/wp\/v2\/media?parent=11812"}],"wp:term":[{"taxonomy":"product_brand","embeddable":true,"href":"https:\/\/labarraca1912.es\/fr\/wp-json\/wp\/v2\/product_brand?post=11812"},{"taxonomy":"product_cat","embeddable":true,"href":"https:\/\/labarraca1912.es\/fr\/wp-json\/wp\/v2\/product_cat?post=11812"},{"taxonomy":"product_tag","embeddable":true,"href":"https:\/\/labarraca1912.es\/fr\/wp-json\/wp\/v2\/product_tag?post=11812"}],"curies":[{"name":"wp","href":"https:\/\/api.w.org\/{rel}","templated":true}]}}

<p>CLOU DE GIROFLE: Étamines séchées de la fleur aromatique de l'arbre à feuilles persistantes Syzygiumaromaticum. Il tire son nom du latin clavus, car lorsqu'ils sont entiers, ils ont la forme d'un clou. Épice très aromatique avec une saveur prononcée.</p>
<p><strong>Clou de Girofle:</strong> Indiqué pour les ragoûts de viande et le gibier. Rehausse la saveur des liqueurs et de certains hors-d'œuvre.</p>

<blockquote>
<h2><strong>Clou de Girofle</strong></h2>
</blockquote>
<p>Étamines séchées de la fleur aromatique de l'arbre à feuilles persistantes Syzygiumaromaticum. Il tire son nom du latin clavus, car lorsqu'ils sont entiers, ils ont la forme d'un clou. Épice très aromatique avec une saveur prononcée. Indiqué pour les ragoûts de viande et le gibier. Rehausse la saveur des liqueurs et de certains hors-d'œuvre.</p>
<p><em><strong>Ingrédients:</strong></em> Clou de Girofle.</p>

<!-- This site is optimized with the Yoast SEO plugin v27.4 - https://yoast.com/product/yoast-seo-wordpress/ -->
<title>Comprar Clavo en Grano | La Barraca</title>
<meta name="description" content="Comprar clavo grano, especia aromática y de sabor fuerte ideal para estofados de carne, caza, licores y entremeses. Añade intensidad a tus platos." />
<meta name="robots" content="index, follow, max-snippet:-1, max-image-preview:large, max-video-preview:-1" />
<link rel="canonical" href="https://labarraca1912.es/fr/tienda/especias-y-condimentos/clavo-grano/" />
<meta property="og:locale" content="fr_FR" />
<meta property="og:type" content="article" />
<meta property="og:title" content="Comprar Clavo en Grano | La Barraca" />
<meta property="og:description" content="Comprar clavo grano, especia aromática y de sabor fuerte ideal para estofados de carne, caza, licores y entremeses. Añade intensidad a tus platos." />
<meta property="og:url" content="https://labarraca1912.es/fr/tienda/especias-y-condimentos/clavo-grano/" />
<meta property="og:site_name" content="La Barraca" />
<meta property="article:modified_time" content="2026-04-06T04:14:38+00:00" />
<meta property="og:image" content="https://labarraca1912.es/wp-content/uploads/clavogranohotelero2025.jpg" />
	<meta property="og:image:width" content="800" />
	<meta property="og:image:height" content="800" />
	<meta property="og:image:type" content="image/jpeg" />
<meta name="twitter:card" content="summary_large_image" />
<meta name="twitter:label1" content="Durée de lecture estimée" />
	<meta name="twitter:data1" content="1 minute" />
<script type="application/ld+json" class="yoast-schema-graph">{"@context":"https:\/\/schema.org","@graph":[{"@type":"WebPage","@id":"https:\/\/labarraca1912.es\/tienda\/especias-y-condimentos\/clavo-grano\/","url":"https:\/\/labarraca1912.es\/tienda\/especias-y-condimentos\/clavo-grano\/","name":"Comprar Clavo en Grano | La Barraca","isPartOf":{"@id":"https:\/\/labarraca1912.es\/#website"},"primaryImageOfPage":{"@id":"https:\/\/labarraca1912.es\/tienda\/especias-y-condimentos\/clavo-grano\/#primaryimage"},"image":{"@id":"https:\/\/labarraca1912.es\/tienda\/especias-y-condimentos\/clavo-grano\/#primaryimage"},"thumbnailUrl":"https:\/\/labarraca1912.es\/wp-content\/uploads\/clavogranohotelero2025.jpg","datePublished":"2025-01-24T12:56:57+00:00","dateModified":"2026-04-06T04:14:38+00:00","description":"Comprar clavo grano, especia aromática y de sabor fuerte ideal para estofados de carne, caza, licores y entremeses. Añade intensidad a tus platos.","breadcrumb":{"@id":"https:\/\/labarraca1912.es\/tienda\/especias-y-condimentos\/clavo-grano\/#breadcrumb"},"inLanguage":"fr-FR","potentialAction":[{"@type":"ReadAction","target":["https:\/\/labarraca1912.es\/tienda\/especias-y-condimentos\/clavo-grano\/"]}]},{"@type":"ImageObject","inLanguage":"fr-FR","@id":"https:\/\/labarraca1912.es\/tienda\/especias-y-condimentos\/clavo-grano\/#primaryimage","url":"https:\/\/labarraca1912.es\/wp-content\/uploads\/clavogranohotelero2025.jpg","contentUrl":"https:\/\/labarraca1912.es\/wp-content\/uploads\/clavogranohotelero2025.jpg","width":800,"height":800},{"@type":"BreadcrumbList","@id":"https:\/\/labarraca1912.es\/tienda\/especias-y-condimentos\/clavo-grano\/#breadcrumb","itemListElement":[{"@type":"ListItem","position":1,"name":"La Barraca","item":"https:\/\/labarraca1912.es\/"},{"@type":"ListItem","position":2,"name":"Tienda","item":"https:\/\/labarraca1912.es\/tienda\/"},{"@type":"ListItem","position":3,"name":"Clavo Grano"}]},{"@type":"WebSite","@id":"https:\/\/labarraca1912.es\/#website","url":"https:\/\/labarraca1912.es\/","name":"La Barraca","description":"La Casa del Sabor","publisher":{"@id":"https:\/\/labarraca1912.es\/#organization"},"potentialAction":[{"@type":"SearchAction","target":{"@type":"EntryPoint","urlTemplate":"https:\/\/labarraca1912.es\/?s={search_term_string}"},"query-input":{"@type":"PropertyValueSpecification","valueRequired":true,"valueName":"search_term_string"}}],"inLanguage":"fr-FR"},{"@type":"Organization","@id":"https:\/\/labarraca1912.es\/#organization","name":"La Barraca 1912 Alimentacion","url":"https:\/\/labarraca1912.es\/","logo":{"@type":"ImageObject","inLanguage":"fr-FR","@id":"https:\/\/labarraca1912.es\/#\/schema\/logo\/image\/","url":"https:\/\/labarraca1912.es\/wp-content\/uploads\/2019\/06\/logo-labarraca.png","contentUrl":"https:\/\/labarraca1912.es\/wp-content\/uploads\/2019\/06\/logo-labarraca.png","width":2917,"height":1809,"caption":"La Barraca 1912 Alimentacion"},"image":{"@id":"https:\/\/labarraca1912.es\/#\/schema\/logo\/image\/"}}]}</script>
<!-- / Yoast SEO plugin. -->

Comprar clavo grano, especia aromática y de sabor fuerte ideal para estofados de carne, caza, licores y entremeses. Añade intensidad a tus platos.
