{"id":11963,"date":"2025-03-03T08:38:09","date_gmt":"2025-03-03T07:38:09","guid":{"rendered":"https:\/\/labarraca1912.es\/?post_type=product&#038;p=11963"},"modified":"2026-03-25T19:38:37","modified_gmt":"2026-03-25T18:38:37","slug":"anis-grano","status":"publish","type":"product","link":"https:\/\/labarraca1912.es\/fr\/tienda\/especias-y-condimentos\/anis-grano\/","title":{"rendered":"Anis en Grain"},"content":{"rendered":"<p>ANIS EN GRAIN: Graines aromatiques s\u00e9ch\u00e9es d'une plante herbac\u00e9e appel\u00e9e Pimpinellaanisum. Graine utilis\u00e9e aussi bien dans le domaine m\u00e9dicinal que culinaire.<\/p>\n<p><strong>Anis en Grain:<\/strong> On l'utilise dans les p\u00e2tisseries, les jus, les soupes de poisson, les beignets et les churros.<\/p>","protected":false},"excerpt":{"rendered":"<blockquote>\n<h2><strong>Anis en Grain<\/strong><\/h2>\n<\/blockquote>\n<p>Graines aromatiques s\u00e9ch\u00e9es d'une plante herbac\u00e9e appel\u00e9e Pimpinellaanisum. Graine utilis\u00e9e aussi bien dans le domaine m\u00e9dicinal que culinaire. On l'utilise dans les p\u00e2tisseries, les jus, les soupes de poisson, les beignets et les churros.<\/p>\n<p><em><strong>Ingr\u00e9dients:<\/strong><\/em> Anis en grain.<\/p>\n<p>Peut contenir des traces de <strong>GLUTEN et MOUTARDE.<\/strong><\/p>","protected":false},"featured_media":11967,"comment_status":"open","ping_status":"closed","template":"","meta":{"_et_pb_use_builder":"","_et_pb_old_content":"","_et_gb_content_width":""},"product_brand":[],"product_cat":[19],"product_tag":[62,67,304,305],"class_list":{"0":"post-11963","1":"product","2":"type-product","3":"status-publish","4":"has-post-thumbnail","6":"product_cat-especias-y-condimentos","7":"product_tag-anis","8":"product_tag-carne","9":"product_tag-estofado","10":"product_tag-guiso","12":"first","13":"instock","14":"taxable","15":"shipping-taxable","16":"purchasable","17":"product-type-variable"},"yoast_head":"<!-- This site is optimized with the Yoast SEO plugin v27.5 - https:\/\/yoast.com\/product\/yoast-seo-wordpress\/ -->\n<title>Comprar An\u00eds Grano | La Barraca<\/title>\n<meta name=\"description\" content=\"Comprar an\u00eds grano, semillas arom\u00e1ticas desecadas usadas en reposter\u00eda, sopas de pescado, jugos, bu\u00f1uelos y churros. Calidad y sabor en La Barraca.\" \/>\n<meta name=\"robots\" content=\"index, follow, max-snippet:-1, max-image-preview:large, max-video-preview:-1\" \/>\n<link rel=\"canonical\" href=\"https:\/\/labarraca1912.es\/fr\/tienda\/especias-y-condimentos\/anis-grano\/\" \/>\n<meta property=\"og:locale\" content=\"fr_FR\" \/>\n<meta property=\"og:type\" content=\"article\" \/>\n<meta property=\"og:title\" content=\"Comprar An\u00eds Grano | La Barraca\" \/>\n<meta property=\"og:description\" content=\"Comprar an\u00eds grano, semillas arom\u00e1ticas desecadas usadas en reposter\u00eda, sopas de pescado, jugos, bu\u00f1uelos y churros. Calidad y sabor en La Barraca.\" \/>\n<meta property=\"og:url\" content=\"https:\/\/labarraca1912.es\/fr\/tienda\/especias-y-condimentos\/anis-grano\/\" \/>\n<meta property=\"og:site_name\" content=\"La Barraca\" \/>\n<meta property=\"article:modified_time\" content=\"2026-03-25T18:38:37+00:00\" \/>\n<meta property=\"og:image\" content=\"https:\/\/labarraca1912.es\/wp-content\/uploads\/anisgranobm2025.jpg\" \/>\n\t<meta property=\"og:image:width\" content=\"800\" \/>\n\t<meta property=\"og:image:height\" content=\"800\" \/>\n\t<meta property=\"og:image:type\" content=\"image\/jpeg\" \/>\n<meta name=\"twitter:card\" content=\"summary_large_image\" \/>\n<meta name=\"twitter:label1\" content=\"Dur\u00e9e de lecture estim\u00e9e\" \/>\n\t<meta name=\"twitter:data1\" content=\"1 minute\" \/>\n<script type=\"application\/ld+json\" class=\"yoast-schema-graph\">{\"@context\":\"https:\\\/\\\/schema.org\",\"@graph\":[{\"@type\":\"WebPage\",\"@id\":\"https:\\\/\\\/labarraca1912.es\\\/tienda\\\/especias-y-condimentos\\\/anis-grano\\\/\",\"url\":\"https:\\\/\\\/labarraca1912.es\\\/tienda\\\/especias-y-condimentos\\\/anis-grano\\\/\",\"name\":\"Comprar An\u00eds Grano | La Barraca\",\"isPartOf\":{\"@id\":\"https:\\\/\\\/labarraca1912.es\\\/#website\"},\"primaryImageOfPage\":{\"@id\":\"https:\\\/\\\/labarraca1912.es\\\/tienda\\\/especias-y-condimentos\\\/anis-grano\\\/#primaryimage\"},\"image\":{\"@id\":\"https:\\\/\\\/labarraca1912.es\\\/tienda\\\/especias-y-condimentos\\\/anis-grano\\\/#primaryimage\"},\"thumbnailUrl\":\"https:\\\/\\\/labarraca1912.es\\\/wp-content\\\/uploads\\\/anisgranobm2025.jpg\",\"datePublished\":\"2025-03-03T07:38:09+00:00\",\"dateModified\":\"2026-03-25T18:38:37+00:00\",\"description\":\"Comprar an\u00eds grano, semillas arom\u00e1ticas desecadas usadas en reposter\u00eda, sopas de pescado, jugos, bu\u00f1uelos y churros. Calidad y sabor en La Barraca.\",\"breadcrumb\":{\"@id\":\"https:\\\/\\\/labarraca1912.es\\\/tienda\\\/especias-y-condimentos\\\/anis-grano\\\/#breadcrumb\"},\"inLanguage\":\"fr-FR\",\"potentialAction\":[{\"@type\":\"ReadAction\",\"target\":[\"https:\\\/\\\/labarraca1912.es\\\/tienda\\\/especias-y-condimentos\\\/anis-grano\\\/\"]}]},{\"@type\":\"ImageObject\",\"inLanguage\":\"fr-FR\",\"@id\":\"https:\\\/\\\/labarraca1912.es\\\/tienda\\\/especias-y-condimentos\\\/anis-grano\\\/#primaryimage\",\"url\":\"https:\\\/\\\/labarraca1912.es\\\/wp-content\\\/uploads\\\/anisgranobm2025.jpg\",\"contentUrl\":\"https:\\\/\\\/labarraca1912.es\\\/wp-content\\\/uploads\\\/anisgranobm2025.jpg\",\"width\":800,\"height\":800},{\"@type\":\"BreadcrumbList\",\"@id\":\"https:\\\/\\\/labarraca1912.es\\\/tienda\\\/especias-y-condimentos\\\/anis-grano\\\/#breadcrumb\",\"itemListElement\":[{\"@type\":\"ListItem\",\"position\":1,\"name\":\"La Barraca\",\"item\":\"https:\\\/\\\/labarraca1912.es\\\/\"},{\"@type\":\"ListItem\",\"position\":2,\"name\":\"Tienda\",\"item\":\"https:\\\/\\\/labarraca1912.es\\\/tienda\\\/\"},{\"@type\":\"ListItem\",\"position\":3,\"name\":\"An\u00eds Grano\"}]},{\"@type\":\"WebSite\",\"@id\":\"https:\\\/\\\/labarraca1912.es\\\/#website\",\"url\":\"https:\\\/\\\/labarraca1912.es\\\/\",\"name\":\"La Barraca\",\"description\":\"La Casa del Sabor\",\"publisher\":{\"@id\":\"https:\\\/\\\/labarraca1912.es\\\/#organization\"},\"potentialAction\":[{\"@type\":\"SearchAction\",\"target\":{\"@type\":\"EntryPoint\",\"urlTemplate\":\"https:\\\/\\\/labarraca1912.es\\\/?s={search_term_string}\"},\"query-input\":{\"@type\":\"PropertyValueSpecification\",\"valueRequired\":true,\"valueName\":\"search_term_string\"}}],\"inLanguage\":\"fr-FR\"},{\"@type\":\"Organization\",\"@id\":\"https:\\\/\\\/labarraca1912.es\\\/#organization\",\"name\":\"La Barraca 1912 Alimentacion\",\"url\":\"https:\\\/\\\/labarraca1912.es\\\/\",\"logo\":{\"@type\":\"ImageObject\",\"inLanguage\":\"fr-FR\",\"@id\":\"https:\\\/\\\/labarraca1912.es\\\/#\\\/schema\\\/logo\\\/image\\\/\",\"url\":\"https:\\\/\\\/labarraca1912.es\\\/wp-content\\\/uploads\\\/2019\\\/06\\\/logo-labarraca.png\",\"contentUrl\":\"https:\\\/\\\/labarraca1912.es\\\/wp-content\\\/uploads\\\/2019\\\/06\\\/logo-labarraca.png\",\"width\":2917,\"height\":1809,\"caption\":\"La Barraca 1912 Alimentacion\"},\"image\":{\"@id\":\"https:\\\/\\\/labarraca1912.es\\\/#\\\/schema\\\/logo\\\/image\\\/\"}}]}<\/script>\n<!-- \/ Yoast SEO plugin. -->","yoast_head_json":{"title":"Comprar An\u00eds Grano | La Barraca","description":"Comprar an\u00eds grano, semillas arom\u00e1ticas desecadas usadas en reposter\u00eda, sopas de pescado, jugos, bu\u00f1uelos y churros. Calidad y sabor en La Barraca.","robots":{"index":"index","follow":"follow","max-snippet":"max-snippet:-1","max-image-preview":"max-image-preview:large","max-video-preview":"max-video-preview:-1"},"canonical":"https:\/\/labarraca1912.es\/fr\/tienda\/especias-y-condimentos\/anis-grano\/","og_locale":"fr_FR","og_type":"article","og_title":"Comprar An\u00eds Grano | La Barraca","og_description":"Comprar an\u00eds grano, semillas arom\u00e1ticas desecadas usadas en reposter\u00eda, sopas de pescado, jugos, bu\u00f1uelos y churros. Calidad y sabor en La Barraca.","og_url":"https:\/\/labarraca1912.es\/fr\/tienda\/especias-y-condimentos\/anis-grano\/","og_site_name":"La Barraca","article_modified_time":"2026-03-25T18:38:37+00:00","og_image":[{"width":800,"height":800,"url":"https:\/\/labarraca1912.es\/wp-content\/uploads\/anisgranobm2025.jpg","type":"image\/jpeg"}],"twitter_card":"summary_large_image","twitter_misc":{"Dur\u00e9e de lecture estim\u00e9e":"1 minute"},"schema":{"@context":"https:\/\/schema.org","@graph":[{"@type":"WebPage","@id":"https:\/\/labarraca1912.es\/tienda\/especias-y-condimentos\/anis-grano\/","url":"https:\/\/labarraca1912.es\/tienda\/especias-y-condimentos\/anis-grano\/","name":"Comprar An\u00eds Grano | La Barraca","isPartOf":{"@id":"https:\/\/labarraca1912.es\/#website"},"primaryImageOfPage":{"@id":"https:\/\/labarraca1912.es\/tienda\/especias-y-condimentos\/anis-grano\/#primaryimage"},"image":{"@id":"https:\/\/labarraca1912.es\/tienda\/especias-y-condimentos\/anis-grano\/#primaryimage"},"thumbnailUrl":"https:\/\/labarraca1912.es\/wp-content\/uploads\/anisgranobm2025.jpg","datePublished":"2025-03-03T07:38:09+00:00","dateModified":"2026-03-25T18:38:37+00:00","description":"Comprar an\u00eds grano, semillas arom\u00e1ticas desecadas usadas en reposter\u00eda, sopas de pescado, jugos, bu\u00f1uelos y churros. Calidad y sabor en La Barraca.","breadcrumb":{"@id":"https:\/\/labarraca1912.es\/tienda\/especias-y-condimentos\/anis-grano\/#breadcrumb"},"inLanguage":"fr-FR","potentialAction":[{"@type":"ReadAction","target":["https:\/\/labarraca1912.es\/tienda\/especias-y-condimentos\/anis-grano\/"]}]},{"@type":"ImageObject","inLanguage":"fr-FR","@id":"https:\/\/labarraca1912.es\/tienda\/especias-y-condimentos\/anis-grano\/#primaryimage","url":"https:\/\/labarraca1912.es\/wp-content\/uploads\/anisgranobm2025.jpg","contentUrl":"https:\/\/labarraca1912.es\/wp-content\/uploads\/anisgranobm2025.jpg","width":800,"height":800},{"@type":"BreadcrumbList","@id":"https:\/\/labarraca1912.es\/tienda\/especias-y-condimentos\/anis-grano\/#breadcrumb","itemListElement":[{"@type":"ListItem","position":1,"name":"La Barraca","item":"https:\/\/labarraca1912.es\/"},{"@type":"ListItem","position":2,"name":"Tienda","item":"https:\/\/labarraca1912.es\/tienda\/"},{"@type":"ListItem","position":3,"name":"An\u00eds Grano"}]},{"@type":"WebSite","@id":"https:\/\/labarraca1912.es\/#website","url":"https:\/\/labarraca1912.es\/","name":"La Barraca","description":"La Casa del Sabor","publisher":{"@id":"https:\/\/labarraca1912.es\/#organization"},"potentialAction":[{"@type":"SearchAction","target":{"@type":"EntryPoint","urlTemplate":"https:\/\/labarraca1912.es\/?s={search_term_string}"},"query-input":{"@type":"PropertyValueSpecification","valueRequired":true,"valueName":"search_term_string"}}],"inLanguage":"fr-FR"},{"@type":"Organization","@id":"https:\/\/labarraca1912.es\/#organization","name":"La Barraca 1912 Alimentacion","url":"https:\/\/labarraca1912.es\/","logo":{"@type":"ImageObject","inLanguage":"fr-FR","@id":"https:\/\/labarraca1912.es\/#\/schema\/logo\/image\/","url":"https:\/\/labarraca1912.es\/wp-content\/uploads\/2019\/06\/logo-labarraca.png","contentUrl":"https:\/\/labarraca1912.es\/wp-content\/uploads\/2019\/06\/logo-labarraca.png","width":2917,"height":1809,"caption":"La Barraca 1912 Alimentacion"},"image":{"@id":"https:\/\/labarraca1912.es\/#\/schema\/logo\/image\/"}}]}},"_links":{"self":[{"href":"https:\/\/labarraca1912.es\/fr\/wp-json\/wp\/v2\/product\/11963","targetHints":{"allow":["GET"]}}],"collection":[{"href":"https:\/\/labarraca1912.es\/fr\/wp-json\/wp\/v2\/product"}],"about":[{"href":"https:\/\/labarraca1912.es\/fr\/wp-json\/wp\/v2\/types\/product"}],"replies":[{"embeddable":true,"href":"https:\/\/labarraca1912.es\/fr\/wp-json\/wp\/v2\/comments?post=11963"}],"wp:featuredmedia":[{"embeddable":true,"href":"https:\/\/labarraca1912.es\/fr\/wp-json\/wp\/v2\/media\/11967"}],"wp:attachment":[{"href":"https:\/\/labarraca1912.es\/fr\/wp-json\/wp\/v2\/media?parent=11963"}],"wp:term":[{"taxonomy":"product_brand","embeddable":true,"href":"https:\/\/labarraca1912.es\/fr\/wp-json\/wp\/v2\/product_brand?post=11963"},{"taxonomy":"product_cat","embeddable":true,"href":"https:\/\/labarraca1912.es\/fr\/wp-json\/wp\/v2\/product_cat?post=11963"},{"taxonomy":"product_tag","embeddable":true,"href":"https:\/\/labarraca1912.es\/fr\/wp-json\/wp\/v2\/product_tag?post=11963"}],"curies":[{"name":"wp","href":"https:\/\/api.w.org\/{rel}","templated":true}]}}

<p>ANIS EN GRAIN: Graines aromatiques séchées d'une plante herbacée appelée Pimpinellaanisum. Graine utilisée aussi bien dans le domaine médicinal que culinaire.</p>
<p><strong>Anis en Grain:</strong> On l'utilise dans les pâtisseries, les jus, les soupes de poisson, les beignets et les churros.</p>

<blockquote>
<h2><strong>Anis en Grain</strong></h2>
</blockquote>
<p>Graines aromatiques séchées d'une plante herbacée appelée Pimpinellaanisum. Graine utilisée aussi bien dans le domaine médicinal que culinaire. On l'utilise dans les pâtisseries, les jus, les soupes de poisson, les beignets et les churros.</p>
<p><em><strong>Ingrédients:</strong></em> Anis en grain.</p>
<p>Peut contenir des traces de <strong>GLUTEN et MOUTARDE.</strong></p>

<!-- This site is optimized with the Yoast SEO plugin v27.5 - https://yoast.com/product/yoast-seo-wordpress/ -->
<title>Comprar Anís Grano | La Barraca</title>
<meta name="description" content="Comprar anís grano, semillas aromáticas desecadas usadas en repostería, sopas de pescado, jugos, buñuelos y churros. Calidad y sabor en La Barraca." />
<meta name="robots" content="index, follow, max-snippet:-1, max-image-preview:large, max-video-preview:-1" />
<link rel="canonical" href="https://labarraca1912.es/fr/tienda/especias-y-condimentos/anis-grano/" />
<meta property="og:locale" content="fr_FR" />
<meta property="og:type" content="article" />
<meta property="og:title" content="Comprar Anís Grano | La Barraca" />
<meta property="og:description" content="Comprar anís grano, semillas aromáticas desecadas usadas en repostería, sopas de pescado, jugos, buñuelos y churros. Calidad y sabor en La Barraca." />
<meta property="og:url" content="https://labarraca1912.es/fr/tienda/especias-y-condimentos/anis-grano/" />
<meta property="og:site_name" content="La Barraca" />
<meta property="article:modified_time" content="2026-03-25T18:38:37+00:00" />
<meta property="og:image" content="https://labarraca1912.es/wp-content/uploads/anisgranobm2025.jpg" />
	<meta property="og:image:width" content="800" />
	<meta property="og:image:height" content="800" />
	<meta property="og:image:type" content="image/jpeg" />
<meta name="twitter:card" content="summary_large_image" />
<meta name="twitter:label1" content="Durée de lecture estimée" />
	<meta name="twitter:data1" content="1 minute" />
<script type="application/ld+json" class="yoast-schema-graph">{"@context":"https:\/\/schema.org","@graph":[{"@type":"WebPage","@id":"https:\/\/labarraca1912.es\/tienda\/especias-y-condimentos\/anis-grano\/","url":"https:\/\/labarraca1912.es\/tienda\/especias-y-condimentos\/anis-grano\/","name":"Comprar Anís Grano | La Barraca","isPartOf":{"@id":"https:\/\/labarraca1912.es\/#website"},"primaryImageOfPage":{"@id":"https:\/\/labarraca1912.es\/tienda\/especias-y-condimentos\/anis-grano\/#primaryimage"},"image":{"@id":"https:\/\/labarraca1912.es\/tienda\/especias-y-condimentos\/anis-grano\/#primaryimage"},"thumbnailUrl":"https:\/\/labarraca1912.es\/wp-content\/uploads\/anisgranobm2025.jpg","datePublished":"2025-03-03T07:38:09+00:00","dateModified":"2026-03-25T18:38:37+00:00","description":"Comprar anís grano, semillas aromáticas desecadas usadas en repostería, sopas de pescado, jugos, buñuelos y churros. Calidad y sabor en La Barraca.","breadcrumb":{"@id":"https:\/\/labarraca1912.es\/tienda\/especias-y-condimentos\/anis-grano\/#breadcrumb"},"inLanguage":"fr-FR","potentialAction":[{"@type":"ReadAction","target":["https:\/\/labarraca1912.es\/tienda\/especias-y-condimentos\/anis-grano\/"]}]},{"@type":"ImageObject","inLanguage":"fr-FR","@id":"https:\/\/labarraca1912.es\/tienda\/especias-y-condimentos\/anis-grano\/#primaryimage","url":"https:\/\/labarraca1912.es\/wp-content\/uploads\/anisgranobm2025.jpg","contentUrl":"https:\/\/labarraca1912.es\/wp-content\/uploads\/anisgranobm2025.jpg","width":800,"height":800},{"@type":"BreadcrumbList","@id":"https:\/\/labarraca1912.es\/tienda\/especias-y-condimentos\/anis-grano\/#breadcrumb","itemListElement":[{"@type":"ListItem","position":1,"name":"La Barraca","item":"https:\/\/labarraca1912.es\/"},{"@type":"ListItem","position":2,"name":"Tienda","item":"https:\/\/labarraca1912.es\/tienda\/"},{"@type":"ListItem","position":3,"name":"Anís Grano"}]},{"@type":"WebSite","@id":"https:\/\/labarraca1912.es\/#website","url":"https:\/\/labarraca1912.es\/","name":"La Barraca","description":"La Casa del Sabor","publisher":{"@id":"https:\/\/labarraca1912.es\/#organization"},"potentialAction":[{"@type":"SearchAction","target":{"@type":"EntryPoint","urlTemplate":"https:\/\/labarraca1912.es\/?s={search_term_string}"},"query-input":{"@type":"PropertyValueSpecification","valueRequired":true,"valueName":"search_term_string"}}],"inLanguage":"fr-FR"},{"@type":"Organization","@id":"https:\/\/labarraca1912.es\/#organization","name":"La Barraca 1912 Alimentacion","url":"https:\/\/labarraca1912.es\/","logo":{"@type":"ImageObject","inLanguage":"fr-FR","@id":"https:\/\/labarraca1912.es\/#\/schema\/logo\/image\/","url":"https:\/\/labarraca1912.es\/wp-content\/uploads\/2019\/06\/logo-labarraca.png","contentUrl":"https:\/\/labarraca1912.es\/wp-content\/uploads\/2019\/06\/logo-labarraca.png","width":2917,"height":1809,"caption":"La Barraca 1912 Alimentacion"},"image":{"@id":"https:\/\/labarraca1912.es\/#\/schema\/logo\/image\/"}}]}</script>
<!-- / Yoast SEO plugin. -->

Comprar Anís Grano | La Barraca

Comprar anís grano, semillas aromáticas desecadas usadas en repostería, sopas de pescado, jugos, buñuelos y churros. Calidad y sabor en La Barraca.

Anís Grano
