{"id":1979,"date":"2019-09-09T12:58:39","date_gmt":"2019-09-09T10:58:39","guid":{"rendered":"https:\/\/labarraca1912.es\/?post_type=product&#038;p=1979"},"modified":"2026-04-14T21:03:47","modified_gmt":"2026-04-14T19:03:47","slug":"ajo-y-perejil-140g","status":"publish","type":"product","link":"https:\/\/labarraca1912.es\/fr\/tienda\/especias-y-condimentos\/ajo-y-perejil-140g\/","title":{"rendered":"Ail et Persil"},"content":{"rendered":"<p>AIL ET PERSIL: Le m\u00e9lange parfait de deux des condiments les plus utilis\u00e9s dans la cuisine m\u00e9diterran\u00e9enne. Feuilles d'ail et de persil granul\u00e9es, hach\u00e9es et s\u00e9ch\u00e9es, \u00e0 ajouter \u00e0 une multitude de plats de notre cuisine, pr\u00e9parez une sauce avec de l'huile et un peu de sel, ou une vinaigrette.<\/p>\n<p><strong>Ail et Persil:<\/strong> L'Ail et le Persil sont id\u00e9aux pour accompagner tous les types de poissons grill\u00e9s, bouillis ou en compote, ajout\u00e9s aux omelettes, aux plats de p\u00e2tes, saupoudr\u00e9s sur des pommes de terre r\u00f4ties, des l\u00e9gumes grill\u00e9s ou du pain grill\u00e9, des crevettes \u00e0 l'ail, des viandes cuites au four ou r\u00f4ties et toutes sortes de rago\u00fbts.<\/p>","protected":false},"excerpt":{"rendered":"<blockquote>\n<h2><strong>Ail et Persil<\/strong><\/h2>\n<\/blockquote>\n<p>Le m\u00e9lange parfait de deux des condiments les plus utilis\u00e9s dans la cuisine m\u00e9diterran\u00e9enne. Feuilles d'ail et de persil granul\u00e9es, hach\u00e9es et s\u00e9ch\u00e9es, \u00e0 ajouter \u00e0 une multitude de plats de notre cuisine, pr\u00e9parez une sauce avec de l'huile et un peu de sel, ou une vinaigrette. L'Ail et le Persil sont id\u00e9aux pour accompagner tous les types de poissons grill\u00e9s, bouillis ou en compote, ajout\u00e9s aux omelettes, aux plats de p\u00e2tes, saupoudr\u00e9s sur des pommes de terre r\u00f4ties, des l\u00e9gumes grill\u00e9s ou du pain grill\u00e9, des crevettes \u00e0 l'ail, des viandes cuites au four ou r\u00f4ties et toutes sortes de rago\u00fbts.<\/p>\n<p><em><strong>Ingr\u00e9dients:<\/strong><\/em> Ail (77%) et persil (23%).<\/p>\n<p>Peut contenir des traces de <strong>C\u00c9LERI, GLUTEN, MOUTARDE, SULFITES et ARACHIDES.<\/strong><\/p>","protected":false},"featured_media":10526,"comment_status":"open","ping_status":"closed","template":"","meta":{"_et_pb_use_builder":"","_et_pb_old_content":"","_et_gb_content_width":""},"product_brand":[],"product_cat":[19],"product_tag":[97,96,49,68,93],"class_list":{"0":"post-1979","1":"product","2":"type-product","3":"status-publish","4":"has-post-thumbnail","6":"product_cat-especias-y-condimentos","7":"product_tag-ajillo","8":"product_tag-ajo","9":"product_tag-perejil","10":"product_tag-pescado","11":"product_tag-pollo","13":"first","14":"instock","15":"taxable","16":"shipping-taxable","17":"purchasable","18":"product-type-variable"},"yoast_head":"<!-- This site is optimized with the Yoast SEO plugin v27.4 - https:\/\/yoast.com\/product\/yoast-seo-wordpress\/ -->\n<title>Comprar Ajo y Perejil Deshidratado | La Barraca<\/title>\n<meta name=\"description\" content=\"Mezcla de ajo granulado y perejil seco para dar sabor a pescados, carnes, guisos y m\u00e1s. Condimento imprescindible en la cocina mediterr\u00e1nea.\" \/>\n<meta name=\"robots\" content=\"index, follow, max-snippet:-1, max-image-preview:large, max-video-preview:-1\" \/>\n<link rel=\"canonical\" href=\"https:\/\/labarraca1912.es\/fr\/tienda\/especias-y-condimentos\/ajo-y-perejil-140g\/\" \/>\n<meta property=\"og:locale\" content=\"fr_FR\" \/>\n<meta property=\"og:type\" content=\"article\" \/>\n<meta property=\"og:title\" content=\"Comprar Ajo y Perejil Deshidratado | La Barraca\" \/>\n<meta property=\"og:description\" content=\"Mezcla de ajo granulado y perejil seco para dar sabor a pescados, carnes, guisos y m\u00e1s. Condimento imprescindible en la cocina mediterr\u00e1nea.\" \/>\n<meta property=\"og:url\" content=\"https:\/\/labarraca1912.es\/fr\/tienda\/especias-y-condimentos\/ajo-y-perejil-140g\/\" \/>\n<meta property=\"og:site_name\" content=\"La Barraca\" \/>\n<meta property=\"article:modified_time\" content=\"2026-04-14T19:03:47+00:00\" \/>\n<meta property=\"og:image\" content=\"https:\/\/labarraca1912.es\/wp-content\/uploads\/boteminiajoperejil2024.jpg\" \/>\n\t<meta property=\"og:image:width\" content=\"800\" \/>\n\t<meta property=\"og:image:height\" content=\"800\" \/>\n\t<meta property=\"og:image:type\" content=\"image\/jpeg\" \/>\n<meta name=\"twitter:card\" content=\"summary_large_image\" \/>\n<meta name=\"twitter:label1\" content=\"Dur\u00e9e de lecture estim\u00e9e\" \/>\n\t<meta name=\"twitter:data1\" content=\"1 minute\" \/>\n<script type=\"application\/ld+json\" class=\"yoast-schema-graph\">{\"@context\":\"https:\\\/\\\/schema.org\",\"@graph\":[{\"@type\":\"WebPage\",\"@id\":\"https:\\\/\\\/labarraca1912.es\\\/tienda\\\/especias-y-condimentos\\\/ajo-y-perejil-140g\\\/\",\"url\":\"https:\\\/\\\/labarraca1912.es\\\/tienda\\\/especias-y-condimentos\\\/ajo-y-perejil-140g\\\/\",\"name\":\"Comprar Ajo y Perejil Deshidratado | La Barraca\",\"isPartOf\":{\"@id\":\"https:\\\/\\\/labarraca1912.es\\\/#website\"},\"primaryImageOfPage\":{\"@id\":\"https:\\\/\\\/labarraca1912.es\\\/tienda\\\/especias-y-condimentos\\\/ajo-y-perejil-140g\\\/#primaryimage\"},\"image\":{\"@id\":\"https:\\\/\\\/labarraca1912.es\\\/tienda\\\/especias-y-condimentos\\\/ajo-y-perejil-140g\\\/#primaryimage\"},\"thumbnailUrl\":\"https:\\\/\\\/labarraca1912.es\\\/wp-content\\\/uploads\\\/boteminiajoperejil2024.jpg\",\"datePublished\":\"2019-09-09T10:58:39+00:00\",\"dateModified\":\"2026-04-14T19:03:47+00:00\",\"description\":\"Mezcla de ajo granulado y perejil seco para dar sabor a pescados, carnes, guisos y m\u00e1s. Condimento imprescindible en la cocina mediterr\u00e1nea.\",\"breadcrumb\":{\"@id\":\"https:\\\/\\\/labarraca1912.es\\\/tienda\\\/especias-y-condimentos\\\/ajo-y-perejil-140g\\\/#breadcrumb\"},\"inLanguage\":\"fr-FR\",\"potentialAction\":[{\"@type\":\"ReadAction\",\"target\":[\"https:\\\/\\\/labarraca1912.es\\\/tienda\\\/especias-y-condimentos\\\/ajo-y-perejil-140g\\\/\"]}]},{\"@type\":\"ImageObject\",\"inLanguage\":\"fr-FR\",\"@id\":\"https:\\\/\\\/labarraca1912.es\\\/tienda\\\/especias-y-condimentos\\\/ajo-y-perejil-140g\\\/#primaryimage\",\"url\":\"https:\\\/\\\/labarraca1912.es\\\/wp-content\\\/uploads\\\/boteminiajoperejil2024.jpg\",\"contentUrl\":\"https:\\\/\\\/labarraca1912.es\\\/wp-content\\\/uploads\\\/boteminiajoperejil2024.jpg\",\"width\":800,\"height\":800},{\"@type\":\"BreadcrumbList\",\"@id\":\"https:\\\/\\\/labarraca1912.es\\\/tienda\\\/especias-y-condimentos\\\/ajo-y-perejil-140g\\\/#breadcrumb\",\"itemListElement\":[{\"@type\":\"ListItem\",\"position\":1,\"name\":\"La Barraca\",\"item\":\"https:\\\/\\\/labarraca1912.es\\\/\"},{\"@type\":\"ListItem\",\"position\":2,\"name\":\"Tienda\",\"item\":\"https:\\\/\\\/labarraca1912.es\\\/tienda\\\/\"},{\"@type\":\"ListItem\",\"position\":3,\"name\":\"Ajo y Perejil\"}]},{\"@type\":\"WebSite\",\"@id\":\"https:\\\/\\\/labarraca1912.es\\\/#website\",\"url\":\"https:\\\/\\\/labarraca1912.es\\\/\",\"name\":\"La Barraca\",\"description\":\"La Casa del Sabor\",\"publisher\":{\"@id\":\"https:\\\/\\\/labarraca1912.es\\\/#organization\"},\"potentialAction\":[{\"@type\":\"SearchAction\",\"target\":{\"@type\":\"EntryPoint\",\"urlTemplate\":\"https:\\\/\\\/labarraca1912.es\\\/?s={search_term_string}\"},\"query-input\":{\"@type\":\"PropertyValueSpecification\",\"valueRequired\":true,\"valueName\":\"search_term_string\"}}],\"inLanguage\":\"fr-FR\"},{\"@type\":\"Organization\",\"@id\":\"https:\\\/\\\/labarraca1912.es\\\/#organization\",\"name\":\"La Barraca 1912 Alimentacion\",\"url\":\"https:\\\/\\\/labarraca1912.es\\\/\",\"logo\":{\"@type\":\"ImageObject\",\"inLanguage\":\"fr-FR\",\"@id\":\"https:\\\/\\\/labarraca1912.es\\\/#\\\/schema\\\/logo\\\/image\\\/\",\"url\":\"https:\\\/\\\/labarraca1912.es\\\/wp-content\\\/uploads\\\/2019\\\/06\\\/logo-labarraca.png\",\"contentUrl\":\"https:\\\/\\\/labarraca1912.es\\\/wp-content\\\/uploads\\\/2019\\\/06\\\/logo-labarraca.png\",\"width\":2917,\"height\":1809,\"caption\":\"La Barraca 1912 Alimentacion\"},\"image\":{\"@id\":\"https:\\\/\\\/labarraca1912.es\\\/#\\\/schema\\\/logo\\\/image\\\/\"}}]}<\/script>\n<!-- \/ Yoast SEO plugin. -->","yoast_head_json":{"title":"Comprar Ajo y Perejil Deshidratado | La Barraca","description":"Mezcla de ajo granulado y perejil seco para dar sabor a pescados, carnes, guisos y m\u00e1s. Condimento imprescindible en la cocina mediterr\u00e1nea.","robots":{"index":"index","follow":"follow","max-snippet":"max-snippet:-1","max-image-preview":"max-image-preview:large","max-video-preview":"max-video-preview:-1"},"canonical":"https:\/\/labarraca1912.es\/fr\/tienda\/especias-y-condimentos\/ajo-y-perejil-140g\/","og_locale":"fr_FR","og_type":"article","og_title":"Comprar Ajo y Perejil Deshidratado | La Barraca","og_description":"Mezcla de ajo granulado y perejil seco para dar sabor a pescados, carnes, guisos y m\u00e1s. Condimento imprescindible en la cocina mediterr\u00e1nea.","og_url":"https:\/\/labarraca1912.es\/fr\/tienda\/especias-y-condimentos\/ajo-y-perejil-140g\/","og_site_name":"La Barraca","article_modified_time":"2026-04-14T19:03:47+00:00","og_image":[{"width":800,"height":800,"url":"https:\/\/labarraca1912.es\/wp-content\/uploads\/boteminiajoperejil2024.jpg","type":"image\/jpeg"}],"twitter_card":"summary_large_image","twitter_misc":{"Dur\u00e9e de lecture estim\u00e9e":"1 minute"},"schema":{"@context":"https:\/\/schema.org","@graph":[{"@type":"WebPage","@id":"https:\/\/labarraca1912.es\/tienda\/especias-y-condimentos\/ajo-y-perejil-140g\/","url":"https:\/\/labarraca1912.es\/tienda\/especias-y-condimentos\/ajo-y-perejil-140g\/","name":"Comprar Ajo y Perejil Deshidratado | La Barraca","isPartOf":{"@id":"https:\/\/labarraca1912.es\/#website"},"primaryImageOfPage":{"@id":"https:\/\/labarraca1912.es\/tienda\/especias-y-condimentos\/ajo-y-perejil-140g\/#primaryimage"},"image":{"@id":"https:\/\/labarraca1912.es\/tienda\/especias-y-condimentos\/ajo-y-perejil-140g\/#primaryimage"},"thumbnailUrl":"https:\/\/labarraca1912.es\/wp-content\/uploads\/boteminiajoperejil2024.jpg","datePublished":"2019-09-09T10:58:39+00:00","dateModified":"2026-04-14T19:03:47+00:00","description":"Mezcla de ajo granulado y perejil seco para dar sabor a pescados, carnes, guisos y m\u00e1s. Condimento imprescindible en la cocina mediterr\u00e1nea.","breadcrumb":{"@id":"https:\/\/labarraca1912.es\/tienda\/especias-y-condimentos\/ajo-y-perejil-140g\/#breadcrumb"},"inLanguage":"fr-FR","potentialAction":[{"@type":"ReadAction","target":["https:\/\/labarraca1912.es\/tienda\/especias-y-condimentos\/ajo-y-perejil-140g\/"]}]},{"@type":"ImageObject","inLanguage":"fr-FR","@id":"https:\/\/labarraca1912.es\/tienda\/especias-y-condimentos\/ajo-y-perejil-140g\/#primaryimage","url":"https:\/\/labarraca1912.es\/wp-content\/uploads\/boteminiajoperejil2024.jpg","contentUrl":"https:\/\/labarraca1912.es\/wp-content\/uploads\/boteminiajoperejil2024.jpg","width":800,"height":800},{"@type":"BreadcrumbList","@id":"https:\/\/labarraca1912.es\/tienda\/especias-y-condimentos\/ajo-y-perejil-140g\/#breadcrumb","itemListElement":[{"@type":"ListItem","position":1,"name":"La Barraca","item":"https:\/\/labarraca1912.es\/"},{"@type":"ListItem","position":2,"name":"Tienda","item":"https:\/\/labarraca1912.es\/tienda\/"},{"@type":"ListItem","position":3,"name":"Ajo y Perejil"}]},{"@type":"WebSite","@id":"https:\/\/labarraca1912.es\/#website","url":"https:\/\/labarraca1912.es\/","name":"La Barraca","description":"La Casa del Sabor","publisher":{"@id":"https:\/\/labarraca1912.es\/#organization"},"potentialAction":[{"@type":"SearchAction","target":{"@type":"EntryPoint","urlTemplate":"https:\/\/labarraca1912.es\/?s={search_term_string}"},"query-input":{"@type":"PropertyValueSpecification","valueRequired":true,"valueName":"search_term_string"}}],"inLanguage":"fr-FR"},{"@type":"Organization","@id":"https:\/\/labarraca1912.es\/#organization","name":"La Barraca 1912 Alimentacion","url":"https:\/\/labarraca1912.es\/","logo":{"@type":"ImageObject","inLanguage":"fr-FR","@id":"https:\/\/labarraca1912.es\/#\/schema\/logo\/image\/","url":"https:\/\/labarraca1912.es\/wp-content\/uploads\/2019\/06\/logo-labarraca.png","contentUrl":"https:\/\/labarraca1912.es\/wp-content\/uploads\/2019\/06\/logo-labarraca.png","width":2917,"height":1809,"caption":"La Barraca 1912 Alimentacion"},"image":{"@id":"https:\/\/labarraca1912.es\/#\/schema\/logo\/image\/"}}]}},"_links":{"self":[{"href":"https:\/\/labarraca1912.es\/fr\/wp-json\/wp\/v2\/product\/1979","targetHints":{"allow":["GET"]}}],"collection":[{"href":"https:\/\/labarraca1912.es\/fr\/wp-json\/wp\/v2\/product"}],"about":[{"href":"https:\/\/labarraca1912.es\/fr\/wp-json\/wp\/v2\/types\/product"}],"replies":[{"embeddable":true,"href":"https:\/\/labarraca1912.es\/fr\/wp-json\/wp\/v2\/comments?post=1979"}],"wp:featuredmedia":[{"embeddable":true,"href":"https:\/\/labarraca1912.es\/fr\/wp-json\/wp\/v2\/media\/10526"}],"wp:attachment":[{"href":"https:\/\/labarraca1912.es\/fr\/wp-json\/wp\/v2\/media?parent=1979"}],"wp:term":[{"taxonomy":"product_brand","embeddable":true,"href":"https:\/\/labarraca1912.es\/fr\/wp-json\/wp\/v2\/product_brand?post=1979"},{"taxonomy":"product_cat","embeddable":true,"href":"https:\/\/labarraca1912.es\/fr\/wp-json\/wp\/v2\/product_cat?post=1979"},{"taxonomy":"product_tag","embeddable":true,"href":"https:\/\/labarraca1912.es\/fr\/wp-json\/wp\/v2\/product_tag?post=1979"}],"curies":[{"name":"wp","href":"https:\/\/api.w.org\/{rel}","templated":true}]}}

<p>AIL ET PERSIL: Le mélange parfait de deux des condiments les plus utilisés dans la cuisine méditerranéenne. Feuilles d'ail et de persil granulées, hachées et séchées, à ajouter à une multitude de plats de notre cuisine, préparez une sauce avec de l'huile et un peu de sel, ou une vinaigrette.</p>
<p><strong>Ail et Persil:</strong> L'Ail et le Persil sont idéaux pour accompagner tous les types de poissons grillés, bouillis ou en compote, ajoutés aux omelettes, aux plats de pâtes, saupoudrés sur des pommes de terre rôties, des légumes grillés ou du pain grillé, des crevettes à l'ail, des viandes cuites au four ou rôties et toutes sortes de ragoûts.</p>

<blockquote>
<h2><strong>Ail et Persil</strong></h2>
</blockquote>
<p>Le mélange parfait de deux des condiments les plus utilisés dans la cuisine méditerranéenne. Feuilles d'ail et de persil granulées, hachées et séchées, à ajouter à une multitude de plats de notre cuisine, préparez une sauce avec de l'huile et un peu de sel, ou une vinaigrette. L'Ail et le Persil sont idéaux pour accompagner tous les types de poissons grillés, bouillis ou en compote, ajoutés aux omelettes, aux plats de pâtes, saupoudrés sur des pommes de terre rôties, des légumes grillés ou du pain grillé, des crevettes à l'ail, des viandes cuites au four ou rôties et toutes sortes de ragoûts.</p>
<p><em><strong>Ingrédients:</strong></em> Ail (77%) et persil (23%).</p>
<p>Peut contenir des traces de <strong>CÉLERI, GLUTEN, MOUTARDE, SULFITES et ARACHIDES.</strong></p>

<!-- This site is optimized with the Yoast SEO plugin v27.4 - https://yoast.com/product/yoast-seo-wordpress/ -->
<title>Comprar Ajo y Perejil Deshidratado | La Barraca</title>
<meta name="description" content="Mezcla de ajo granulado y perejil seco para dar sabor a pescados, carnes, guisos y más. Condimento imprescindible en la cocina mediterránea." />
<meta name="robots" content="index, follow, max-snippet:-1, max-image-preview:large, max-video-preview:-1" />
<link rel="canonical" href="https://labarraca1912.es/fr/tienda/especias-y-condimentos/ajo-y-perejil-140g/" />
<meta property="og:locale" content="fr_FR" />
<meta property="og:type" content="article" />
<meta property="og:title" content="Comprar Ajo y Perejil Deshidratado | La Barraca" />
<meta property="og:description" content="Mezcla de ajo granulado y perejil seco para dar sabor a pescados, carnes, guisos y más. Condimento imprescindible en la cocina mediterránea." />
<meta property="og:url" content="https://labarraca1912.es/fr/tienda/especias-y-condimentos/ajo-y-perejil-140g/" />
<meta property="og:site_name" content="La Barraca" />
<meta property="article:modified_time" content="2026-04-14T19:03:47+00:00" />
<meta property="og:image" content="https://labarraca1912.es/wp-content/uploads/boteminiajoperejil2024.jpg" />
	<meta property="og:image:width" content="800" />
	<meta property="og:image:height" content="800" />
	<meta property="og:image:type" content="image/jpeg" />
<meta name="twitter:card" content="summary_large_image" />
<meta name="twitter:label1" content="Durée de lecture estimée" />
	<meta name="twitter:data1" content="1 minute" />
<script type="application/ld+json" class="yoast-schema-graph">{"@context":"https:\/\/schema.org","@graph":[{"@type":"WebPage","@id":"https:\/\/labarraca1912.es\/tienda\/especias-y-condimentos\/ajo-y-perejil-140g\/","url":"https:\/\/labarraca1912.es\/tienda\/especias-y-condimentos\/ajo-y-perejil-140g\/","name":"Comprar Ajo y Perejil Deshidratado | La Barraca","isPartOf":{"@id":"https:\/\/labarraca1912.es\/#website"},"primaryImageOfPage":{"@id":"https:\/\/labarraca1912.es\/tienda\/especias-y-condimentos\/ajo-y-perejil-140g\/#primaryimage"},"image":{"@id":"https:\/\/labarraca1912.es\/tienda\/especias-y-condimentos\/ajo-y-perejil-140g\/#primaryimage"},"thumbnailUrl":"https:\/\/labarraca1912.es\/wp-content\/uploads\/boteminiajoperejil2024.jpg","datePublished":"2019-09-09T10:58:39+00:00","dateModified":"2026-04-14T19:03:47+00:00","description":"Mezcla de ajo granulado y perejil seco para dar sabor a pescados, carnes, guisos y más. Condimento imprescindible en la cocina mediterránea.","breadcrumb":{"@id":"https:\/\/labarraca1912.es\/tienda\/especias-y-condimentos\/ajo-y-perejil-140g\/#breadcrumb"},"inLanguage":"fr-FR","potentialAction":[{"@type":"ReadAction","target":["https:\/\/labarraca1912.es\/tienda\/especias-y-condimentos\/ajo-y-perejil-140g\/"]}]},{"@type":"ImageObject","inLanguage":"fr-FR","@id":"https:\/\/labarraca1912.es\/tienda\/especias-y-condimentos\/ajo-y-perejil-140g\/#primaryimage","url":"https:\/\/labarraca1912.es\/wp-content\/uploads\/boteminiajoperejil2024.jpg","contentUrl":"https:\/\/labarraca1912.es\/wp-content\/uploads\/boteminiajoperejil2024.jpg","width":800,"height":800},{"@type":"BreadcrumbList","@id":"https:\/\/labarraca1912.es\/tienda\/especias-y-condimentos\/ajo-y-perejil-140g\/#breadcrumb","itemListElement":[{"@type":"ListItem","position":1,"name":"La Barraca","item":"https:\/\/labarraca1912.es\/"},{"@type":"ListItem","position":2,"name":"Tienda","item":"https:\/\/labarraca1912.es\/tienda\/"},{"@type":"ListItem","position":3,"name":"Ajo y Perejil"}]},{"@type":"WebSite","@id":"https:\/\/labarraca1912.es\/#website","url":"https:\/\/labarraca1912.es\/","name":"La Barraca","description":"La Casa del Sabor","publisher":{"@id":"https:\/\/labarraca1912.es\/#organization"},"potentialAction":[{"@type":"SearchAction","target":{"@type":"EntryPoint","urlTemplate":"https:\/\/labarraca1912.es\/?s={search_term_string}"},"query-input":{"@type":"PropertyValueSpecification","valueRequired":true,"valueName":"search_term_string"}}],"inLanguage":"fr-FR"},{"@type":"Organization","@id":"https:\/\/labarraca1912.es\/#organization","name":"La Barraca 1912 Alimentacion","url":"https:\/\/labarraca1912.es\/","logo":{"@type":"ImageObject","inLanguage":"fr-FR","@id":"https:\/\/labarraca1912.es\/#\/schema\/logo\/image\/","url":"https:\/\/labarraca1912.es\/wp-content\/uploads\/2019\/06\/logo-labarraca.png","contentUrl":"https:\/\/labarraca1912.es\/wp-content\/uploads\/2019\/06\/logo-labarraca.png","width":2917,"height":1809,"caption":"La Barraca 1912 Alimentacion"},"image":{"@id":"https:\/\/labarraca1912.es\/#\/schema\/logo\/image\/"}}]}</script>
<!-- / Yoast SEO plugin. -->

Mezcla de ajo granulado y perejil seco para dar sabor a pescados, carnes, guisos y más. Condimento imprescindible en la cocina mediterránea.
