{"id":4857,"date":"2020-04-16T10:14:38","date_gmt":"2020-04-16T08:14:38","guid":{"rendered":"https:\/\/labarraca1912.es\/?post_type=product&#038;p=4857"},"modified":"2026-03-09T10:37:24","modified_gmt":"2026-03-09T09:37:24","slug":"perlas-plateadas-65g","status":"publish","type":"product","link":"https:\/\/labarraca1912.es\/fr\/tienda\/pasteleria\/perlas-plateadas-65g\/","title":{"rendered":"Perles Argent 65g"},"content":{"rendered":"<p>PERLAS PLATEADAS &#8211; 65g: Producto de confiter\u00eda a base de az\u00facar. Ideal para la decoraci\u00f3n en reposter\u00eda, pasteler\u00eda y helader\u00eda.<\/p>\n<p><strong>Perles Argent:<\/strong> Il s'applique directement sur le dessert \u00e0 d\u00e9corer, lui apportant une touche de couleur et am\u00e9liorant sa pr\u00e9sentation.<\/p>","protected":false},"excerpt":{"rendered":"<blockquote>\n<h2><strong>Perles Argent <\/strong>65g<\/h2>\n<\/blockquote>\n<p>Produit de confiserie \u00e0 base de sucre. Id\u00e9al pour la d\u00e9coration de p\u00e2tisseries, p\u00e2tisseries et glaciers. Il s'applique directement sur le dessert \u00e0 d\u00e9corer, lui apportant une touche de couleur et am\u00e9liorant sa pr\u00e9sentation.<\/p>\n<p><em><strong>Ingr\u00e9dients:<\/strong> <\/em>Sucre, farine de <strong>BL\u00c9<\/strong>, amidon de <strong>BL\u00c9<\/strong>, amidon de ma\u00efs, colorant : Argent E-174, stabilisants : Gomme Arabique E-414 et Agar-agar E-406 et sirop de glucose.<\/p>\n<p>Peut contenir des traces de <strong>SOJA, NOIX, MOUTARDE, CRUSTAC\u00c9S et LAIT (Y COMPRIS LACTOSE).<\/strong><\/p>\n<p><strong><em>D\u00e9claration nutritionnelle. Valeurs moyennes per 100g de produit: <\/em><\/strong>\u00c9nergie: 1681 kJ\/396 kcal. Graisses: 0g. Dont acides gras satur\u00e9s: 0g. Glucides: 98g. Dont sucres: 93g. Prot\u00e9ines: 0,6g. Sel: 0g.<\/p>","protected":false},"featured_media":4768,"comment_status":"open","ping_status":"closed","template":"","meta":{"_et_pb_use_builder":"","_et_pb_old_content":"","_et_gb_content_width":""},"product_brand":[],"product_cat":[21],"product_tag":[172,175,46,181,182,171],"class_list":{"0":"post-4857","1":"product","2":"type-product","3":"status-publish","4":"has-post-thumbnail","6":"product_cat-pasteleria","7":"product_tag-azucar","8":"product_tag-bizcocho","9":"product_tag-pasteleria","10":"product_tag-perlas","11":"product_tag-plateadas","12":"product_tag-reposteria","14":"first","15":"instock","16":"taxable","17":"shipping-taxable","18":"purchasable","19":"product-type-simple"},"yoast_head":"<!-- This site is optimized with the Yoast SEO plugin v27.5 - https:\/\/yoast.com\/product\/yoast-seo-wordpress\/ -->\n<title>Perlas Plateadas 65g - La Barraca<\/title>\n<meta name=\"robots\" content=\"index, follow, max-snippet:-1, max-image-preview:large, max-video-preview:-1\" \/>\n<link rel=\"canonical\" href=\"https:\/\/labarraca1912.es\/fr\/tienda\/pasteleria\/perlas-plateadas-65g\/\" \/>\n<meta property=\"og:locale\" content=\"fr_FR\" \/>\n<meta property=\"og:type\" content=\"article\" \/>\n<meta property=\"og:title\" content=\"Perlas Plateadas 65g - La Barraca\" \/>\n<meta property=\"og:description\" content=\"Perlas Plateadas 65g  Producto de confiter\u00eda a base de az\u00facar. Ideal para la decoraci\u00f3n en reposter\u00eda, pasteler\u00eda y helader\u00eda. Se aplica directamente sobre el postre a decorar, d\u00e1ndole un toque de color y mejorando su presentaci\u00f3n.  Ingredientes: Az\u00facar, harina de TRIGO, almid\u00f3n de TRIGO, almid\u00f3n de ma\u00edz, colorante: Plata E-174, estabilizantes: Goma ar\u00e1biga E-414 y Agar-agar E-406 y jarabe de glucosa.  Puede contener trazas de SOJA, FRUTOS DE C\u00c1SCARA, MOSTAZA, CRUST\u00c1CEOS y LECHE (INCLUIDA LA LACTOSA).  Informaci\u00f3n Nutricional. An\u00e1lisis medio por 100g de producto: Valor Energ\u00e9tico: 1681 kJ\/396 kcal. Grasas: 0g. De las cuales saturadas: 0g. Hidratos de Carbono: 98g. De los cuales az\u00facares: 93g. Prote\u00ednas: 0,6g. Sal: 0g.\" \/>\n<meta property=\"og:url\" content=\"https:\/\/labarraca1912.es\/fr\/tienda\/pasteleria\/perlas-plateadas-65g\/\" \/>\n<meta property=\"og:site_name\" content=\"La Barraca\" \/>\n<meta property=\"article:modified_time\" content=\"2026-03-09T09:37:24+00:00\" \/>\n<meta property=\"og:image\" content=\"https:\/\/labarraca1912.es\/wp-content\/uploads\/2020\/04\/perlasplateadascristal.jpg\" \/>\n\t<meta property=\"og:image:width\" content=\"800\" \/>\n\t<meta property=\"og:image:height\" content=\"800\" \/>\n\t<meta property=\"og:image:type\" content=\"image\/jpeg\" \/>\n<meta name=\"twitter:card\" content=\"summary_large_image\" \/>\n<meta name=\"twitter:label1\" content=\"Dur\u00e9e de lecture estim\u00e9e\" \/>\n\t<meta name=\"twitter:data1\" content=\"1 minute\" \/>\n<script type=\"application\/ld+json\" class=\"yoast-schema-graph\">{\"@context\":\"https:\\\/\\\/schema.org\",\"@graph\":[{\"@type\":\"WebPage\",\"@id\":\"https:\\\/\\\/labarraca1912.es\\\/tienda\\\/pasteleria\\\/perlas-plateadas-65g\\\/\",\"url\":\"https:\\\/\\\/labarraca1912.es\\\/tienda\\\/pasteleria\\\/perlas-plateadas-65g\\\/\",\"name\":\"Perlas Plateadas 65g - La Barraca\",\"isPartOf\":{\"@id\":\"https:\\\/\\\/labarraca1912.es\\\/#website\"},\"primaryImageOfPage\":{\"@id\":\"https:\\\/\\\/labarraca1912.es\\\/tienda\\\/pasteleria\\\/perlas-plateadas-65g\\\/#primaryimage\"},\"image\":{\"@id\":\"https:\\\/\\\/labarraca1912.es\\\/tienda\\\/pasteleria\\\/perlas-plateadas-65g\\\/#primaryimage\"},\"thumbnailUrl\":\"https:\\\/\\\/labarraca1912.es\\\/wp-content\\\/uploads\\\/2020\\\/04\\\/perlasplateadascristal.jpg\",\"datePublished\":\"2020-04-16T08:14:38+00:00\",\"dateModified\":\"2026-03-09T09:37:24+00:00\",\"breadcrumb\":{\"@id\":\"https:\\\/\\\/labarraca1912.es\\\/tienda\\\/pasteleria\\\/perlas-plateadas-65g\\\/#breadcrumb\"},\"inLanguage\":\"fr-FR\",\"potentialAction\":[{\"@type\":\"ReadAction\",\"target\":[\"https:\\\/\\\/labarraca1912.es\\\/tienda\\\/pasteleria\\\/perlas-plateadas-65g\\\/\"]}]},{\"@type\":\"ImageObject\",\"inLanguage\":\"fr-FR\",\"@id\":\"https:\\\/\\\/labarraca1912.es\\\/tienda\\\/pasteleria\\\/perlas-plateadas-65g\\\/#primaryimage\",\"url\":\"https:\\\/\\\/labarraca1912.es\\\/wp-content\\\/uploads\\\/2020\\\/04\\\/perlasplateadascristal.jpg\",\"contentUrl\":\"https:\\\/\\\/labarraca1912.es\\\/wp-content\\\/uploads\\\/2020\\\/04\\\/perlasplateadascristal.jpg\",\"width\":800,\"height\":800},{\"@type\":\"BreadcrumbList\",\"@id\":\"https:\\\/\\\/labarraca1912.es\\\/tienda\\\/pasteleria\\\/perlas-plateadas-65g\\\/#breadcrumb\",\"itemListElement\":[{\"@type\":\"ListItem\",\"position\":1,\"name\":\"La Barraca\",\"item\":\"https:\\\/\\\/labarraca1912.es\\\/\"},{\"@type\":\"ListItem\",\"position\":2,\"name\":\"Tienda\",\"item\":\"https:\\\/\\\/labarraca1912.es\\\/tienda\\\/\"},{\"@type\":\"ListItem\",\"position\":3,\"name\":\"Perlas Plateadas 65g\"}]},{\"@type\":\"WebSite\",\"@id\":\"https:\\\/\\\/labarraca1912.es\\\/#website\",\"url\":\"https:\\\/\\\/labarraca1912.es\\\/\",\"name\":\"La Barraca\",\"description\":\"La Casa del Sabor\",\"publisher\":{\"@id\":\"https:\\\/\\\/labarraca1912.es\\\/#organization\"},\"potentialAction\":[{\"@type\":\"SearchAction\",\"target\":{\"@type\":\"EntryPoint\",\"urlTemplate\":\"https:\\\/\\\/labarraca1912.es\\\/?s={search_term_string}\"},\"query-input\":{\"@type\":\"PropertyValueSpecification\",\"valueRequired\":true,\"valueName\":\"search_term_string\"}}],\"inLanguage\":\"fr-FR\"},{\"@type\":\"Organization\",\"@id\":\"https:\\\/\\\/labarraca1912.es\\\/#organization\",\"name\":\"La Barraca 1912 Alimentacion\",\"url\":\"https:\\\/\\\/labarraca1912.es\\\/\",\"logo\":{\"@type\":\"ImageObject\",\"inLanguage\":\"fr-FR\",\"@id\":\"https:\\\/\\\/labarraca1912.es\\\/#\\\/schema\\\/logo\\\/image\\\/\",\"url\":\"https:\\\/\\\/labarraca1912.es\\\/wp-content\\\/uploads\\\/2019\\\/06\\\/logo-labarraca.png\",\"contentUrl\":\"https:\\\/\\\/labarraca1912.es\\\/wp-content\\\/uploads\\\/2019\\\/06\\\/logo-labarraca.png\",\"width\":2917,\"height\":1809,\"caption\":\"La Barraca 1912 Alimentacion\"},\"image\":{\"@id\":\"https:\\\/\\\/labarraca1912.es\\\/#\\\/schema\\\/logo\\\/image\\\/\"}}]}<\/script>\n<!-- \/ Yoast SEO plugin. -->","yoast_head_json":{"title":"Perlas Plateadas 65g - La Barraca","robots":{"index":"index","follow":"follow","max-snippet":"max-snippet:-1","max-image-preview":"max-image-preview:large","max-video-preview":"max-video-preview:-1"},"canonical":"https:\/\/labarraca1912.es\/fr\/tienda\/pasteleria\/perlas-plateadas-65g\/","og_locale":"fr_FR","og_type":"article","og_title":"Perlas Plateadas 65g - La Barraca","og_description":"Perlas Plateadas 65g  Producto de confiter\u00eda a base de az\u00facar. Ideal para la decoraci\u00f3n en reposter\u00eda, pasteler\u00eda y helader\u00eda. Se aplica directamente sobre el postre a decorar, d\u00e1ndole un toque de color y mejorando su presentaci\u00f3n.  Ingredientes: Az\u00facar, harina de TRIGO, almid\u00f3n de TRIGO, almid\u00f3n de ma\u00edz, colorante: Plata E-174, estabilizantes: Goma ar\u00e1biga E-414 y Agar-agar E-406 y jarabe de glucosa.  Puede contener trazas de SOJA, FRUTOS DE C\u00c1SCARA, MOSTAZA, CRUST\u00c1CEOS y LECHE (INCLUIDA LA LACTOSA).  Informaci\u00f3n Nutricional. An\u00e1lisis medio por 100g de producto: Valor Energ\u00e9tico: 1681 kJ\/396 kcal. Grasas: 0g. De las cuales saturadas: 0g. Hidratos de Carbono: 98g. De los cuales az\u00facares: 93g. Prote\u00ednas: 0,6g. Sal: 0g.","og_url":"https:\/\/labarraca1912.es\/fr\/tienda\/pasteleria\/perlas-plateadas-65g\/","og_site_name":"La Barraca","article_modified_time":"2026-03-09T09:37:24+00:00","og_image":[{"width":800,"height":800,"url":"https:\/\/labarraca1912.es\/wp-content\/uploads\/2020\/04\/perlasplateadascristal.jpg","type":"image\/jpeg"}],"twitter_card":"summary_large_image","twitter_misc":{"Dur\u00e9e de lecture estim\u00e9e":"1 minute"},"schema":{"@context":"https:\/\/schema.org","@graph":[{"@type":"WebPage","@id":"https:\/\/labarraca1912.es\/tienda\/pasteleria\/perlas-plateadas-65g\/","url":"https:\/\/labarraca1912.es\/tienda\/pasteleria\/perlas-plateadas-65g\/","name":"Perlas Plateadas 65g - La Barraca","isPartOf":{"@id":"https:\/\/labarraca1912.es\/#website"},"primaryImageOfPage":{"@id":"https:\/\/labarraca1912.es\/tienda\/pasteleria\/perlas-plateadas-65g\/#primaryimage"},"image":{"@id":"https:\/\/labarraca1912.es\/tienda\/pasteleria\/perlas-plateadas-65g\/#primaryimage"},"thumbnailUrl":"https:\/\/labarraca1912.es\/wp-content\/uploads\/2020\/04\/perlasplateadascristal.jpg","datePublished":"2020-04-16T08:14:38+00:00","dateModified":"2026-03-09T09:37:24+00:00","breadcrumb":{"@id":"https:\/\/labarraca1912.es\/tienda\/pasteleria\/perlas-plateadas-65g\/#breadcrumb"},"inLanguage":"fr-FR","potentialAction":[{"@type":"ReadAction","target":["https:\/\/labarraca1912.es\/tienda\/pasteleria\/perlas-plateadas-65g\/"]}]},{"@type":"ImageObject","inLanguage":"fr-FR","@id":"https:\/\/labarraca1912.es\/tienda\/pasteleria\/perlas-plateadas-65g\/#primaryimage","url":"https:\/\/labarraca1912.es\/wp-content\/uploads\/2020\/04\/perlasplateadascristal.jpg","contentUrl":"https:\/\/labarraca1912.es\/wp-content\/uploads\/2020\/04\/perlasplateadascristal.jpg","width":800,"height":800},{"@type":"BreadcrumbList","@id":"https:\/\/labarraca1912.es\/tienda\/pasteleria\/perlas-plateadas-65g\/#breadcrumb","itemListElement":[{"@type":"ListItem","position":1,"name":"La Barraca","item":"https:\/\/labarraca1912.es\/"},{"@type":"ListItem","position":2,"name":"Tienda","item":"https:\/\/labarraca1912.es\/tienda\/"},{"@type":"ListItem","position":3,"name":"Perlas Plateadas 65g"}]},{"@type":"WebSite","@id":"https:\/\/labarraca1912.es\/#website","url":"https:\/\/labarraca1912.es\/","name":"La Barraca","description":"La Casa del Sabor","publisher":{"@id":"https:\/\/labarraca1912.es\/#organization"},"potentialAction":[{"@type":"SearchAction","target":{"@type":"EntryPoint","urlTemplate":"https:\/\/labarraca1912.es\/?s={search_term_string}"},"query-input":{"@type":"PropertyValueSpecification","valueRequired":true,"valueName":"search_term_string"}}],"inLanguage":"fr-FR"},{"@type":"Organization","@id":"https:\/\/labarraca1912.es\/#organization","name":"La Barraca 1912 Alimentacion","url":"https:\/\/labarraca1912.es\/","logo":{"@type":"ImageObject","inLanguage":"fr-FR","@id":"https:\/\/labarraca1912.es\/#\/schema\/logo\/image\/","url":"https:\/\/labarraca1912.es\/wp-content\/uploads\/2019\/06\/logo-labarraca.png","contentUrl":"https:\/\/labarraca1912.es\/wp-content\/uploads\/2019\/06\/logo-labarraca.png","width":2917,"height":1809,"caption":"La Barraca 1912 Alimentacion"},"image":{"@id":"https:\/\/labarraca1912.es\/#\/schema\/logo\/image\/"}}]}},"_links":{"self":[{"href":"https:\/\/labarraca1912.es\/fr\/wp-json\/wp\/v2\/product\/4857","targetHints":{"allow":["GET"]}}],"collection":[{"href":"https:\/\/labarraca1912.es\/fr\/wp-json\/wp\/v2\/product"}],"about":[{"href":"https:\/\/labarraca1912.es\/fr\/wp-json\/wp\/v2\/types\/product"}],"replies":[{"embeddable":true,"href":"https:\/\/labarraca1912.es\/fr\/wp-json\/wp\/v2\/comments?post=4857"}],"wp:featuredmedia":[{"embeddable":true,"href":"https:\/\/labarraca1912.es\/fr\/wp-json\/wp\/v2\/media\/4768"}],"wp:attachment":[{"href":"https:\/\/labarraca1912.es\/fr\/wp-json\/wp\/v2\/media?parent=4857"}],"wp:term":[{"taxonomy":"product_brand","embeddable":true,"href":"https:\/\/labarraca1912.es\/fr\/wp-json\/wp\/v2\/product_brand?post=4857"},{"taxonomy":"product_cat","embeddable":true,"href":"https:\/\/labarraca1912.es\/fr\/wp-json\/wp\/v2\/product_cat?post=4857"},{"taxonomy":"product_tag","embeddable":true,"href":"https:\/\/labarraca1912.es\/fr\/wp-json\/wp\/v2\/product_tag?post=4857"}],"curies":[{"name":"wp","href":"https:\/\/api.w.org\/{rel}","templated":true}]}}

<p>PERLAS PLATEADAS &#8211; 65g: Producto de confitería a base de azúcar. Ideal para la decoración en repostería, pastelería y heladería.</p>
<p><strong>Perles Argent:</strong> Il s'applique directement sur le dessert à décorer, lui apportant une touche de couleur et améliorant sa présentation.</p>

<blockquote>
<h2><strong>Perles Argent </strong>65g</h2>
</blockquote>
<p>Produit de confiserie à base de sucre. Idéal pour la décoration de pâtisseries, pâtisseries et glaciers. Il s'applique directement sur le dessert à décorer, lui apportant une touche de couleur et améliorant sa présentation.</p>
<p><em><strong>Ingrédients:</strong> </em>Sucre, farine de <strong>BLÉ</strong>, amidon de <strong>BLÉ</strong>, amidon de maïs, colorant : Argent E-174, stabilisants : Gomme Arabique E-414 et Agar-agar E-406 et sirop de glucose.</p>
<p>Peut contenir des traces de <strong>SOJA, NOIX, MOUTARDE, CRUSTACÉS et LAIT (Y COMPRIS LACTOSE).</strong></p>
<p><strong><em>Déclaration nutritionnelle. Valeurs moyennes per 100g de produit: </em></strong>Énergie: 1681 kJ/396 kcal. Graisses: 0g. Dont acides gras saturés: 0g. Glucides: 98g. Dont sucres: 93g. Protéines: 0,6g. Sel: 0g.</p>

<!-- This site is optimized with the Yoast SEO plugin v27.5 - https://yoast.com/product/yoast-seo-wordpress/ -->
<title>Perlas Plateadas 65g - La Barraca</title>
<meta name="robots" content="index, follow, max-snippet:-1, max-image-preview:large, max-video-preview:-1" />
<link rel="canonical" href="https://labarraca1912.es/fr/tienda/pasteleria/perlas-plateadas-65g/" />
<meta property="og:locale" content="fr_FR" />
<meta property="og:type" content="article" />
<meta property="og:title" content="Perlas Plateadas 65g - La Barraca" />
<meta property="og:description" content="Perlas Plateadas 65g  Producto de confitería a base de azúcar. Ideal para la decoración en repostería, pastelería y heladería. Se aplica directamente sobre el postre a decorar, dándole un toque de color y mejorando su presentación.  Ingredientes: Azúcar, harina de TRIGO, almidón de TRIGO, almidón de maíz, colorante: Plata E-174, estabilizantes: Goma arábiga E-414 y Agar-agar E-406 y jarabe de glucosa.  Puede contener trazas de SOJA, FRUTOS DE CÁSCARA, MOSTAZA, CRUSTÁCEOS y LECHE (INCLUIDA LA LACTOSA).  Información Nutricional. Análisis medio por 100g de producto: Valor Energético: 1681 kJ/396 kcal. Grasas: 0g. De las cuales saturadas: 0g. Hidratos de Carbono: 98g. De los cuales azúcares: 93g. Proteínas: 0,6g. Sal: 0g." />
<meta property="og:url" content="https://labarraca1912.es/fr/tienda/pasteleria/perlas-plateadas-65g/" />
<meta property="og:site_name" content="La Barraca" />
<meta property="article:modified_time" content="2026-03-09T09:37:24+00:00" />
<meta property="og:image" content="https://labarraca1912.es/wp-content/uploads/2020/04/perlasplateadascristal.jpg" />
	<meta property="og:image:width" content="800" />
	<meta property="og:image:height" content="800" />
	<meta property="og:image:type" content="image/jpeg" />
<meta name="twitter:card" content="summary_large_image" />
<meta name="twitter:label1" content="Durée de lecture estimée" />
	<meta name="twitter:data1" content="1 minute" />
<script type="application/ld+json" class="yoast-schema-graph">{"@context":"https:\/\/schema.org","@graph":[{"@type":"WebPage","@id":"https:\/\/labarraca1912.es\/tienda\/pasteleria\/perlas-plateadas-65g\/","url":"https:\/\/labarraca1912.es\/tienda\/pasteleria\/perlas-plateadas-65g\/","name":"Perlas Plateadas 65g - La Barraca","isPartOf":{"@id":"https:\/\/labarraca1912.es\/#website"},"primaryImageOfPage":{"@id":"https:\/\/labarraca1912.es\/tienda\/pasteleria\/perlas-plateadas-65g\/#primaryimage"},"image":{"@id":"https:\/\/labarraca1912.es\/tienda\/pasteleria\/perlas-plateadas-65g\/#primaryimage"},"thumbnailUrl":"https:\/\/labarraca1912.es\/wp-content\/uploads\/2020\/04\/perlasplateadascristal.jpg","datePublished":"2020-04-16T08:14:38+00:00","dateModified":"2026-03-09T09:37:24+00:00","breadcrumb":{"@id":"https:\/\/labarraca1912.es\/tienda\/pasteleria\/perlas-plateadas-65g\/#breadcrumb"},"inLanguage":"fr-FR","potentialAction":[{"@type":"ReadAction","target":["https:\/\/labarraca1912.es\/tienda\/pasteleria\/perlas-plateadas-65g\/"]}]},{"@type":"ImageObject","inLanguage":"fr-FR","@id":"https:\/\/labarraca1912.es\/tienda\/pasteleria\/perlas-plateadas-65g\/#primaryimage","url":"https:\/\/labarraca1912.es\/wp-content\/uploads\/2020\/04\/perlasplateadascristal.jpg","contentUrl":"https:\/\/labarraca1912.es\/wp-content\/uploads\/2020\/04\/perlasplateadascristal.jpg","width":800,"height":800},{"@type":"BreadcrumbList","@id":"https:\/\/labarraca1912.es\/tienda\/pasteleria\/perlas-plateadas-65g\/#breadcrumb","itemListElement":[{"@type":"ListItem","position":1,"name":"La Barraca","item":"https:\/\/labarraca1912.es\/"},{"@type":"ListItem","position":2,"name":"Tienda","item":"https:\/\/labarraca1912.es\/tienda\/"},{"@type":"ListItem","position":3,"name":"Perlas Plateadas 65g"}]},{"@type":"WebSite","@id":"https:\/\/labarraca1912.es\/#website","url":"https:\/\/labarraca1912.es\/","name":"La Barraca","description":"La Casa del Sabor","publisher":{"@id":"https:\/\/labarraca1912.es\/#organization"},"potentialAction":[{"@type":"SearchAction","target":{"@type":"EntryPoint","urlTemplate":"https:\/\/labarraca1912.es\/?s={search_term_string}"},"query-input":{"@type":"PropertyValueSpecification","valueRequired":true,"valueName":"search_term_string"}}],"inLanguage":"fr-FR"},{"@type":"Organization","@id":"https:\/\/labarraca1912.es\/#organization","name":"La Barraca 1912 Alimentacion","url":"https:\/\/labarraca1912.es\/","logo":{"@type":"ImageObject","inLanguage":"fr-FR","@id":"https:\/\/labarraca1912.es\/#\/schema\/logo\/image\/","url":"https:\/\/labarraca1912.es\/wp-content\/uploads\/2019\/06\/logo-labarraca.png","contentUrl":"https:\/\/labarraca1912.es\/wp-content\/uploads\/2019\/06\/logo-labarraca.png","width":2917,"height":1809,"caption":"La Barraca 1912 Alimentacion"},"image":{"@id":"https:\/\/labarraca1912.es\/#\/schema\/logo\/image\/"}}]}</script>
<!-- / Yoast SEO plugin. -->

Perlas Plateadas 65g  Producto de confitería a base de azúcar. Ideal para la decoración en repostería, pastelería y heladería. Se aplica directamente sobre el postre a decorar, dándole un toque de color y mejorando su presentación.  Ingredientes: Azúcar, harina de TRIGO, almidón de TRIGO, almidón de maíz, colorante: Plata E-174, estabilizantes: Goma arábiga E-414 y Agar-agar E-406 y jarabe de glucosa.  Puede contener trazas de SOJA, FRUTOS DE CÁSCARA, MOSTAZA, CRUSTÁCEOS y LECHE (INCLUIDA LA LACTOSA).  Información Nutricional. Análisis medio por 100g de producto: Valor Energético: 1681 kJ/396 kcal. Grasas: 0g. De las cuales saturadas: 0g. Hidratos de Carbono: 98g. De los cuales azúcares: 93g. Proteínas: 0,6g. Sal: 0g.
