{"id":5110,"date":"2020-05-25T14:25:38","date_gmt":"2020-05-25T12:25:38","guid":{"rendered":"https:\/\/labarraca1912.es\/?post_type=product&#038;p=5110"},"modified":"2026-03-09T09:58:31","modified_gmt":"2026-03-09T08:58:31","slug":"cominos-grano","status":"publish","type":"product","link":"https:\/\/labarraca1912.es\/fr\/tienda\/especias-y-condimentos\/cominos-grano\/","title":{"rendered":"Cumin en Grain"},"content":{"rendered":"<p>CUMIN EN GRAIN: C'est le fruit m\u00fbr et s\u00e9ch\u00e9 du Cuminumcyminum de forme allong\u00e9e et de couleur brun jaun\u00e2tre. Il conf\u00e8re un ar\u00f4me fort et une saveur caract\u00e9ristique aux rago\u00fbts, en rehaussant toutes les saveurs. Il est utilis\u00e9 dans les cornichons, les l\u00e9gumes frits, les sauces et les rago\u00fbts de viande.<\/p>\n<p><strong>Cumin en Grain: <\/strong>Il est utilis\u00e9 dans les cornichons, les l\u00e9gumes frits, les sauces et les rago\u00fbts de viande.<\/p>","protected":false},"excerpt":{"rendered":"<blockquote>\n<h2><strong>Cumin en Grain<\/strong><\/h2>\n<\/blockquote>\n<p>C'est le fruit m\u00fbr et s\u00e9ch\u00e9 du Cuminumcyminum de forme allong\u00e9e et de couleur brun jaun\u00e2tre. Il conf\u00e8re un ar\u00f4me fort et une saveur caract\u00e9ristique aux rago\u00fbts, en rehaussant toutes les saveurs. Il est utilis\u00e9 dans les cornichons, les l\u00e9gumes frits, les sauces et les rago\u00fbts de viande.<\/p>\n<p><em><strong>Ingr\u00e9dients:<\/strong><\/em> Cumin en grain.<\/p>\n<p>Peut contenir des traces de <strong>GLUTEN, S\u00c9SAME, MOUTARDE et C\u00c9LERI.<\/strong><\/p>","protected":false},"featured_media":12312,"comment_status":"open","ping_status":"closed","template":"","meta":{"_et_pb_use_builder":"","_et_pb_old_content":"","_et_gb_content_width":""},"product_brand":[],"product_cat":[19],"product_tag":[123,67,193,194,105],"class_list":{"0":"post-5110","1":"product","2":"type-product","3":"status-publish","4":"has-post-thumbnail","6":"product_cat-especias-y-condimentos","7":"product_tag-caracoles","8":"product_tag-carne","9":"product_tag-cominos","10":"product_tag-escabeche","11":"product_tag-guisos","13":"first","14":"instock","15":"taxable","16":"shipping-taxable","17":"purchasable","18":"product-type-variable"},"yoast_head":"<!-- This site is optimized with the Yoast SEO plugin v27.5 - https:\/\/yoast.com\/product\/yoast-seo-wordpress\/ -->\n<title>Comprar Comino en Grano | La Barraca<\/title>\n<meta name=\"description\" content=\"Comprar cominos en grano naturales para dar aroma y sabor intenso a guisos, escabeches, frituras vegetales y salsas. Ideal para potenciar tus recetas.\" \/>\n<meta name=\"robots\" content=\"index, follow, max-snippet:-1, max-image-preview:large, max-video-preview:-1\" \/>\n<link rel=\"canonical\" href=\"https:\/\/labarraca1912.es\/fr\/tienda\/especias-y-condimentos\/cominos-grano\/\" \/>\n<meta property=\"og:locale\" content=\"fr_FR\" \/>\n<meta property=\"og:type\" content=\"article\" \/>\n<meta property=\"og:title\" content=\"Comprar Comino en Grano | La Barraca\" \/>\n<meta property=\"og:description\" content=\"Comprar cominos en grano naturales para dar aroma y sabor intenso a guisos, escabeches, frituras vegetales y salsas. Ideal para potenciar tus recetas.\" \/>\n<meta property=\"og:url\" content=\"https:\/\/labarraca1912.es\/fr\/tienda\/especias-y-condimentos\/cominos-grano\/\" \/>\n<meta property=\"og:site_name\" content=\"La Barraca\" \/>\n<meta property=\"article:modified_time\" content=\"2026-03-09T08:58:31+00:00\" \/>\n<meta property=\"og:image\" content=\"https:\/\/labarraca1912.es\/wp-content\/uploads\/cominosgranobm2025.jpg\" \/>\n\t<meta property=\"og:image:width\" content=\"800\" \/>\n\t<meta property=\"og:image:height\" content=\"800\" \/>\n\t<meta property=\"og:image:type\" content=\"image\/jpeg\" \/>\n<meta name=\"twitter:card\" content=\"summary_large_image\" \/>\n<meta name=\"twitter:label1\" content=\"Dur\u00e9e de lecture estim\u00e9e\" \/>\n\t<meta name=\"twitter:data1\" content=\"1 minute\" \/>\n<script type=\"application\/ld+json\" class=\"yoast-schema-graph\">{\"@context\":\"https:\\\/\\\/schema.org\",\"@graph\":[{\"@type\":\"WebPage\",\"@id\":\"https:\\\/\\\/labarraca1912.es\\\/tienda\\\/especias-y-condimentos\\\/cominos-grano\\\/\",\"url\":\"https:\\\/\\\/labarraca1912.es\\\/tienda\\\/especias-y-condimentos\\\/cominos-grano\\\/\",\"name\":\"Comprar Comino en Grano | La Barraca\",\"isPartOf\":{\"@id\":\"https:\\\/\\\/labarraca1912.es\\\/#website\"},\"primaryImageOfPage\":{\"@id\":\"https:\\\/\\\/labarraca1912.es\\\/tienda\\\/especias-y-condimentos\\\/cominos-grano\\\/#primaryimage\"},\"image\":{\"@id\":\"https:\\\/\\\/labarraca1912.es\\\/tienda\\\/especias-y-condimentos\\\/cominos-grano\\\/#primaryimage\"},\"thumbnailUrl\":\"https:\\\/\\\/labarraca1912.es\\\/wp-content\\\/uploads\\\/cominosgranobm2025.jpg\",\"datePublished\":\"2020-05-25T12:25:38+00:00\",\"dateModified\":\"2026-03-09T08:58:31+00:00\",\"description\":\"Comprar cominos en grano naturales para dar aroma y sabor intenso a guisos, escabeches, frituras vegetales y salsas. Ideal para potenciar tus recetas.\",\"breadcrumb\":{\"@id\":\"https:\\\/\\\/labarraca1912.es\\\/tienda\\\/especias-y-condimentos\\\/cominos-grano\\\/#breadcrumb\"},\"inLanguage\":\"fr-FR\",\"potentialAction\":[{\"@type\":\"ReadAction\",\"target\":[\"https:\\\/\\\/labarraca1912.es\\\/tienda\\\/especias-y-condimentos\\\/cominos-grano\\\/\"]}]},{\"@type\":\"ImageObject\",\"inLanguage\":\"fr-FR\",\"@id\":\"https:\\\/\\\/labarraca1912.es\\\/tienda\\\/especias-y-condimentos\\\/cominos-grano\\\/#primaryimage\",\"url\":\"https:\\\/\\\/labarraca1912.es\\\/wp-content\\\/uploads\\\/cominosgranobm2025.jpg\",\"contentUrl\":\"https:\\\/\\\/labarraca1912.es\\\/wp-content\\\/uploads\\\/cominosgranobm2025.jpg\",\"width\":800,\"height\":800},{\"@type\":\"BreadcrumbList\",\"@id\":\"https:\\\/\\\/labarraca1912.es\\\/tienda\\\/especias-y-condimentos\\\/cominos-grano\\\/#breadcrumb\",\"itemListElement\":[{\"@type\":\"ListItem\",\"position\":1,\"name\":\"La Barraca\",\"item\":\"https:\\\/\\\/labarraca1912.es\\\/\"},{\"@type\":\"ListItem\",\"position\":2,\"name\":\"Tienda\",\"item\":\"https:\\\/\\\/labarraca1912.es\\\/tienda\\\/\"},{\"@type\":\"ListItem\",\"position\":3,\"name\":\"Cominos Grano\"}]},{\"@type\":\"WebSite\",\"@id\":\"https:\\\/\\\/labarraca1912.es\\\/#website\",\"url\":\"https:\\\/\\\/labarraca1912.es\\\/\",\"name\":\"La Barraca\",\"description\":\"La Casa del Sabor\",\"publisher\":{\"@id\":\"https:\\\/\\\/labarraca1912.es\\\/#organization\"},\"potentialAction\":[{\"@type\":\"SearchAction\",\"target\":{\"@type\":\"EntryPoint\",\"urlTemplate\":\"https:\\\/\\\/labarraca1912.es\\\/?s={search_term_string}\"},\"query-input\":{\"@type\":\"PropertyValueSpecification\",\"valueRequired\":true,\"valueName\":\"search_term_string\"}}],\"inLanguage\":\"fr-FR\"},{\"@type\":\"Organization\",\"@id\":\"https:\\\/\\\/labarraca1912.es\\\/#organization\",\"name\":\"La Barraca 1912 Alimentacion\",\"url\":\"https:\\\/\\\/labarraca1912.es\\\/\",\"logo\":{\"@type\":\"ImageObject\",\"inLanguage\":\"fr-FR\",\"@id\":\"https:\\\/\\\/labarraca1912.es\\\/#\\\/schema\\\/logo\\\/image\\\/\",\"url\":\"https:\\\/\\\/labarraca1912.es\\\/wp-content\\\/uploads\\\/2019\\\/06\\\/logo-labarraca.png\",\"contentUrl\":\"https:\\\/\\\/labarraca1912.es\\\/wp-content\\\/uploads\\\/2019\\\/06\\\/logo-labarraca.png\",\"width\":2917,\"height\":1809,\"caption\":\"La Barraca 1912 Alimentacion\"},\"image\":{\"@id\":\"https:\\\/\\\/labarraca1912.es\\\/#\\\/schema\\\/logo\\\/image\\\/\"}}]}<\/script>\n<!-- \/ Yoast SEO plugin. -->","yoast_head_json":{"title":"Comprar Comino en Grano | La Barraca","description":"Comprar cominos en grano naturales para dar aroma y sabor intenso a guisos, escabeches, frituras vegetales y salsas. Ideal para potenciar tus recetas.","robots":{"index":"index","follow":"follow","max-snippet":"max-snippet:-1","max-image-preview":"max-image-preview:large","max-video-preview":"max-video-preview:-1"},"canonical":"https:\/\/labarraca1912.es\/fr\/tienda\/especias-y-condimentos\/cominos-grano\/","og_locale":"fr_FR","og_type":"article","og_title":"Comprar Comino en Grano | La Barraca","og_description":"Comprar cominos en grano naturales para dar aroma y sabor intenso a guisos, escabeches, frituras vegetales y salsas. Ideal para potenciar tus recetas.","og_url":"https:\/\/labarraca1912.es\/fr\/tienda\/especias-y-condimentos\/cominos-grano\/","og_site_name":"La Barraca","article_modified_time":"2026-03-09T08:58:31+00:00","og_image":[{"width":800,"height":800,"url":"https:\/\/labarraca1912.es\/wp-content\/uploads\/cominosgranobm2025.jpg","type":"image\/jpeg"}],"twitter_card":"summary_large_image","twitter_misc":{"Dur\u00e9e de lecture estim\u00e9e":"1 minute"},"schema":{"@context":"https:\/\/schema.org","@graph":[{"@type":"WebPage","@id":"https:\/\/labarraca1912.es\/tienda\/especias-y-condimentos\/cominos-grano\/","url":"https:\/\/labarraca1912.es\/tienda\/especias-y-condimentos\/cominos-grano\/","name":"Comprar Comino en Grano | La Barraca","isPartOf":{"@id":"https:\/\/labarraca1912.es\/#website"},"primaryImageOfPage":{"@id":"https:\/\/labarraca1912.es\/tienda\/especias-y-condimentos\/cominos-grano\/#primaryimage"},"image":{"@id":"https:\/\/labarraca1912.es\/tienda\/especias-y-condimentos\/cominos-grano\/#primaryimage"},"thumbnailUrl":"https:\/\/labarraca1912.es\/wp-content\/uploads\/cominosgranobm2025.jpg","datePublished":"2020-05-25T12:25:38+00:00","dateModified":"2026-03-09T08:58:31+00:00","description":"Comprar cominos en grano naturales para dar aroma y sabor intenso a guisos, escabeches, frituras vegetales y salsas. Ideal para potenciar tus recetas.","breadcrumb":{"@id":"https:\/\/labarraca1912.es\/tienda\/especias-y-condimentos\/cominos-grano\/#breadcrumb"},"inLanguage":"fr-FR","potentialAction":[{"@type":"ReadAction","target":["https:\/\/labarraca1912.es\/tienda\/especias-y-condimentos\/cominos-grano\/"]}]},{"@type":"ImageObject","inLanguage":"fr-FR","@id":"https:\/\/labarraca1912.es\/tienda\/especias-y-condimentos\/cominos-grano\/#primaryimage","url":"https:\/\/labarraca1912.es\/wp-content\/uploads\/cominosgranobm2025.jpg","contentUrl":"https:\/\/labarraca1912.es\/wp-content\/uploads\/cominosgranobm2025.jpg","width":800,"height":800},{"@type":"BreadcrumbList","@id":"https:\/\/labarraca1912.es\/tienda\/especias-y-condimentos\/cominos-grano\/#breadcrumb","itemListElement":[{"@type":"ListItem","position":1,"name":"La Barraca","item":"https:\/\/labarraca1912.es\/"},{"@type":"ListItem","position":2,"name":"Tienda","item":"https:\/\/labarraca1912.es\/tienda\/"},{"@type":"ListItem","position":3,"name":"Cominos Grano"}]},{"@type":"WebSite","@id":"https:\/\/labarraca1912.es\/#website","url":"https:\/\/labarraca1912.es\/","name":"La Barraca","description":"La Casa del Sabor","publisher":{"@id":"https:\/\/labarraca1912.es\/#organization"},"potentialAction":[{"@type":"SearchAction","target":{"@type":"EntryPoint","urlTemplate":"https:\/\/labarraca1912.es\/?s={search_term_string}"},"query-input":{"@type":"PropertyValueSpecification","valueRequired":true,"valueName":"search_term_string"}}],"inLanguage":"fr-FR"},{"@type":"Organization","@id":"https:\/\/labarraca1912.es\/#organization","name":"La Barraca 1912 Alimentacion","url":"https:\/\/labarraca1912.es\/","logo":{"@type":"ImageObject","inLanguage":"fr-FR","@id":"https:\/\/labarraca1912.es\/#\/schema\/logo\/image\/","url":"https:\/\/labarraca1912.es\/wp-content\/uploads\/2019\/06\/logo-labarraca.png","contentUrl":"https:\/\/labarraca1912.es\/wp-content\/uploads\/2019\/06\/logo-labarraca.png","width":2917,"height":1809,"caption":"La Barraca 1912 Alimentacion"},"image":{"@id":"https:\/\/labarraca1912.es\/#\/schema\/logo\/image\/"}}]}},"_links":{"self":[{"href":"https:\/\/labarraca1912.es\/fr\/wp-json\/wp\/v2\/product\/5110","targetHints":{"allow":["GET"]}}],"collection":[{"href":"https:\/\/labarraca1912.es\/fr\/wp-json\/wp\/v2\/product"}],"about":[{"href":"https:\/\/labarraca1912.es\/fr\/wp-json\/wp\/v2\/types\/product"}],"replies":[{"embeddable":true,"href":"https:\/\/labarraca1912.es\/fr\/wp-json\/wp\/v2\/comments?post=5110"}],"wp:featuredmedia":[{"embeddable":true,"href":"https:\/\/labarraca1912.es\/fr\/wp-json\/wp\/v2\/media\/12312"}],"wp:attachment":[{"href":"https:\/\/labarraca1912.es\/fr\/wp-json\/wp\/v2\/media?parent=5110"}],"wp:term":[{"taxonomy":"product_brand","embeddable":true,"href":"https:\/\/labarraca1912.es\/fr\/wp-json\/wp\/v2\/product_brand?post=5110"},{"taxonomy":"product_cat","embeddable":true,"href":"https:\/\/labarraca1912.es\/fr\/wp-json\/wp\/v2\/product_cat?post=5110"},{"taxonomy":"product_tag","embeddable":true,"href":"https:\/\/labarraca1912.es\/fr\/wp-json\/wp\/v2\/product_tag?post=5110"}],"curies":[{"name":"wp","href":"https:\/\/api.w.org\/{rel}","templated":true}]}}

<p>CUMIN EN GRAIN: C'est le fruit mûr et séché du Cuminumcyminum de forme allongée et de couleur brun jaunâtre. Il confère un arôme fort et une saveur caractéristique aux ragoûts, en rehaussant toutes les saveurs. Il est utilisé dans les cornichons, les légumes frits, les sauces et les ragoûts de viande.</p>
<p><strong>Cumin en Grain: </strong>Il est utilisé dans les cornichons, les légumes frits, les sauces et les ragoûts de viande.</p>

<blockquote>
<h2><strong>Cumin en Grain</strong></h2>
</blockquote>
<p>C'est le fruit mûr et séché du Cuminumcyminum de forme allongée et de couleur brun jaunâtre. Il confère un arôme fort et une saveur caractéristique aux ragoûts, en rehaussant toutes les saveurs. Il est utilisé dans les cornichons, les légumes frits, les sauces et les ragoûts de viande.</p>
<p><em><strong>Ingrédients:</strong></em> Cumin en grain.</p>
<p>Peut contenir des traces de <strong>GLUTEN, SÉSAME, MOUTARDE et CÉLERI.</strong></p>

<!-- This site is optimized with the Yoast SEO plugin v27.5 - https://yoast.com/product/yoast-seo-wordpress/ -->
<title>Comprar Comino en Grano | La Barraca</title>
<meta name="description" content="Comprar cominos en grano naturales para dar aroma y sabor intenso a guisos, escabeches, frituras vegetales y salsas. Ideal para potenciar tus recetas." />
<meta name="robots" content="index, follow, max-snippet:-1, max-image-preview:large, max-video-preview:-1" />
<link rel="canonical" href="https://labarraca1912.es/fr/tienda/especias-y-condimentos/cominos-grano/" />
<meta property="og:locale" content="fr_FR" />
<meta property="og:type" content="article" />
<meta property="og:title" content="Comprar Comino en Grano | La Barraca" />
<meta property="og:description" content="Comprar cominos en grano naturales para dar aroma y sabor intenso a guisos, escabeches, frituras vegetales y salsas. Ideal para potenciar tus recetas." />
<meta property="og:url" content="https://labarraca1912.es/fr/tienda/especias-y-condimentos/cominos-grano/" />
<meta property="og:site_name" content="La Barraca" />
<meta property="article:modified_time" content="2026-03-09T08:58:31+00:00" />
<meta property="og:image" content="https://labarraca1912.es/wp-content/uploads/cominosgranobm2025.jpg" />
	<meta property="og:image:width" content="800" />
	<meta property="og:image:height" content="800" />
	<meta property="og:image:type" content="image/jpeg" />
<meta name="twitter:card" content="summary_large_image" />
<meta name="twitter:label1" content="Durée de lecture estimée" />
	<meta name="twitter:data1" content="1 minute" />
<script type="application/ld+json" class="yoast-schema-graph">{"@context":"https:\/\/schema.org","@graph":[{"@type":"WebPage","@id":"https:\/\/labarraca1912.es\/tienda\/especias-y-condimentos\/cominos-grano\/","url":"https:\/\/labarraca1912.es\/tienda\/especias-y-condimentos\/cominos-grano\/","name":"Comprar Comino en Grano | La Barraca","isPartOf":{"@id":"https:\/\/labarraca1912.es\/#website"},"primaryImageOfPage":{"@id":"https:\/\/labarraca1912.es\/tienda\/especias-y-condimentos\/cominos-grano\/#primaryimage"},"image":{"@id":"https:\/\/labarraca1912.es\/tienda\/especias-y-condimentos\/cominos-grano\/#primaryimage"},"thumbnailUrl":"https:\/\/labarraca1912.es\/wp-content\/uploads\/cominosgranobm2025.jpg","datePublished":"2020-05-25T12:25:38+00:00","dateModified":"2026-03-09T08:58:31+00:00","description":"Comprar cominos en grano naturales para dar aroma y sabor intenso a guisos, escabeches, frituras vegetales y salsas. Ideal para potenciar tus recetas.","breadcrumb":{"@id":"https:\/\/labarraca1912.es\/tienda\/especias-y-condimentos\/cominos-grano\/#breadcrumb"},"inLanguage":"fr-FR","potentialAction":[{"@type":"ReadAction","target":["https:\/\/labarraca1912.es\/tienda\/especias-y-condimentos\/cominos-grano\/"]}]},{"@type":"ImageObject","inLanguage":"fr-FR","@id":"https:\/\/labarraca1912.es\/tienda\/especias-y-condimentos\/cominos-grano\/#primaryimage","url":"https:\/\/labarraca1912.es\/wp-content\/uploads\/cominosgranobm2025.jpg","contentUrl":"https:\/\/labarraca1912.es\/wp-content\/uploads\/cominosgranobm2025.jpg","width":800,"height":800},{"@type":"BreadcrumbList","@id":"https:\/\/labarraca1912.es\/tienda\/especias-y-condimentos\/cominos-grano\/#breadcrumb","itemListElement":[{"@type":"ListItem","position":1,"name":"La Barraca","item":"https:\/\/labarraca1912.es\/"},{"@type":"ListItem","position":2,"name":"Tienda","item":"https:\/\/labarraca1912.es\/tienda\/"},{"@type":"ListItem","position":3,"name":"Cominos Grano"}]},{"@type":"WebSite","@id":"https:\/\/labarraca1912.es\/#website","url":"https:\/\/labarraca1912.es\/","name":"La Barraca","description":"La Casa del Sabor","publisher":{"@id":"https:\/\/labarraca1912.es\/#organization"},"potentialAction":[{"@type":"SearchAction","target":{"@type":"EntryPoint","urlTemplate":"https:\/\/labarraca1912.es\/?s={search_term_string}"},"query-input":{"@type":"PropertyValueSpecification","valueRequired":true,"valueName":"search_term_string"}}],"inLanguage":"fr-FR"},{"@type":"Organization","@id":"https:\/\/labarraca1912.es\/#organization","name":"La Barraca 1912 Alimentacion","url":"https:\/\/labarraca1912.es\/","logo":{"@type":"ImageObject","inLanguage":"fr-FR","@id":"https:\/\/labarraca1912.es\/#\/schema\/logo\/image\/","url":"https:\/\/labarraca1912.es\/wp-content\/uploads\/2019\/06\/logo-labarraca.png","contentUrl":"https:\/\/labarraca1912.es\/wp-content\/uploads\/2019\/06\/logo-labarraca.png","width":2917,"height":1809,"caption":"La Barraca 1912 Alimentacion"},"image":{"@id":"https:\/\/labarraca1912.es\/#\/schema\/logo\/image\/"}}]}</script>
<!-- / Yoast SEO plugin. -->
