{"id":6361,"date":"2021-01-18T10:54:24","date_gmt":"2021-01-18T09:54:24","guid":{"rendered":"https:\/\/labarraca1912.es\/?post_type=product&#038;p=6361"},"modified":"2026-04-29T08:38:53","modified_gmt":"2026-04-29T06:38:53","slug":"colorante-alimentario","status":"publish","type":"product","link":"https:\/\/labarraca1912.es\/fr\/tienda\/especias-y-condimentos\/colorante-alimentario\/","title":{"rendered":"Colorant Alimentaire"},"content":{"rendered":"<p>COLORANT ALIMENTAIRE: Produit en poudre fine jaune-orange \u00e0 base de farine de ma\u00efs, de sel et de colorants, largement utilis\u00e9 dans la gastronomie espagnole, qui donne une teinte jaune aux aliments incorpor\u00e9s, les rendant plus app\u00e9tissants.<\/p>\n<p><strong>Colorant Alimentaire: <\/strong>Largement utilis\u00e9 dans la cuisine m\u00e9diterran\u00e9enne dans les paellas, les plats de riz, les soupes ou les rago\u00fbts.<\/p>","protected":false},"excerpt":{"rendered":"<blockquote>\n<h2><strong>Colorant Alimentaire<\/strong><\/h2>\n<\/blockquote>\n<p><img decoding=\"async\" class=\"alignnone wp-image-10937\" src=\"https:\/\/labarraca1912.es\/wp-content\/uploads\/glutenfree.jpg\" alt=\"\" width=\"203\" height=\"35\" \/><\/p>\n<p>Produit en poudre fine jaune-orange \u00e0 base de farine de ma\u00efs, de sel et de colorants, largement utilis\u00e9 dans la gastronomie espagnole, qui donne une teinte jaune aux aliments incorpor\u00e9s, les rendant plus app\u00e9tissants. Largement utilis\u00e9 dans la cuisine m\u00e9diterran\u00e9enne dans les paellas, les plats de riz, les soupes ou les rago\u00fbts.<\/p>\n<p><em><strong>Ingr\u00e9dients:<\/strong> <\/em>Farine de ma\u00efs, sel et colorant : Tartrazine E-102.<\/p>\n<p>Peut contenir des traces de <strong>SOJA<\/strong>. \u00abColorante E-102: puede tener efectos negativos sobre la actividad y la atenci\u00f3n de los ni\u00f1os\u00bb.<\/p>","protected":false},"featured_media":10527,"comment_status":"open","ping_status":"closed","template":"","meta":{"_et_pb_use_builder":"","_et_pb_old_content":"","_et_gb_content_width":""},"product_brand":[],"product_cat":[19,122],"product_tag":[39,106,38,105,36],"class_list":{"0":"post-6361","1":"product","2":"type-product","3":"status-publish","4":"has-post-thumbnail","6":"product_cat-especias-y-condimentos","7":"product_cat-productos-paella","8":"product_tag-arroz","9":"product_tag-color","10":"product_tag-colorante","11":"product_tag-guisos","12":"product_tag-paella","14":"first","15":"instock","16":"taxable","17":"shipping-taxable","18":"purchasable","19":"product-type-variable"},"yoast_head":"<!-- This site is optimized with the Yoast SEO plugin v27.5 - https:\/\/yoast.com\/product\/yoast-seo-wordpress\/ -->\n<title>Comprar Colorante Alimentario para paellas y arroces | La Barraca<\/title>\n<meta name=\"description\" content=\"Compra colorante alimentario en polvo, ideal para dar un color amarillo intenso y apetecible a paellas, arroces y guisos tradicionales.\" \/>\n<meta name=\"robots\" content=\"index, follow, max-snippet:-1, max-image-preview:large, max-video-preview:-1\" \/>\n<link rel=\"canonical\" href=\"https:\/\/labarraca1912.es\/fr\/tienda\/especias-y-condimentos\/colorante-alimentario\/\" \/>\n<meta property=\"og:locale\" content=\"fr_FR\" \/>\n<meta property=\"og:type\" content=\"article\" \/>\n<meta property=\"og:title\" content=\"Comprar Colorante Alimentario para paellas y arroces | La Barraca\" \/>\n<meta property=\"og:description\" content=\"Compra colorante alimentario en polvo, ideal para dar un color amarillo intenso y apetecible a paellas, arroces y guisos tradicionales.\" \/>\n<meta property=\"og:url\" content=\"https:\/\/labarraca1912.es\/fr\/tienda\/especias-y-condimentos\/colorante-alimentario\/\" \/>\n<meta property=\"og:site_name\" content=\"La Barraca\" \/>\n<meta property=\"article:modified_time\" content=\"2026-04-29T06:38:53+00:00\" \/>\n<meta property=\"og:image\" content=\"https:\/\/labarraca1912.es\/wp-content\/uploads\/boteminicolorante2024.jpg\" \/>\n\t<meta property=\"og:image:width\" content=\"800\" \/>\n\t<meta property=\"og:image:height\" content=\"800\" \/>\n\t<meta property=\"og:image:type\" content=\"image\/jpeg\" \/>\n<meta name=\"twitter:card\" content=\"summary_large_image\" \/>\n<meta name=\"twitter:label1\" content=\"Dur\u00e9e de lecture estim\u00e9e\" \/>\n\t<meta name=\"twitter:data1\" content=\"1 minute\" \/>\n<script type=\"application\/ld+json\" class=\"yoast-schema-graph\">{\"@context\":\"https:\\\/\\\/schema.org\",\"@graph\":[{\"@type\":\"WebPage\",\"@id\":\"https:\\\/\\\/labarraca1912.es\\\/tienda\\\/especias-y-condimentos\\\/colorante-alimentario\\\/\",\"url\":\"https:\\\/\\\/labarraca1912.es\\\/tienda\\\/especias-y-condimentos\\\/colorante-alimentario\\\/\",\"name\":\"Comprar Colorante Alimentario para paellas y arroces | La Barraca\",\"isPartOf\":{\"@id\":\"https:\\\/\\\/labarraca1912.es\\\/#website\"},\"primaryImageOfPage\":{\"@id\":\"https:\\\/\\\/labarraca1912.es\\\/tienda\\\/especias-y-condimentos\\\/colorante-alimentario\\\/#primaryimage\"},\"image\":{\"@id\":\"https:\\\/\\\/labarraca1912.es\\\/tienda\\\/especias-y-condimentos\\\/colorante-alimentario\\\/#primaryimage\"},\"thumbnailUrl\":\"https:\\\/\\\/labarraca1912.es\\\/wp-content\\\/uploads\\\/boteminicolorante2024.jpg\",\"datePublished\":\"2021-01-18T09:54:24+00:00\",\"dateModified\":\"2026-04-29T06:38:53+00:00\",\"description\":\"Compra colorante alimentario en polvo, ideal para dar un color amarillo intenso y apetecible a paellas, arroces y guisos tradicionales.\",\"breadcrumb\":{\"@id\":\"https:\\\/\\\/labarraca1912.es\\\/tienda\\\/especias-y-condimentos\\\/colorante-alimentario\\\/#breadcrumb\"},\"inLanguage\":\"fr-FR\",\"potentialAction\":[{\"@type\":\"ReadAction\",\"target\":[\"https:\\\/\\\/labarraca1912.es\\\/tienda\\\/especias-y-condimentos\\\/colorante-alimentario\\\/\"]}]},{\"@type\":\"ImageObject\",\"inLanguage\":\"fr-FR\",\"@id\":\"https:\\\/\\\/labarraca1912.es\\\/tienda\\\/especias-y-condimentos\\\/colorante-alimentario\\\/#primaryimage\",\"url\":\"https:\\\/\\\/labarraca1912.es\\\/wp-content\\\/uploads\\\/boteminicolorante2024.jpg\",\"contentUrl\":\"https:\\\/\\\/labarraca1912.es\\\/wp-content\\\/uploads\\\/boteminicolorante2024.jpg\",\"width\":800,\"height\":800},{\"@type\":\"BreadcrumbList\",\"@id\":\"https:\\\/\\\/labarraca1912.es\\\/tienda\\\/especias-y-condimentos\\\/colorante-alimentario\\\/#breadcrumb\",\"itemListElement\":[{\"@type\":\"ListItem\",\"position\":1,\"name\":\"La Barraca\",\"item\":\"https:\\\/\\\/labarraca1912.es\\\/\"},{\"@type\":\"ListItem\",\"position\":2,\"name\":\"Tienda\",\"item\":\"https:\\\/\\\/labarraca1912.es\\\/tienda\\\/\"},{\"@type\":\"ListItem\",\"position\":3,\"name\":\"Colorante Alimentario\"}]},{\"@type\":\"WebSite\",\"@id\":\"https:\\\/\\\/labarraca1912.es\\\/#website\",\"url\":\"https:\\\/\\\/labarraca1912.es\\\/\",\"name\":\"La Barraca\",\"description\":\"La Casa del Sabor\",\"publisher\":{\"@id\":\"https:\\\/\\\/labarraca1912.es\\\/#organization\"},\"potentialAction\":[{\"@type\":\"SearchAction\",\"target\":{\"@type\":\"EntryPoint\",\"urlTemplate\":\"https:\\\/\\\/labarraca1912.es\\\/?s={search_term_string}\"},\"query-input\":{\"@type\":\"PropertyValueSpecification\",\"valueRequired\":true,\"valueName\":\"search_term_string\"}}],\"inLanguage\":\"fr-FR\"},{\"@type\":\"Organization\",\"@id\":\"https:\\\/\\\/labarraca1912.es\\\/#organization\",\"name\":\"La Barraca 1912 Alimentacion\",\"url\":\"https:\\\/\\\/labarraca1912.es\\\/\",\"logo\":{\"@type\":\"ImageObject\",\"inLanguage\":\"fr-FR\",\"@id\":\"https:\\\/\\\/labarraca1912.es\\\/#\\\/schema\\\/logo\\\/image\\\/\",\"url\":\"https:\\\/\\\/labarraca1912.es\\\/wp-content\\\/uploads\\\/2019\\\/06\\\/logo-labarraca.png\",\"contentUrl\":\"https:\\\/\\\/labarraca1912.es\\\/wp-content\\\/uploads\\\/2019\\\/06\\\/logo-labarraca.png\",\"width\":2917,\"height\":1809,\"caption\":\"La Barraca 1912 Alimentacion\"},\"image\":{\"@id\":\"https:\\\/\\\/labarraca1912.es\\\/#\\\/schema\\\/logo\\\/image\\\/\"}}]}<\/script>\n<!-- \/ Yoast SEO plugin. -->","yoast_head_json":{"title":"Comprar Colorante Alimentario para paellas y arroces | La Barraca","description":"Compra colorante alimentario en polvo, ideal para dar un color amarillo intenso y apetecible a paellas, arroces y guisos tradicionales.","robots":{"index":"index","follow":"follow","max-snippet":"max-snippet:-1","max-image-preview":"max-image-preview:large","max-video-preview":"max-video-preview:-1"},"canonical":"https:\/\/labarraca1912.es\/fr\/tienda\/especias-y-condimentos\/colorante-alimentario\/","og_locale":"fr_FR","og_type":"article","og_title":"Comprar Colorante Alimentario para paellas y arroces | La Barraca","og_description":"Compra colorante alimentario en polvo, ideal para dar un color amarillo intenso y apetecible a paellas, arroces y guisos tradicionales.","og_url":"https:\/\/labarraca1912.es\/fr\/tienda\/especias-y-condimentos\/colorante-alimentario\/","og_site_name":"La Barraca","article_modified_time":"2026-04-29T06:38:53+00:00","og_image":[{"width":800,"height":800,"url":"https:\/\/labarraca1912.es\/wp-content\/uploads\/boteminicolorante2024.jpg","type":"image\/jpeg"}],"twitter_card":"summary_large_image","twitter_misc":{"Dur\u00e9e de lecture estim\u00e9e":"1 minute"},"schema":{"@context":"https:\/\/schema.org","@graph":[{"@type":"WebPage","@id":"https:\/\/labarraca1912.es\/tienda\/especias-y-condimentos\/colorante-alimentario\/","url":"https:\/\/labarraca1912.es\/tienda\/especias-y-condimentos\/colorante-alimentario\/","name":"Comprar Colorante Alimentario para paellas y arroces | La Barraca","isPartOf":{"@id":"https:\/\/labarraca1912.es\/#website"},"primaryImageOfPage":{"@id":"https:\/\/labarraca1912.es\/tienda\/especias-y-condimentos\/colorante-alimentario\/#primaryimage"},"image":{"@id":"https:\/\/labarraca1912.es\/tienda\/especias-y-condimentos\/colorante-alimentario\/#primaryimage"},"thumbnailUrl":"https:\/\/labarraca1912.es\/wp-content\/uploads\/boteminicolorante2024.jpg","datePublished":"2021-01-18T09:54:24+00:00","dateModified":"2026-04-29T06:38:53+00:00","description":"Compra colorante alimentario en polvo, ideal para dar un color amarillo intenso y apetecible a paellas, arroces y guisos tradicionales.","breadcrumb":{"@id":"https:\/\/labarraca1912.es\/tienda\/especias-y-condimentos\/colorante-alimentario\/#breadcrumb"},"inLanguage":"fr-FR","potentialAction":[{"@type":"ReadAction","target":["https:\/\/labarraca1912.es\/tienda\/especias-y-condimentos\/colorante-alimentario\/"]}]},{"@type":"ImageObject","inLanguage":"fr-FR","@id":"https:\/\/labarraca1912.es\/tienda\/especias-y-condimentos\/colorante-alimentario\/#primaryimage","url":"https:\/\/labarraca1912.es\/wp-content\/uploads\/boteminicolorante2024.jpg","contentUrl":"https:\/\/labarraca1912.es\/wp-content\/uploads\/boteminicolorante2024.jpg","width":800,"height":800},{"@type":"BreadcrumbList","@id":"https:\/\/labarraca1912.es\/tienda\/especias-y-condimentos\/colorante-alimentario\/#breadcrumb","itemListElement":[{"@type":"ListItem","position":1,"name":"La Barraca","item":"https:\/\/labarraca1912.es\/"},{"@type":"ListItem","position":2,"name":"Tienda","item":"https:\/\/labarraca1912.es\/tienda\/"},{"@type":"ListItem","position":3,"name":"Colorante Alimentario"}]},{"@type":"WebSite","@id":"https:\/\/labarraca1912.es\/#website","url":"https:\/\/labarraca1912.es\/","name":"La Barraca","description":"La Casa del Sabor","publisher":{"@id":"https:\/\/labarraca1912.es\/#organization"},"potentialAction":[{"@type":"SearchAction","target":{"@type":"EntryPoint","urlTemplate":"https:\/\/labarraca1912.es\/?s={search_term_string}"},"query-input":{"@type":"PropertyValueSpecification","valueRequired":true,"valueName":"search_term_string"}}],"inLanguage":"fr-FR"},{"@type":"Organization","@id":"https:\/\/labarraca1912.es\/#organization","name":"La Barraca 1912 Alimentacion","url":"https:\/\/labarraca1912.es\/","logo":{"@type":"ImageObject","inLanguage":"fr-FR","@id":"https:\/\/labarraca1912.es\/#\/schema\/logo\/image\/","url":"https:\/\/labarraca1912.es\/wp-content\/uploads\/2019\/06\/logo-labarraca.png","contentUrl":"https:\/\/labarraca1912.es\/wp-content\/uploads\/2019\/06\/logo-labarraca.png","width":2917,"height":1809,"caption":"La Barraca 1912 Alimentacion"},"image":{"@id":"https:\/\/labarraca1912.es\/#\/schema\/logo\/image\/"}}]}},"_links":{"self":[{"href":"https:\/\/labarraca1912.es\/fr\/wp-json\/wp\/v2\/product\/6361","targetHints":{"allow":["GET"]}}],"collection":[{"href":"https:\/\/labarraca1912.es\/fr\/wp-json\/wp\/v2\/product"}],"about":[{"href":"https:\/\/labarraca1912.es\/fr\/wp-json\/wp\/v2\/types\/product"}],"replies":[{"embeddable":true,"href":"https:\/\/labarraca1912.es\/fr\/wp-json\/wp\/v2\/comments?post=6361"}],"wp:featuredmedia":[{"embeddable":true,"href":"https:\/\/labarraca1912.es\/fr\/wp-json\/wp\/v2\/media\/10527"}],"wp:attachment":[{"href":"https:\/\/labarraca1912.es\/fr\/wp-json\/wp\/v2\/media?parent=6361"}],"wp:term":[{"taxonomy":"product_brand","embeddable":true,"href":"https:\/\/labarraca1912.es\/fr\/wp-json\/wp\/v2\/product_brand?post=6361"},{"taxonomy":"product_cat","embeddable":true,"href":"https:\/\/labarraca1912.es\/fr\/wp-json\/wp\/v2\/product_cat?post=6361"},{"taxonomy":"product_tag","embeddable":true,"href":"https:\/\/labarraca1912.es\/fr\/wp-json\/wp\/v2\/product_tag?post=6361"}],"curies":[{"name":"wp","href":"https:\/\/api.w.org\/{rel}","templated":true}]}}

<p>COLORANT ALIMENTAIRE: Produit en poudre fine jaune-orange à base de farine de maïs, de sel et de colorants, largement utilisé dans la gastronomie espagnole, qui donne une teinte jaune aux aliments incorporés, les rendant plus appétissants.</p>
<p><strong>Colorant Alimentaire: </strong>Largement utilisé dans la cuisine méditerranéenne dans les paellas, les plats de riz, les soupes ou les ragoûts.</p>

<blockquote>
<h2><strong>Colorant Alimentaire</strong></h2>
</blockquote>
<p><img decoding="async" class="alignnone wp-image-10937" src="https://labarraca1912.es/wp-content/uploads/glutenfree.jpg" alt="" width="203" height="35" /></p>
<p>Produit en poudre fine jaune-orange à base de farine de maïs, de sel et de colorants, largement utilisé dans la gastronomie espagnole, qui donne une teinte jaune aux aliments incorporés, les rendant plus appétissants. Largement utilisé dans la cuisine méditerranéenne dans les paellas, les plats de riz, les soupes ou les ragoûts.</p>
<p><em><strong>Ingrédients:</strong> </em>Farine de maïs, sel et colorant : Tartrazine E-102.</p>
<p>Peut contenir des traces de <strong>SOJA</strong>. «Colorante E-102: puede tener efectos negativos sobre la actividad y la atención de los niños».</p>

<!-- This site is optimized with the Yoast SEO plugin v27.5 - https://yoast.com/product/yoast-seo-wordpress/ -->
<title>Comprar Colorante Alimentario para paellas y arroces | La Barraca</title>
<meta name="description" content="Compra colorante alimentario en polvo, ideal para dar un color amarillo intenso y apetecible a paellas, arroces y guisos tradicionales." />
<meta name="robots" content="index, follow, max-snippet:-1, max-image-preview:large, max-video-preview:-1" />
<link rel="canonical" href="https://labarraca1912.es/fr/tienda/especias-y-condimentos/colorante-alimentario/" />
<meta property="og:locale" content="fr_FR" />
<meta property="og:type" content="article" />
<meta property="og:title" content="Comprar Colorante Alimentario para paellas y arroces | La Barraca" />
<meta property="og:description" content="Compra colorante alimentario en polvo, ideal para dar un color amarillo intenso y apetecible a paellas, arroces y guisos tradicionales." />
<meta property="og:url" content="https://labarraca1912.es/fr/tienda/especias-y-condimentos/colorante-alimentario/" />
<meta property="og:site_name" content="La Barraca" />
<meta property="article:modified_time" content="2026-04-29T06:38:53+00:00" />
<meta property="og:image" content="https://labarraca1912.es/wp-content/uploads/boteminicolorante2024.jpg" />
	<meta property="og:image:width" content="800" />
	<meta property="og:image:height" content="800" />
	<meta property="og:image:type" content="image/jpeg" />
<meta name="twitter:card" content="summary_large_image" />
<meta name="twitter:label1" content="Durée de lecture estimée" />
	<meta name="twitter:data1" content="1 minute" />
<script type="application/ld+json" class="yoast-schema-graph">{"@context":"https:\/\/schema.org","@graph":[{"@type":"WebPage","@id":"https:\/\/labarraca1912.es\/tienda\/especias-y-condimentos\/colorante-alimentario\/","url":"https:\/\/labarraca1912.es\/tienda\/especias-y-condimentos\/colorante-alimentario\/","name":"Comprar Colorante Alimentario para paellas y arroces | La Barraca","isPartOf":{"@id":"https:\/\/labarraca1912.es\/#website"},"primaryImageOfPage":{"@id":"https:\/\/labarraca1912.es\/tienda\/especias-y-condimentos\/colorante-alimentario\/#primaryimage"},"image":{"@id":"https:\/\/labarraca1912.es\/tienda\/especias-y-condimentos\/colorante-alimentario\/#primaryimage"},"thumbnailUrl":"https:\/\/labarraca1912.es\/wp-content\/uploads\/boteminicolorante2024.jpg","datePublished":"2021-01-18T09:54:24+00:00","dateModified":"2026-04-29T06:38:53+00:00","description":"Compra colorante alimentario en polvo, ideal para dar un color amarillo intenso y apetecible a paellas, arroces y guisos tradicionales.","breadcrumb":{"@id":"https:\/\/labarraca1912.es\/tienda\/especias-y-condimentos\/colorante-alimentario\/#breadcrumb"},"inLanguage":"fr-FR","potentialAction":[{"@type":"ReadAction","target":["https:\/\/labarraca1912.es\/tienda\/especias-y-condimentos\/colorante-alimentario\/"]}]},{"@type":"ImageObject","inLanguage":"fr-FR","@id":"https:\/\/labarraca1912.es\/tienda\/especias-y-condimentos\/colorante-alimentario\/#primaryimage","url":"https:\/\/labarraca1912.es\/wp-content\/uploads\/boteminicolorante2024.jpg","contentUrl":"https:\/\/labarraca1912.es\/wp-content\/uploads\/boteminicolorante2024.jpg","width":800,"height":800},{"@type":"BreadcrumbList","@id":"https:\/\/labarraca1912.es\/tienda\/especias-y-condimentos\/colorante-alimentario\/#breadcrumb","itemListElement":[{"@type":"ListItem","position":1,"name":"La Barraca","item":"https:\/\/labarraca1912.es\/"},{"@type":"ListItem","position":2,"name":"Tienda","item":"https:\/\/labarraca1912.es\/tienda\/"},{"@type":"ListItem","position":3,"name":"Colorante Alimentario"}]},{"@type":"WebSite","@id":"https:\/\/labarraca1912.es\/#website","url":"https:\/\/labarraca1912.es\/","name":"La Barraca","description":"La Casa del Sabor","publisher":{"@id":"https:\/\/labarraca1912.es\/#organization"},"potentialAction":[{"@type":"SearchAction","target":{"@type":"EntryPoint","urlTemplate":"https:\/\/labarraca1912.es\/?s={search_term_string}"},"query-input":{"@type":"PropertyValueSpecification","valueRequired":true,"valueName":"search_term_string"}}],"inLanguage":"fr-FR"},{"@type":"Organization","@id":"https:\/\/labarraca1912.es\/#organization","name":"La Barraca 1912 Alimentacion","url":"https:\/\/labarraca1912.es\/","logo":{"@type":"ImageObject","inLanguage":"fr-FR","@id":"https:\/\/labarraca1912.es\/#\/schema\/logo\/image\/","url":"https:\/\/labarraca1912.es\/wp-content\/uploads\/2019\/06\/logo-labarraca.png","contentUrl":"https:\/\/labarraca1912.es\/wp-content\/uploads\/2019\/06\/logo-labarraca.png","width":2917,"height":1809,"caption":"La Barraca 1912 Alimentacion"},"image":{"@id":"https:\/\/labarraca1912.es\/#\/schema\/logo\/image\/"}}]}</script>
<!-- / Yoast SEO plugin. -->
