{"id":6368,"date":"2021-01-18T11:14:41","date_gmt":"2021-01-18T10:14:41","guid":{"rendered":"https:\/\/labarraca1912.es\/?post_type=product&#038;p=6368"},"modified":"2026-04-22T11:48:27","modified_gmt":"2026-04-22T09:48:27","slug":"oregano-hoja","status":"publish","type":"product","link":"https:\/\/labarraca1912.es\/fr\/tienda\/especias-y-condimentos\/oregano-hoja\/","title":{"rendered":"Origan Feuilles"},"content":{"rendered":"<p>ORIGAN FEUILLES: Plante aromatique originaire des r\u00e9gions m\u00e9diterran\u00e9ennes o\u00f9 elle pousse \u00e0 l'\u00e9tat sauvage. Son essence aromatique poss\u00e8de des propri\u00e9t\u00e9s antioxydantes. C'est l'une des herbes les plus utilis\u00e9es comme condiment dans la cuisine m\u00e9diterran\u00e9enne, essentielle dans la cuisine italienne, o\u00f9 elle entre dans la composition des vinaigrettes des pizzas, des sauces comme la bolognaise et des lasagnes. Il est \u00e9galement utilis\u00e9 pour les soupes et marinades, le poulet. Une utilisation mod\u00e9r\u00e9e est recommand\u00e9e en raison de son ar\u00f4me intense.<\/p>\n<p><strong>Origan Feuilles:<\/strong>\u00a0Herbe au go\u00fbt sucr\u00e9, \u00e0 l'ar\u00f4me tr\u00e8s intense et \u00e0 la couleur verte.<\/p>","protected":false},"excerpt":{"rendered":"<blockquote>\n<h2><strong>Origan Feuilles<\/strong><\/h2>\n<\/blockquote>\n<p><img decoding=\"async\" class=\"alignnone wp-image-10937\" src=\"https:\/\/labarraca1912.es\/wp-content\/uploads\/glutenfree.jpg\" alt=\"\" width=\"203\" height=\"35\" \/><\/p>\n<p>Plante aromatique originaire des r\u00e9gions m\u00e9diterran\u00e9ennes o\u00f9 elle pousse \u00e0 l'\u00e9tat sauvage. Son essence aromatique poss\u00e8de des propri\u00e9t\u00e9s antioxydantes. C'est l'une des herbes les plus utilis\u00e9es comme condiment dans la cuisine m\u00e9diterran\u00e9enne, essentielle dans la cuisine italienne, o\u00f9 elle entre dans la composition des vinaigrettes des pizzas, des sauces comme la bolognaise et des lasagnes. Il est \u00e9galement utilis\u00e9 pour les soupes et marinades, le poulet. Une utilisation mod\u00e9r\u00e9e est recommand\u00e9e en raison de son ar\u00f4me intense.<\/p>\n<p><em><strong>Ingr\u00e9dients:<\/strong><\/em> Origan feuilles.<\/p>","protected":false},"featured_media":10528,"comment_status":"open","ping_status":"closed","template":"","meta":{"_et_pb_use_builder":"","_et_pb_old_content":"","_et_gb_content_width":""},"product_brand":[],"product_cat":[19],"product_tag":[76,48,75,74],"class_list":{"0":"post-6368","1":"product","2":"type-product","3":"status-publish","4":"has-post-thumbnail","6":"product_cat-especias-y-condimentos","7":"product_tag-bolonesa","8":"product_tag-oregano","9":"product_tag-pasta","10":"product_tag-pizza","12":"first","13":"instock","14":"taxable","15":"shipping-taxable","16":"purchasable","17":"product-type-variable"},"yoast_head":"<!-- This site is optimized with the Yoast SEO plugin v27.4 - https:\/\/yoast.com\/product\/yoast-seo-wordpress\/ -->\n<title>Comprar Or\u00e9gano en Hoja | La Barraca<\/title>\n<meta name=\"description\" content=\"Comprar or\u00e9gano en hoja, hierba arom\u00e1tica mediterr\u00e1nea ideal para pizzas, salsas, lasa\u00f1as y adobos. Potencia el sabor con aroma intenso y natural.\" \/>\n<meta name=\"robots\" content=\"index, follow, max-snippet:-1, max-image-preview:large, max-video-preview:-1\" \/>\n<link rel=\"canonical\" href=\"https:\/\/labarraca1912.es\/fr\/tienda\/especias-y-condimentos\/oregano-hoja\/\" \/>\n<meta property=\"og:locale\" content=\"fr_FR\" \/>\n<meta property=\"og:type\" content=\"article\" \/>\n<meta property=\"og:title\" content=\"Comprar Or\u00e9gano en Hoja | La Barraca\" \/>\n<meta property=\"og:description\" content=\"Comprar or\u00e9gano en hoja, hierba arom\u00e1tica mediterr\u00e1nea ideal para pizzas, salsas, lasa\u00f1as y adobos. Potencia el sabor con aroma intenso y natural.\" \/>\n<meta property=\"og:url\" content=\"https:\/\/labarraca1912.es\/fr\/tienda\/especias-y-condimentos\/oregano-hoja\/\" \/>\n<meta property=\"og:site_name\" content=\"La Barraca\" \/>\n<meta property=\"article:modified_time\" content=\"2026-04-22T09:48:27+00:00\" \/>\n<meta property=\"og:image\" content=\"https:\/\/labarraca1912.es\/wp-content\/uploads\/boteminioregano2024.jpg\" \/>\n\t<meta property=\"og:image:width\" content=\"800\" \/>\n\t<meta property=\"og:image:height\" content=\"800\" \/>\n\t<meta property=\"og:image:type\" content=\"image\/jpeg\" \/>\n<meta name=\"twitter:card\" content=\"summary_large_image\" \/>\n<meta name=\"twitter:label1\" content=\"Dur\u00e9e de lecture estim\u00e9e\" \/>\n\t<meta name=\"twitter:data1\" content=\"1 minute\" \/>\n<script type=\"application\/ld+json\" class=\"yoast-schema-graph\">{\"@context\":\"https:\\\/\\\/schema.org\",\"@graph\":[{\"@type\":\"WebPage\",\"@id\":\"https:\\\/\\\/labarraca1912.es\\\/tienda\\\/especias-y-condimentos\\\/oregano-hoja\\\/\",\"url\":\"https:\\\/\\\/labarraca1912.es\\\/tienda\\\/especias-y-condimentos\\\/oregano-hoja\\\/\",\"name\":\"Comprar Or\u00e9gano en Hoja | La Barraca\",\"isPartOf\":{\"@id\":\"https:\\\/\\\/labarraca1912.es\\\/#website\"},\"primaryImageOfPage\":{\"@id\":\"https:\\\/\\\/labarraca1912.es\\\/tienda\\\/especias-y-condimentos\\\/oregano-hoja\\\/#primaryimage\"},\"image\":{\"@id\":\"https:\\\/\\\/labarraca1912.es\\\/tienda\\\/especias-y-condimentos\\\/oregano-hoja\\\/#primaryimage\"},\"thumbnailUrl\":\"https:\\\/\\\/labarraca1912.es\\\/wp-content\\\/uploads\\\/boteminioregano2024.jpg\",\"datePublished\":\"2021-01-18T10:14:41+00:00\",\"dateModified\":\"2026-04-22T09:48:27+00:00\",\"description\":\"Comprar or\u00e9gano en hoja, hierba arom\u00e1tica mediterr\u00e1nea ideal para pizzas, salsas, lasa\u00f1as y adobos. Potencia el sabor con aroma intenso y natural.\",\"breadcrumb\":{\"@id\":\"https:\\\/\\\/labarraca1912.es\\\/tienda\\\/especias-y-condimentos\\\/oregano-hoja\\\/#breadcrumb\"},\"inLanguage\":\"fr-FR\",\"potentialAction\":[{\"@type\":\"ReadAction\",\"target\":[\"https:\\\/\\\/labarraca1912.es\\\/tienda\\\/especias-y-condimentos\\\/oregano-hoja\\\/\"]}]},{\"@type\":\"ImageObject\",\"inLanguage\":\"fr-FR\",\"@id\":\"https:\\\/\\\/labarraca1912.es\\\/tienda\\\/especias-y-condimentos\\\/oregano-hoja\\\/#primaryimage\",\"url\":\"https:\\\/\\\/labarraca1912.es\\\/wp-content\\\/uploads\\\/boteminioregano2024.jpg\",\"contentUrl\":\"https:\\\/\\\/labarraca1912.es\\\/wp-content\\\/uploads\\\/boteminioregano2024.jpg\",\"width\":800,\"height\":800},{\"@type\":\"BreadcrumbList\",\"@id\":\"https:\\\/\\\/labarraca1912.es\\\/tienda\\\/especias-y-condimentos\\\/oregano-hoja\\\/#breadcrumb\",\"itemListElement\":[{\"@type\":\"ListItem\",\"position\":1,\"name\":\"La Barraca\",\"item\":\"https:\\\/\\\/labarraca1912.es\\\/\"},{\"@type\":\"ListItem\",\"position\":2,\"name\":\"Tienda\",\"item\":\"https:\\\/\\\/labarraca1912.es\\\/tienda\\\/\"},{\"@type\":\"ListItem\",\"position\":3,\"name\":\"Or\u00e9gano Hoja\"}]},{\"@type\":\"WebSite\",\"@id\":\"https:\\\/\\\/labarraca1912.es\\\/#website\",\"url\":\"https:\\\/\\\/labarraca1912.es\\\/\",\"name\":\"La Barraca\",\"description\":\"La Casa del Sabor\",\"publisher\":{\"@id\":\"https:\\\/\\\/labarraca1912.es\\\/#organization\"},\"potentialAction\":[{\"@type\":\"SearchAction\",\"target\":{\"@type\":\"EntryPoint\",\"urlTemplate\":\"https:\\\/\\\/labarraca1912.es\\\/?s={search_term_string}\"},\"query-input\":{\"@type\":\"PropertyValueSpecification\",\"valueRequired\":true,\"valueName\":\"search_term_string\"}}],\"inLanguage\":\"fr-FR\"},{\"@type\":\"Organization\",\"@id\":\"https:\\\/\\\/labarraca1912.es\\\/#organization\",\"name\":\"La Barraca 1912 Alimentacion\",\"url\":\"https:\\\/\\\/labarraca1912.es\\\/\",\"logo\":{\"@type\":\"ImageObject\",\"inLanguage\":\"fr-FR\",\"@id\":\"https:\\\/\\\/labarraca1912.es\\\/#\\\/schema\\\/logo\\\/image\\\/\",\"url\":\"https:\\\/\\\/labarraca1912.es\\\/wp-content\\\/uploads\\\/2019\\\/06\\\/logo-labarraca.png\",\"contentUrl\":\"https:\\\/\\\/labarraca1912.es\\\/wp-content\\\/uploads\\\/2019\\\/06\\\/logo-labarraca.png\",\"width\":2917,\"height\":1809,\"caption\":\"La Barraca 1912 Alimentacion\"},\"image\":{\"@id\":\"https:\\\/\\\/labarraca1912.es\\\/#\\\/schema\\\/logo\\\/image\\\/\"}}]}<\/script>\n<!-- \/ Yoast SEO plugin. -->","yoast_head_json":{"title":"Comprar Or\u00e9gano en Hoja | La Barraca","description":"Comprar or\u00e9gano en hoja, hierba arom\u00e1tica mediterr\u00e1nea ideal para pizzas, salsas, lasa\u00f1as y adobos. Potencia el sabor con aroma intenso y natural.","robots":{"index":"index","follow":"follow","max-snippet":"max-snippet:-1","max-image-preview":"max-image-preview:large","max-video-preview":"max-video-preview:-1"},"canonical":"https:\/\/labarraca1912.es\/fr\/tienda\/especias-y-condimentos\/oregano-hoja\/","og_locale":"fr_FR","og_type":"article","og_title":"Comprar Or\u00e9gano en Hoja | La Barraca","og_description":"Comprar or\u00e9gano en hoja, hierba arom\u00e1tica mediterr\u00e1nea ideal para pizzas, salsas, lasa\u00f1as y adobos. Potencia el sabor con aroma intenso y natural.","og_url":"https:\/\/labarraca1912.es\/fr\/tienda\/especias-y-condimentos\/oregano-hoja\/","og_site_name":"La Barraca","article_modified_time":"2026-04-22T09:48:27+00:00","og_image":[{"width":800,"height":800,"url":"https:\/\/labarraca1912.es\/wp-content\/uploads\/boteminioregano2024.jpg","type":"image\/jpeg"}],"twitter_card":"summary_large_image","twitter_misc":{"Dur\u00e9e de lecture estim\u00e9e":"1 minute"},"schema":{"@context":"https:\/\/schema.org","@graph":[{"@type":"WebPage","@id":"https:\/\/labarraca1912.es\/tienda\/especias-y-condimentos\/oregano-hoja\/","url":"https:\/\/labarraca1912.es\/tienda\/especias-y-condimentos\/oregano-hoja\/","name":"Comprar Or\u00e9gano en Hoja | La Barraca","isPartOf":{"@id":"https:\/\/labarraca1912.es\/#website"},"primaryImageOfPage":{"@id":"https:\/\/labarraca1912.es\/tienda\/especias-y-condimentos\/oregano-hoja\/#primaryimage"},"image":{"@id":"https:\/\/labarraca1912.es\/tienda\/especias-y-condimentos\/oregano-hoja\/#primaryimage"},"thumbnailUrl":"https:\/\/labarraca1912.es\/wp-content\/uploads\/boteminioregano2024.jpg","datePublished":"2021-01-18T10:14:41+00:00","dateModified":"2026-04-22T09:48:27+00:00","description":"Comprar or\u00e9gano en hoja, hierba arom\u00e1tica mediterr\u00e1nea ideal para pizzas, salsas, lasa\u00f1as y adobos. Potencia el sabor con aroma intenso y natural.","breadcrumb":{"@id":"https:\/\/labarraca1912.es\/tienda\/especias-y-condimentos\/oregano-hoja\/#breadcrumb"},"inLanguage":"fr-FR","potentialAction":[{"@type":"ReadAction","target":["https:\/\/labarraca1912.es\/tienda\/especias-y-condimentos\/oregano-hoja\/"]}]},{"@type":"ImageObject","inLanguage":"fr-FR","@id":"https:\/\/labarraca1912.es\/tienda\/especias-y-condimentos\/oregano-hoja\/#primaryimage","url":"https:\/\/labarraca1912.es\/wp-content\/uploads\/boteminioregano2024.jpg","contentUrl":"https:\/\/labarraca1912.es\/wp-content\/uploads\/boteminioregano2024.jpg","width":800,"height":800},{"@type":"BreadcrumbList","@id":"https:\/\/labarraca1912.es\/tienda\/especias-y-condimentos\/oregano-hoja\/#breadcrumb","itemListElement":[{"@type":"ListItem","position":1,"name":"La Barraca","item":"https:\/\/labarraca1912.es\/"},{"@type":"ListItem","position":2,"name":"Tienda","item":"https:\/\/labarraca1912.es\/tienda\/"},{"@type":"ListItem","position":3,"name":"Or\u00e9gano Hoja"}]},{"@type":"WebSite","@id":"https:\/\/labarraca1912.es\/#website","url":"https:\/\/labarraca1912.es\/","name":"La Barraca","description":"La Casa del Sabor","publisher":{"@id":"https:\/\/labarraca1912.es\/#organization"},"potentialAction":[{"@type":"SearchAction","target":{"@type":"EntryPoint","urlTemplate":"https:\/\/labarraca1912.es\/?s={search_term_string}"},"query-input":{"@type":"PropertyValueSpecification","valueRequired":true,"valueName":"search_term_string"}}],"inLanguage":"fr-FR"},{"@type":"Organization","@id":"https:\/\/labarraca1912.es\/#organization","name":"La Barraca 1912 Alimentacion","url":"https:\/\/labarraca1912.es\/","logo":{"@type":"ImageObject","inLanguage":"fr-FR","@id":"https:\/\/labarraca1912.es\/#\/schema\/logo\/image\/","url":"https:\/\/labarraca1912.es\/wp-content\/uploads\/2019\/06\/logo-labarraca.png","contentUrl":"https:\/\/labarraca1912.es\/wp-content\/uploads\/2019\/06\/logo-labarraca.png","width":2917,"height":1809,"caption":"La Barraca 1912 Alimentacion"},"image":{"@id":"https:\/\/labarraca1912.es\/#\/schema\/logo\/image\/"}}]}},"_links":{"self":[{"href":"https:\/\/labarraca1912.es\/fr\/wp-json\/wp\/v2\/product\/6368","targetHints":{"allow":["GET"]}}],"collection":[{"href":"https:\/\/labarraca1912.es\/fr\/wp-json\/wp\/v2\/product"}],"about":[{"href":"https:\/\/labarraca1912.es\/fr\/wp-json\/wp\/v2\/types\/product"}],"replies":[{"embeddable":true,"href":"https:\/\/labarraca1912.es\/fr\/wp-json\/wp\/v2\/comments?post=6368"}],"wp:featuredmedia":[{"embeddable":true,"href":"https:\/\/labarraca1912.es\/fr\/wp-json\/wp\/v2\/media\/10528"}],"wp:attachment":[{"href":"https:\/\/labarraca1912.es\/fr\/wp-json\/wp\/v2\/media?parent=6368"}],"wp:term":[{"taxonomy":"product_brand","embeddable":true,"href":"https:\/\/labarraca1912.es\/fr\/wp-json\/wp\/v2\/product_brand?post=6368"},{"taxonomy":"product_cat","embeddable":true,"href":"https:\/\/labarraca1912.es\/fr\/wp-json\/wp\/v2\/product_cat?post=6368"},{"taxonomy":"product_tag","embeddable":true,"href":"https:\/\/labarraca1912.es\/fr\/wp-json\/wp\/v2\/product_tag?post=6368"}],"curies":[{"name":"wp","href":"https:\/\/api.w.org\/{rel}","templated":true}]}}

<p>ORIGAN FEUILLES: Plante aromatique originaire des régions méditerranéennes où elle pousse à l'état sauvage. Son essence aromatique possède des propriétés antioxydantes. C'est l'une des herbes les plus utilisées comme condiment dans la cuisine méditerranéenne, essentielle dans la cuisine italienne, où elle entre dans la composition des vinaigrettes des pizzas, des sauces comme la bolognaise et des lasagnes. Il est également utilisé pour les soupes et marinades, le poulet. Une utilisation modérée est recommandée en raison de son arôme intense.</p>
<p><strong>Origan Feuilles:</strong> Herbe au goût sucré, à l'arôme très intense et à la couleur verte.</p>

<blockquote>
<h2><strong>Origan Feuilles</strong></h2>
</blockquote>
<p><img decoding="async" class="alignnone wp-image-10937" src="https://labarraca1912.es/wp-content/uploads/glutenfree.jpg" alt="" width="203" height="35" /></p>
<p>Plante aromatique originaire des régions méditerranéennes où elle pousse à l'état sauvage. Son essence aromatique possède des propriétés antioxydantes. C'est l'une des herbes les plus utilisées comme condiment dans la cuisine méditerranéenne, essentielle dans la cuisine italienne, où elle entre dans la composition des vinaigrettes des pizzas, des sauces comme la bolognaise et des lasagnes. Il est également utilisé pour les soupes et marinades, le poulet. Une utilisation modérée est recommandée en raison de son arôme intense.</p>
<p><em><strong>Ingrédients:</strong></em> Origan feuilles.</p>

<!-- This site is optimized with the Yoast SEO plugin v27.4 - https://yoast.com/product/yoast-seo-wordpress/ -->
<title>Comprar Orégano en Hoja | La Barraca</title>
<meta name="description" content="Comprar orégano en hoja, hierba aromática mediterránea ideal para pizzas, salsas, lasañas y adobos. Potencia el sabor con aroma intenso y natural." />
<meta name="robots" content="index, follow, max-snippet:-1, max-image-preview:large, max-video-preview:-1" />
<link rel="canonical" href="https://labarraca1912.es/fr/tienda/especias-y-condimentos/oregano-hoja/" />
<meta property="og:locale" content="fr_FR" />
<meta property="og:type" content="article" />
<meta property="og:title" content="Comprar Orégano en Hoja | La Barraca" />
<meta property="og:description" content="Comprar orégano en hoja, hierba aromática mediterránea ideal para pizzas, salsas, lasañas y adobos. Potencia el sabor con aroma intenso y natural." />
<meta property="og:url" content="https://labarraca1912.es/fr/tienda/especias-y-condimentos/oregano-hoja/" />
<meta property="og:site_name" content="La Barraca" />
<meta property="article:modified_time" content="2026-04-22T09:48:27+00:00" />
<meta property="og:image" content="https://labarraca1912.es/wp-content/uploads/boteminioregano2024.jpg" />
	<meta property="og:image:width" content="800" />
	<meta property="og:image:height" content="800" />
	<meta property="og:image:type" content="image/jpeg" />
<meta name="twitter:card" content="summary_large_image" />
<meta name="twitter:label1" content="Durée de lecture estimée" />
	<meta name="twitter:data1" content="1 minute" />
<script type="application/ld+json" class="yoast-schema-graph">{"@context":"https:\/\/schema.org","@graph":[{"@type":"WebPage","@id":"https:\/\/labarraca1912.es\/tienda\/especias-y-condimentos\/oregano-hoja\/","url":"https:\/\/labarraca1912.es\/tienda\/especias-y-condimentos\/oregano-hoja\/","name":"Comprar Orégano en Hoja | La Barraca","isPartOf":{"@id":"https:\/\/labarraca1912.es\/#website"},"primaryImageOfPage":{"@id":"https:\/\/labarraca1912.es\/tienda\/especias-y-condimentos\/oregano-hoja\/#primaryimage"},"image":{"@id":"https:\/\/labarraca1912.es\/tienda\/especias-y-condimentos\/oregano-hoja\/#primaryimage"},"thumbnailUrl":"https:\/\/labarraca1912.es\/wp-content\/uploads\/boteminioregano2024.jpg","datePublished":"2021-01-18T10:14:41+00:00","dateModified":"2026-04-22T09:48:27+00:00","description":"Comprar orégano en hoja, hierba aromática mediterránea ideal para pizzas, salsas, lasañas y adobos. Potencia el sabor con aroma intenso y natural.","breadcrumb":{"@id":"https:\/\/labarraca1912.es\/tienda\/especias-y-condimentos\/oregano-hoja\/#breadcrumb"},"inLanguage":"fr-FR","potentialAction":[{"@type":"ReadAction","target":["https:\/\/labarraca1912.es\/tienda\/especias-y-condimentos\/oregano-hoja\/"]}]},{"@type":"ImageObject","inLanguage":"fr-FR","@id":"https:\/\/labarraca1912.es\/tienda\/especias-y-condimentos\/oregano-hoja\/#primaryimage","url":"https:\/\/labarraca1912.es\/wp-content\/uploads\/boteminioregano2024.jpg","contentUrl":"https:\/\/labarraca1912.es\/wp-content\/uploads\/boteminioregano2024.jpg","width":800,"height":800},{"@type":"BreadcrumbList","@id":"https:\/\/labarraca1912.es\/tienda\/especias-y-condimentos\/oregano-hoja\/#breadcrumb","itemListElement":[{"@type":"ListItem","position":1,"name":"La Barraca","item":"https:\/\/labarraca1912.es\/"},{"@type":"ListItem","position":2,"name":"Tienda","item":"https:\/\/labarraca1912.es\/tienda\/"},{"@type":"ListItem","position":3,"name":"Orégano Hoja"}]},{"@type":"WebSite","@id":"https:\/\/labarraca1912.es\/#website","url":"https:\/\/labarraca1912.es\/","name":"La Barraca","description":"La Casa del Sabor","publisher":{"@id":"https:\/\/labarraca1912.es\/#organization"},"potentialAction":[{"@type":"SearchAction","target":{"@type":"EntryPoint","urlTemplate":"https:\/\/labarraca1912.es\/?s={search_term_string}"},"query-input":{"@type":"PropertyValueSpecification","valueRequired":true,"valueName":"search_term_string"}}],"inLanguage":"fr-FR"},{"@type":"Organization","@id":"https:\/\/labarraca1912.es\/#organization","name":"La Barraca 1912 Alimentacion","url":"https:\/\/labarraca1912.es\/","logo":{"@type":"ImageObject","inLanguage":"fr-FR","@id":"https:\/\/labarraca1912.es\/#\/schema\/logo\/image\/","url":"https:\/\/labarraca1912.es\/wp-content\/uploads\/2019\/06\/logo-labarraca.png","contentUrl":"https:\/\/labarraca1912.es\/wp-content\/uploads\/2019\/06\/logo-labarraca.png","width":2917,"height":1809,"caption":"La Barraca 1912 Alimentacion"},"image":{"@id":"https:\/\/labarraca1912.es\/#\/schema\/logo\/image\/"}}]}</script>
<!-- / Yoast SEO plugin. -->

Comprar Orégano en Hoja | La Barraca

Comprar orégano en hoja, hierba aromática mediterránea ideal para pizzas, salsas, lasañas y adobos. Potencia el sabor con aroma intenso y natural.

Orégano Hoja
