{"id":6372,"date":"2021-01-18T11:23:14","date_gmt":"2021-01-18T10:23:14","guid":{"rendered":"https:\/\/labarraca1912.es\/?post_type=product&#038;p=6372"},"modified":"2026-04-22T11:48:27","modified_gmt":"2026-04-22T09:48:27","slug":"perejil-hoja","status":"publish","type":"product","link":"https:\/\/labarraca1912.es\/fr\/tienda\/especias-y-condimentos\/perejil-hoja\/","title":{"rendered":"Persil Feuilles"},"content":{"rendered":"<p>PERSIL FEUILLES: Plante herbac\u00e9e aux tiges fines et aux feuilles vert fonc\u00e9 brillantes et aromatiques. Elle compl\u00e8te parfaitement le riz, les soupes, les fruits de mer, les r\u00f4tis, les sauces, les vinaigrettes et fait partie des fines herbes. Une autre utilisation courante du persil consiste \u00e0 le m\u00e9langer avec de la chapelure ou \u00e0 l'ajouter au beurre. L\u00e0 o\u00f9 il prend le plus d'importance, c'est dans la sauce verte, pour assaisonner le poisson blanc.<\/p>\n<p><strong>Persil Feuilles:<\/strong>\u00a0C'est le condiment le plus utilis\u00e9 au monde, en raison de sa saveur et de son ar\u00f4me discrets. Il est utilis\u00e9 dans le riz, les soupes, les fruits de mer, les viandes ou poissons r\u00f4tis, les sauces et les jus.<\/p>","protected":false},"excerpt":{"rendered":"<blockquote>\n<h2><strong>Persil Feuilles<\/strong><\/h2>\n<\/blockquote>\n<p>Plante herbac\u00e9e aux tiges fines et aux feuilles vert fonc\u00e9 brillantes et aromatiques. Elle compl\u00e8te parfaitement le riz, les soupes, les fruits de mer, les r\u00f4tis, les sauces, les vinaigrettes et fait partie des fines herbes. Une autre utilisation courante du persil consiste \u00e0 le m\u00e9langer avec de la chapelure ou \u00e0 l'ajouter au beurre. L\u00e0 o\u00f9 il prend le plus d'importance, c'est dans la sauce verte, pour assaisonner le poisson blanc.<\/p>\n<p>C'est le condiment le plus utilis\u00e9 au monde, en raison de sa saveur et de son ar\u00f4me discrets. Il est utilis\u00e9 dans le riz, les soupes, les fruits de mer, les viandes ou poissons r\u00f4tis, les sauces et les jus.<\/p>\n<p><em><strong>Ingr\u00e9dients:<\/strong><\/em> Persil feuilles.<\/p>\n<p>Peut contenir des traces de <strong>C\u00c9LERI, GLUTEN et MOUTARDE.<\/strong><\/p>","protected":false},"featured_media":10640,"comment_status":"open","ping_status":"closed","template":"","meta":{"_et_pb_use_builder":"","_et_pb_old_content":"","_et_gb_content_width":""},"product_brand":[],"product_cat":[19],"product_tag":[39,78,75,49,68,77],"class_list":{"0":"post-6372","1":"product","2":"type-product","3":"status-publish","4":"has-post-thumbnail","6":"product_cat-especias-y-condimentos","7":"product_tag-arroz","8":"product_tag-mariscos","9":"product_tag-pasta","10":"product_tag-perejil","11":"product_tag-pescado","12":"product_tag-salsaverde","14":"first","15":"instock","16":"taxable","17":"shipping-taxable","18":"purchasable","19":"product-type-variable"},"yoast_head":"<!-- This site is optimized with the Yoast SEO plugin v27.4 - https:\/\/yoast.com\/product\/yoast-seo-wordpress\/ -->\n<title>Comprar Perejil en Hoja | La Barraca<\/title>\n<meta name=\"description\" content=\"Comprar perejil en hoja, hierba arom\u00e1tica vers\u00e1til para arroces, sopas, mariscos, asados y salsas. Ideal para dar sabor fresco y aroma delicado a tus platos.\" \/>\n<meta name=\"robots\" content=\"index, follow, max-snippet:-1, max-image-preview:large, max-video-preview:-1\" \/>\n<link rel=\"canonical\" href=\"https:\/\/labarraca1912.es\/fr\/tienda\/especias-y-condimentos\/perejil-hoja\/\" \/>\n<meta property=\"og:locale\" content=\"fr_FR\" \/>\n<meta property=\"og:type\" content=\"article\" \/>\n<meta property=\"og:title\" content=\"Comprar Perejil en Hoja | La Barraca\" \/>\n<meta property=\"og:description\" content=\"Comprar perejil en hoja, hierba arom\u00e1tica vers\u00e1til para arroces, sopas, mariscos, asados y salsas. Ideal para dar sabor fresco y aroma delicado a tus platos.\" \/>\n<meta property=\"og:url\" content=\"https:\/\/labarraca1912.es\/fr\/tienda\/especias-y-condimentos\/perejil-hoja\/\" \/>\n<meta property=\"og:site_name\" content=\"La Barraca\" \/>\n<meta property=\"article:modified_time\" content=\"2026-04-22T09:48:27+00:00\" \/>\n<meta property=\"og:image\" content=\"https:\/\/labarraca1912.es\/wp-content\/uploads\/perejilmini2024.jpg\" \/>\n\t<meta property=\"og:image:width\" content=\"800\" \/>\n\t<meta property=\"og:image:height\" content=\"800\" \/>\n\t<meta property=\"og:image:type\" content=\"image\/jpeg\" \/>\n<meta name=\"twitter:card\" content=\"summary_large_image\" \/>\n<meta name=\"twitter:label1\" content=\"Dur\u00e9e de lecture estim\u00e9e\" \/>\n\t<meta name=\"twitter:data1\" content=\"1 minute\" \/>\n<script type=\"application\/ld+json\" class=\"yoast-schema-graph\">{\"@context\":\"https:\\\/\\\/schema.org\",\"@graph\":[{\"@type\":\"WebPage\",\"@id\":\"https:\\\/\\\/labarraca1912.es\\\/tienda\\\/especias-y-condimentos\\\/perejil-hoja\\\/\",\"url\":\"https:\\\/\\\/labarraca1912.es\\\/tienda\\\/especias-y-condimentos\\\/perejil-hoja\\\/\",\"name\":\"Comprar Perejil en Hoja | La Barraca\",\"isPartOf\":{\"@id\":\"https:\\\/\\\/labarraca1912.es\\\/#website\"},\"primaryImageOfPage\":{\"@id\":\"https:\\\/\\\/labarraca1912.es\\\/tienda\\\/especias-y-condimentos\\\/perejil-hoja\\\/#primaryimage\"},\"image\":{\"@id\":\"https:\\\/\\\/labarraca1912.es\\\/tienda\\\/especias-y-condimentos\\\/perejil-hoja\\\/#primaryimage\"},\"thumbnailUrl\":\"https:\\\/\\\/labarraca1912.es\\\/wp-content\\\/uploads\\\/perejilmini2024.jpg\",\"datePublished\":\"2021-01-18T10:23:14+00:00\",\"dateModified\":\"2026-04-22T09:48:27+00:00\",\"description\":\"Comprar perejil en hoja, hierba arom\u00e1tica vers\u00e1til para arroces, sopas, mariscos, asados y salsas. Ideal para dar sabor fresco y aroma delicado a tus platos.\",\"breadcrumb\":{\"@id\":\"https:\\\/\\\/labarraca1912.es\\\/tienda\\\/especias-y-condimentos\\\/perejil-hoja\\\/#breadcrumb\"},\"inLanguage\":\"fr-FR\",\"potentialAction\":[{\"@type\":\"ReadAction\",\"target\":[\"https:\\\/\\\/labarraca1912.es\\\/tienda\\\/especias-y-condimentos\\\/perejil-hoja\\\/\"]}]},{\"@type\":\"ImageObject\",\"inLanguage\":\"fr-FR\",\"@id\":\"https:\\\/\\\/labarraca1912.es\\\/tienda\\\/especias-y-condimentos\\\/perejil-hoja\\\/#primaryimage\",\"url\":\"https:\\\/\\\/labarraca1912.es\\\/wp-content\\\/uploads\\\/perejilmini2024.jpg\",\"contentUrl\":\"https:\\\/\\\/labarraca1912.es\\\/wp-content\\\/uploads\\\/perejilmini2024.jpg\",\"width\":800,\"height\":800},{\"@type\":\"BreadcrumbList\",\"@id\":\"https:\\\/\\\/labarraca1912.es\\\/tienda\\\/especias-y-condimentos\\\/perejil-hoja\\\/#breadcrumb\",\"itemListElement\":[{\"@type\":\"ListItem\",\"position\":1,\"name\":\"La Barraca\",\"item\":\"https:\\\/\\\/labarraca1912.es\\\/\"},{\"@type\":\"ListItem\",\"position\":2,\"name\":\"Tienda\",\"item\":\"https:\\\/\\\/labarraca1912.es\\\/tienda\\\/\"},{\"@type\":\"ListItem\",\"position\":3,\"name\":\"Perejil Hoja\"}]},{\"@type\":\"WebSite\",\"@id\":\"https:\\\/\\\/labarraca1912.es\\\/#website\",\"url\":\"https:\\\/\\\/labarraca1912.es\\\/\",\"name\":\"La Barraca\",\"description\":\"La Casa del Sabor\",\"publisher\":{\"@id\":\"https:\\\/\\\/labarraca1912.es\\\/#organization\"},\"potentialAction\":[{\"@type\":\"SearchAction\",\"target\":{\"@type\":\"EntryPoint\",\"urlTemplate\":\"https:\\\/\\\/labarraca1912.es\\\/?s={search_term_string}\"},\"query-input\":{\"@type\":\"PropertyValueSpecification\",\"valueRequired\":true,\"valueName\":\"search_term_string\"}}],\"inLanguage\":\"fr-FR\"},{\"@type\":\"Organization\",\"@id\":\"https:\\\/\\\/labarraca1912.es\\\/#organization\",\"name\":\"La Barraca 1912 Alimentacion\",\"url\":\"https:\\\/\\\/labarraca1912.es\\\/\",\"logo\":{\"@type\":\"ImageObject\",\"inLanguage\":\"fr-FR\",\"@id\":\"https:\\\/\\\/labarraca1912.es\\\/#\\\/schema\\\/logo\\\/image\\\/\",\"url\":\"https:\\\/\\\/labarraca1912.es\\\/wp-content\\\/uploads\\\/2019\\\/06\\\/logo-labarraca.png\",\"contentUrl\":\"https:\\\/\\\/labarraca1912.es\\\/wp-content\\\/uploads\\\/2019\\\/06\\\/logo-labarraca.png\",\"width\":2917,\"height\":1809,\"caption\":\"La Barraca 1912 Alimentacion\"},\"image\":{\"@id\":\"https:\\\/\\\/labarraca1912.es\\\/#\\\/schema\\\/logo\\\/image\\\/\"}}]}<\/script>\n<!-- \/ Yoast SEO plugin. -->","yoast_head_json":{"title":"Comprar Perejil en Hoja | La Barraca","description":"Comprar perejil en hoja, hierba arom\u00e1tica vers\u00e1til para arroces, sopas, mariscos, asados y salsas. Ideal para dar sabor fresco y aroma delicado a tus platos.","robots":{"index":"index","follow":"follow","max-snippet":"max-snippet:-1","max-image-preview":"max-image-preview:large","max-video-preview":"max-video-preview:-1"},"canonical":"https:\/\/labarraca1912.es\/fr\/tienda\/especias-y-condimentos\/perejil-hoja\/","og_locale":"fr_FR","og_type":"article","og_title":"Comprar Perejil en Hoja | La Barraca","og_description":"Comprar perejil en hoja, hierba arom\u00e1tica vers\u00e1til para arroces, sopas, mariscos, asados y salsas. Ideal para dar sabor fresco y aroma delicado a tus platos.","og_url":"https:\/\/labarraca1912.es\/fr\/tienda\/especias-y-condimentos\/perejil-hoja\/","og_site_name":"La Barraca","article_modified_time":"2026-04-22T09:48:27+00:00","og_image":[{"width":800,"height":800,"url":"https:\/\/labarraca1912.es\/wp-content\/uploads\/perejilmini2024.jpg","type":"image\/jpeg"}],"twitter_card":"summary_large_image","twitter_misc":{"Dur\u00e9e de lecture estim\u00e9e":"1 minute"},"schema":{"@context":"https:\/\/schema.org","@graph":[{"@type":"WebPage","@id":"https:\/\/labarraca1912.es\/tienda\/especias-y-condimentos\/perejil-hoja\/","url":"https:\/\/labarraca1912.es\/tienda\/especias-y-condimentos\/perejil-hoja\/","name":"Comprar Perejil en Hoja | La Barraca","isPartOf":{"@id":"https:\/\/labarraca1912.es\/#website"},"primaryImageOfPage":{"@id":"https:\/\/labarraca1912.es\/tienda\/especias-y-condimentos\/perejil-hoja\/#primaryimage"},"image":{"@id":"https:\/\/labarraca1912.es\/tienda\/especias-y-condimentos\/perejil-hoja\/#primaryimage"},"thumbnailUrl":"https:\/\/labarraca1912.es\/wp-content\/uploads\/perejilmini2024.jpg","datePublished":"2021-01-18T10:23:14+00:00","dateModified":"2026-04-22T09:48:27+00:00","description":"Comprar perejil en hoja, hierba arom\u00e1tica vers\u00e1til para arroces, sopas, mariscos, asados y salsas. Ideal para dar sabor fresco y aroma delicado a tus platos.","breadcrumb":{"@id":"https:\/\/labarraca1912.es\/tienda\/especias-y-condimentos\/perejil-hoja\/#breadcrumb"},"inLanguage":"fr-FR","potentialAction":[{"@type":"ReadAction","target":["https:\/\/labarraca1912.es\/tienda\/especias-y-condimentos\/perejil-hoja\/"]}]},{"@type":"ImageObject","inLanguage":"fr-FR","@id":"https:\/\/labarraca1912.es\/tienda\/especias-y-condimentos\/perejil-hoja\/#primaryimage","url":"https:\/\/labarraca1912.es\/wp-content\/uploads\/perejilmini2024.jpg","contentUrl":"https:\/\/labarraca1912.es\/wp-content\/uploads\/perejilmini2024.jpg","width":800,"height":800},{"@type":"BreadcrumbList","@id":"https:\/\/labarraca1912.es\/tienda\/especias-y-condimentos\/perejil-hoja\/#breadcrumb","itemListElement":[{"@type":"ListItem","position":1,"name":"La Barraca","item":"https:\/\/labarraca1912.es\/"},{"@type":"ListItem","position":2,"name":"Tienda","item":"https:\/\/labarraca1912.es\/tienda\/"},{"@type":"ListItem","position":3,"name":"Perejil Hoja"}]},{"@type":"WebSite","@id":"https:\/\/labarraca1912.es\/#website","url":"https:\/\/labarraca1912.es\/","name":"La Barraca","description":"La Casa del Sabor","publisher":{"@id":"https:\/\/labarraca1912.es\/#organization"},"potentialAction":[{"@type":"SearchAction","target":{"@type":"EntryPoint","urlTemplate":"https:\/\/labarraca1912.es\/?s={search_term_string}"},"query-input":{"@type":"PropertyValueSpecification","valueRequired":true,"valueName":"search_term_string"}}],"inLanguage":"fr-FR"},{"@type":"Organization","@id":"https:\/\/labarraca1912.es\/#organization","name":"La Barraca 1912 Alimentacion","url":"https:\/\/labarraca1912.es\/","logo":{"@type":"ImageObject","inLanguage":"fr-FR","@id":"https:\/\/labarraca1912.es\/#\/schema\/logo\/image\/","url":"https:\/\/labarraca1912.es\/wp-content\/uploads\/2019\/06\/logo-labarraca.png","contentUrl":"https:\/\/labarraca1912.es\/wp-content\/uploads\/2019\/06\/logo-labarraca.png","width":2917,"height":1809,"caption":"La Barraca 1912 Alimentacion"},"image":{"@id":"https:\/\/labarraca1912.es\/#\/schema\/logo\/image\/"}}]}},"_links":{"self":[{"href":"https:\/\/labarraca1912.es\/fr\/wp-json\/wp\/v2\/product\/6372","targetHints":{"allow":["GET"]}}],"collection":[{"href":"https:\/\/labarraca1912.es\/fr\/wp-json\/wp\/v2\/product"}],"about":[{"href":"https:\/\/labarraca1912.es\/fr\/wp-json\/wp\/v2\/types\/product"}],"replies":[{"embeddable":true,"href":"https:\/\/labarraca1912.es\/fr\/wp-json\/wp\/v2\/comments?post=6372"}],"wp:featuredmedia":[{"embeddable":true,"href":"https:\/\/labarraca1912.es\/fr\/wp-json\/wp\/v2\/media\/10640"}],"wp:attachment":[{"href":"https:\/\/labarraca1912.es\/fr\/wp-json\/wp\/v2\/media?parent=6372"}],"wp:term":[{"taxonomy":"product_brand","embeddable":true,"href":"https:\/\/labarraca1912.es\/fr\/wp-json\/wp\/v2\/product_brand?post=6372"},{"taxonomy":"product_cat","embeddable":true,"href":"https:\/\/labarraca1912.es\/fr\/wp-json\/wp\/v2\/product_cat?post=6372"},{"taxonomy":"product_tag","embeddable":true,"href":"https:\/\/labarraca1912.es\/fr\/wp-json\/wp\/v2\/product_tag?post=6372"}],"curies":[{"name":"wp","href":"https:\/\/api.w.org\/{rel}","templated":true}]}}

<p>PERSIL FEUILLES: Plante herbacée aux tiges fines et aux feuilles vert foncé brillantes et aromatiques. Elle complète parfaitement le riz, les soupes, les fruits de mer, les rôtis, les sauces, les vinaigrettes et fait partie des fines herbes. Une autre utilisation courante du persil consiste à le mélanger avec de la chapelure ou à l'ajouter au beurre. Là où il prend le plus d'importance, c'est dans la sauce verte, pour assaisonner le poisson blanc.</p>
<p><strong>Persil Feuilles:</strong> C'est le condiment le plus utilisé au monde, en raison de sa saveur et de son arôme discrets. Il est utilisé dans le riz, les soupes, les fruits de mer, les viandes ou poissons rôtis, les sauces et les jus.</p>

<blockquote>
<h2><strong>Persil Feuilles</strong></h2>
</blockquote>
<p>Plante herbacée aux tiges fines et aux feuilles vert foncé brillantes et aromatiques. Elle complète parfaitement le riz, les soupes, les fruits de mer, les rôtis, les sauces, les vinaigrettes et fait partie des fines herbes. Une autre utilisation courante du persil consiste à le mélanger avec de la chapelure ou à l'ajouter au beurre. Là où il prend le plus d'importance, c'est dans la sauce verte, pour assaisonner le poisson blanc.</p>
<p>C'est le condiment le plus utilisé au monde, en raison de sa saveur et de son arôme discrets. Il est utilisé dans le riz, les soupes, les fruits de mer, les viandes ou poissons rôtis, les sauces et les jus.</p>
<p><em><strong>Ingrédients:</strong></em> Persil feuilles.</p>
<p>Peut contenir des traces de <strong>CÉLERI, GLUTEN et MOUTARDE.</strong></p>

<!-- This site is optimized with the Yoast SEO plugin v27.4 - https://yoast.com/product/yoast-seo-wordpress/ -->
<title>Comprar Perejil en Hoja | La Barraca</title>
<meta name="description" content="Comprar perejil en hoja, hierba aromática versátil para arroces, sopas, mariscos, asados y salsas. Ideal para dar sabor fresco y aroma delicado a tus platos." />
<meta name="robots" content="index, follow, max-snippet:-1, max-image-preview:large, max-video-preview:-1" />
<link rel="canonical" href="https://labarraca1912.es/fr/tienda/especias-y-condimentos/perejil-hoja/" />
<meta property="og:locale" content="fr_FR" />
<meta property="og:type" content="article" />
<meta property="og:title" content="Comprar Perejil en Hoja | La Barraca" />
<meta property="og:description" content="Comprar perejil en hoja, hierba aromática versátil para arroces, sopas, mariscos, asados y salsas. Ideal para dar sabor fresco y aroma delicado a tus platos." />
<meta property="og:url" content="https://labarraca1912.es/fr/tienda/especias-y-condimentos/perejil-hoja/" />
<meta property="og:site_name" content="La Barraca" />
<meta property="article:modified_time" content="2026-04-22T09:48:27+00:00" />
<meta property="og:image" content="https://labarraca1912.es/wp-content/uploads/perejilmini2024.jpg" />
	<meta property="og:image:width" content="800" />
	<meta property="og:image:height" content="800" />
	<meta property="og:image:type" content="image/jpeg" />
<meta name="twitter:card" content="summary_large_image" />
<meta name="twitter:label1" content="Durée de lecture estimée" />
	<meta name="twitter:data1" content="1 minute" />
<script type="application/ld+json" class="yoast-schema-graph">{"@context":"https:\/\/schema.org","@graph":[{"@type":"WebPage","@id":"https:\/\/labarraca1912.es\/tienda\/especias-y-condimentos\/perejil-hoja\/","url":"https:\/\/labarraca1912.es\/tienda\/especias-y-condimentos\/perejil-hoja\/","name":"Comprar Perejil en Hoja | La Barraca","isPartOf":{"@id":"https:\/\/labarraca1912.es\/#website"},"primaryImageOfPage":{"@id":"https:\/\/labarraca1912.es\/tienda\/especias-y-condimentos\/perejil-hoja\/#primaryimage"},"image":{"@id":"https:\/\/labarraca1912.es\/tienda\/especias-y-condimentos\/perejil-hoja\/#primaryimage"},"thumbnailUrl":"https:\/\/labarraca1912.es\/wp-content\/uploads\/perejilmini2024.jpg","datePublished":"2021-01-18T10:23:14+00:00","dateModified":"2026-04-22T09:48:27+00:00","description":"Comprar perejil en hoja, hierba aromática versátil para arroces, sopas, mariscos, asados y salsas. Ideal para dar sabor fresco y aroma delicado a tus platos.","breadcrumb":{"@id":"https:\/\/labarraca1912.es\/tienda\/especias-y-condimentos\/perejil-hoja\/#breadcrumb"},"inLanguage":"fr-FR","potentialAction":[{"@type":"ReadAction","target":["https:\/\/labarraca1912.es\/tienda\/especias-y-condimentos\/perejil-hoja\/"]}]},{"@type":"ImageObject","inLanguage":"fr-FR","@id":"https:\/\/labarraca1912.es\/tienda\/especias-y-condimentos\/perejil-hoja\/#primaryimage","url":"https:\/\/labarraca1912.es\/wp-content\/uploads\/perejilmini2024.jpg","contentUrl":"https:\/\/labarraca1912.es\/wp-content\/uploads\/perejilmini2024.jpg","width":800,"height":800},{"@type":"BreadcrumbList","@id":"https:\/\/labarraca1912.es\/tienda\/especias-y-condimentos\/perejil-hoja\/#breadcrumb","itemListElement":[{"@type":"ListItem","position":1,"name":"La Barraca","item":"https:\/\/labarraca1912.es\/"},{"@type":"ListItem","position":2,"name":"Tienda","item":"https:\/\/labarraca1912.es\/tienda\/"},{"@type":"ListItem","position":3,"name":"Perejil Hoja"}]},{"@type":"WebSite","@id":"https:\/\/labarraca1912.es\/#website","url":"https:\/\/labarraca1912.es\/","name":"La Barraca","description":"La Casa del Sabor","publisher":{"@id":"https:\/\/labarraca1912.es\/#organization"},"potentialAction":[{"@type":"SearchAction","target":{"@type":"EntryPoint","urlTemplate":"https:\/\/labarraca1912.es\/?s={search_term_string}"},"query-input":{"@type":"PropertyValueSpecification","valueRequired":true,"valueName":"search_term_string"}}],"inLanguage":"fr-FR"},{"@type":"Organization","@id":"https:\/\/labarraca1912.es\/#organization","name":"La Barraca 1912 Alimentacion","url":"https:\/\/labarraca1912.es\/","logo":{"@type":"ImageObject","inLanguage":"fr-FR","@id":"https:\/\/labarraca1912.es\/#\/schema\/logo\/image\/","url":"https:\/\/labarraca1912.es\/wp-content\/uploads\/2019\/06\/logo-labarraca.png","contentUrl":"https:\/\/labarraca1912.es\/wp-content\/uploads\/2019\/06\/logo-labarraca.png","width":2917,"height":1809,"caption":"La Barraca 1912 Alimentacion"},"image":{"@id":"https:\/\/labarraca1912.es\/#\/schema\/logo\/image\/"}}]}</script>
<!-- / Yoast SEO plugin. -->

Comprar perejil en hoja, hierba aromática versátil para arroces, sopas, mariscos, asados y salsas. Ideal para dar sabor fresco y aroma delicado a tus platos.
