{"id":7049,"date":"2021-07-06T12:00:10","date_gmt":"2021-07-06T10:00:10","guid":{"rendered":"https:\/\/labarraca1912.es\/?post_type=product&#038;p=7049"},"modified":"2026-03-09T09:22:54","modified_gmt":"2026-03-09T08:22:54","slug":"aroma-de-vainilla","status":"publish","type":"product","link":"https:\/\/labarraca1912.es\/fr\/tienda\/pasteleria\/aroma-de-vainilla\/","title":{"rendered":"Ar\u00f4me de Vanille"},"content":{"rendered":"<p>AR\u00d4ME DE VANILLE: La vanille est un ar\u00f4me sophistiqu\u00e9 qui conf\u00e8re un parfum tr\u00e8s particulier aux plats, rago\u00fbts et p\u00e2tisseries auxquels elle est incorpor\u00e9e.<\/p>\n<p><strong>Ar\u00f4me de Vanille:<\/strong> Il est utilis\u00e9 pour aromatiser les boissons gazeuses, les glaces et les g\u00e2teaux.<\/p>","protected":false},"excerpt":{"rendered":"<blockquote>\n<h2><strong>Ar\u00f4me de Vanille<\/strong><\/h2>\n<\/blockquote>\n<p><img decoding=\"async\" class=\"alignnone wp-image-10937\" src=\"https:\/\/labarraca1912.es\/wp-content\/uploads\/glutenfree.jpg\" alt=\"\" width=\"203\" height=\"35\" \/><\/p>\n<p>La vanille est un ar\u00f4me sophistiqu\u00e9 qui conf\u00e8re un parfum tr\u00e8s particulier aux plats, rago\u00fbts et p\u00e2tisseries auxquels elle est incorpor\u00e9e. Il est utilis\u00e9 pour aromatiser les boissons gazeuses, les glaces et les g\u00e2teaux.<\/p>\n<p><em><strong>Ingr\u00e9dients:<\/strong><\/em> Eau, alcool \u00e9thylique (35%), ar\u00f4me et colorant: caramel E-150d.<\/p>\n<p>Ajouter 8 ml d'ar\u00f4me pour 0,5 kg de pr\u00e9paration \u00e0 aromatiser. 8 ml \u00e9quivaut \u00e0 5 cuill\u00e8res \u00e0 soupe de caf\u00e9. Ne pas ing\u00e9rer directement.<\/p>","protected":false},"featured_media":12874,"comment_status":"open","ping_status":"closed","template":"","meta":{"_et_pb_use_builder":"","_et_pb_old_content":"","_et_gb_content_width":""},"product_brand":[],"product_cat":[21],"product_tag":[143,241,242,227,171,176],"class_list":{"0":"post-7049","1":"product","2":"type-product","3":"status-publish","4":"has-post-thumbnail","6":"product_cat-pasteleria","7":"product_tag-aroma","8":"product_tag-helados","9":"product_tag-pasteles","10":"product_tag-postres","11":"product_tag-reposteria","12":"product_tag-vainilla","14":"first","15":"instock","16":"taxable","17":"shipping-taxable","18":"purchasable","19":"product-type-variable"},"yoast_head":"<!-- This site is optimized with the Yoast SEO plugin v27.5 - https:\/\/yoast.com\/product\/yoast-seo-wordpress\/ -->\n<title>Aroma de Vainilla - La Barraca<\/title>\n<meta name=\"robots\" content=\"index, follow, max-snippet:-1, max-image-preview:large, max-video-preview:-1\" \/>\n<link rel=\"canonical\" href=\"https:\/\/labarraca1912.es\/fr\/tienda\/pasteleria\/aroma-de-vainilla\/\" \/>\n<meta property=\"og:locale\" content=\"fr_FR\" \/>\n<meta property=\"og:type\" content=\"article\" \/>\n<meta property=\"og:title\" content=\"Aroma de Vainilla - La Barraca\" \/>\n<meta property=\"og:description\" content=\"Aroma de Vainilla    La Vainilla es un aromatizante sofisticado, que aporta una fragancia muy especial a los platos, guisos y a la reposter\u00eda a la que se incorpora. Es utilizado para aromatizar refrescos, helados y pasteles.  Ingredientes: Agua, alcohol et\u00edlico (35%), aroma y colorante: caramelo E-150d.  A\u00f1adir 8 ml de aroma por cada 0,5 kg de preparaci\u00f3n a aromatizar. 8 ml equivalen a 5 cucharadas de caf\u00e9. No ingerir directamente.\" \/>\n<meta property=\"og:url\" content=\"https:\/\/labarraca1912.es\/fr\/tienda\/pasteleria\/aroma-de-vainilla\/\" \/>\n<meta property=\"og:site_name\" content=\"La Barraca\" \/>\n<meta property=\"article:modified_time\" content=\"2026-03-09T08:22:54+00:00\" \/>\n<meta property=\"og:image\" content=\"https:\/\/labarraca1912.es\/wp-content\/uploads\/aromavainilla2025.jpg\" \/>\n\t<meta property=\"og:image:width\" content=\"800\" \/>\n\t<meta property=\"og:image:height\" content=\"800\" \/>\n\t<meta property=\"og:image:type\" content=\"image\/jpeg\" \/>\n<meta name=\"twitter:card\" content=\"summary_large_image\" \/>\n<meta name=\"twitter:label1\" content=\"Dur\u00e9e de lecture estim\u00e9e\" \/>\n\t<meta name=\"twitter:data1\" content=\"1 minute\" \/>\n<script type=\"application\/ld+json\" class=\"yoast-schema-graph\">{\"@context\":\"https:\\\/\\\/schema.org\",\"@graph\":[{\"@type\":\"WebPage\",\"@id\":\"https:\\\/\\\/labarraca1912.es\\\/tienda\\\/pasteleria\\\/aroma-de-vainilla\\\/\",\"url\":\"https:\\\/\\\/labarraca1912.es\\\/tienda\\\/pasteleria\\\/aroma-de-vainilla\\\/\",\"name\":\"Aroma de Vainilla - La Barraca\",\"isPartOf\":{\"@id\":\"https:\\\/\\\/labarraca1912.es\\\/#website\"},\"primaryImageOfPage\":{\"@id\":\"https:\\\/\\\/labarraca1912.es\\\/tienda\\\/pasteleria\\\/aroma-de-vainilla\\\/#primaryimage\"},\"image\":{\"@id\":\"https:\\\/\\\/labarraca1912.es\\\/tienda\\\/pasteleria\\\/aroma-de-vainilla\\\/#primaryimage\"},\"thumbnailUrl\":\"https:\\\/\\\/labarraca1912.es\\\/wp-content\\\/uploads\\\/aromavainilla2025.jpg\",\"datePublished\":\"2021-07-06T10:00:10+00:00\",\"dateModified\":\"2026-03-09T08:22:54+00:00\",\"breadcrumb\":{\"@id\":\"https:\\\/\\\/labarraca1912.es\\\/tienda\\\/pasteleria\\\/aroma-de-vainilla\\\/#breadcrumb\"},\"inLanguage\":\"fr-FR\",\"potentialAction\":[{\"@type\":\"ReadAction\",\"target\":[\"https:\\\/\\\/labarraca1912.es\\\/tienda\\\/pasteleria\\\/aroma-de-vainilla\\\/\"]}]},{\"@type\":\"ImageObject\",\"inLanguage\":\"fr-FR\",\"@id\":\"https:\\\/\\\/labarraca1912.es\\\/tienda\\\/pasteleria\\\/aroma-de-vainilla\\\/#primaryimage\",\"url\":\"https:\\\/\\\/labarraca1912.es\\\/wp-content\\\/uploads\\\/aromavainilla2025.jpg\",\"contentUrl\":\"https:\\\/\\\/labarraca1912.es\\\/wp-content\\\/uploads\\\/aromavainilla2025.jpg\",\"width\":800,\"height\":800},{\"@type\":\"BreadcrumbList\",\"@id\":\"https:\\\/\\\/labarraca1912.es\\\/tienda\\\/pasteleria\\\/aroma-de-vainilla\\\/#breadcrumb\",\"itemListElement\":[{\"@type\":\"ListItem\",\"position\":1,\"name\":\"La Barraca\",\"item\":\"https:\\\/\\\/labarraca1912.es\\\/\"},{\"@type\":\"ListItem\",\"position\":2,\"name\":\"Tienda\",\"item\":\"https:\\\/\\\/labarraca1912.es\\\/tienda\\\/\"},{\"@type\":\"ListItem\",\"position\":3,\"name\":\"Aroma de Vainilla\"}]},{\"@type\":\"WebSite\",\"@id\":\"https:\\\/\\\/labarraca1912.es\\\/#website\",\"url\":\"https:\\\/\\\/labarraca1912.es\\\/\",\"name\":\"La Barraca\",\"description\":\"La Casa del Sabor\",\"publisher\":{\"@id\":\"https:\\\/\\\/labarraca1912.es\\\/#organization\"},\"potentialAction\":[{\"@type\":\"SearchAction\",\"target\":{\"@type\":\"EntryPoint\",\"urlTemplate\":\"https:\\\/\\\/labarraca1912.es\\\/?s={search_term_string}\"},\"query-input\":{\"@type\":\"PropertyValueSpecification\",\"valueRequired\":true,\"valueName\":\"search_term_string\"}}],\"inLanguage\":\"fr-FR\"},{\"@type\":\"Organization\",\"@id\":\"https:\\\/\\\/labarraca1912.es\\\/#organization\",\"name\":\"La Barraca 1912 Alimentacion\",\"url\":\"https:\\\/\\\/labarraca1912.es\\\/\",\"logo\":{\"@type\":\"ImageObject\",\"inLanguage\":\"fr-FR\",\"@id\":\"https:\\\/\\\/labarraca1912.es\\\/#\\\/schema\\\/logo\\\/image\\\/\",\"url\":\"https:\\\/\\\/labarraca1912.es\\\/wp-content\\\/uploads\\\/2019\\\/06\\\/logo-labarraca.png\",\"contentUrl\":\"https:\\\/\\\/labarraca1912.es\\\/wp-content\\\/uploads\\\/2019\\\/06\\\/logo-labarraca.png\",\"width\":2917,\"height\":1809,\"caption\":\"La Barraca 1912 Alimentacion\"},\"image\":{\"@id\":\"https:\\\/\\\/labarraca1912.es\\\/#\\\/schema\\\/logo\\\/image\\\/\"}}]}<\/script>\n<!-- \/ Yoast SEO plugin. -->","yoast_head_json":{"title":"Aroma de Vainilla - La Barraca","robots":{"index":"index","follow":"follow","max-snippet":"max-snippet:-1","max-image-preview":"max-image-preview:large","max-video-preview":"max-video-preview:-1"},"canonical":"https:\/\/labarraca1912.es\/fr\/tienda\/pasteleria\/aroma-de-vainilla\/","og_locale":"fr_FR","og_type":"article","og_title":"Aroma de Vainilla - La Barraca","og_description":"Aroma de Vainilla    La Vainilla es un aromatizante sofisticado, que aporta una fragancia muy especial a los platos, guisos y a la reposter\u00eda a la que se incorpora. Es utilizado para aromatizar refrescos, helados y pasteles.  Ingredientes: Agua, alcohol et\u00edlico (35%), aroma y colorante: caramelo E-150d.  A\u00f1adir 8 ml de aroma por cada 0,5 kg de preparaci\u00f3n a aromatizar. 8 ml equivalen a 5 cucharadas de caf\u00e9. No ingerir directamente.","og_url":"https:\/\/labarraca1912.es\/fr\/tienda\/pasteleria\/aroma-de-vainilla\/","og_site_name":"La Barraca","article_modified_time":"2026-03-09T08:22:54+00:00","og_image":[{"width":800,"height":800,"url":"https:\/\/labarraca1912.es\/wp-content\/uploads\/aromavainilla2025.jpg","type":"image\/jpeg"}],"twitter_card":"summary_large_image","twitter_misc":{"Dur\u00e9e de lecture estim\u00e9e":"1 minute"},"schema":{"@context":"https:\/\/schema.org","@graph":[{"@type":"WebPage","@id":"https:\/\/labarraca1912.es\/tienda\/pasteleria\/aroma-de-vainilla\/","url":"https:\/\/labarraca1912.es\/tienda\/pasteleria\/aroma-de-vainilla\/","name":"Aroma de Vainilla - La Barraca","isPartOf":{"@id":"https:\/\/labarraca1912.es\/#website"},"primaryImageOfPage":{"@id":"https:\/\/labarraca1912.es\/tienda\/pasteleria\/aroma-de-vainilla\/#primaryimage"},"image":{"@id":"https:\/\/labarraca1912.es\/tienda\/pasteleria\/aroma-de-vainilla\/#primaryimage"},"thumbnailUrl":"https:\/\/labarraca1912.es\/wp-content\/uploads\/aromavainilla2025.jpg","datePublished":"2021-07-06T10:00:10+00:00","dateModified":"2026-03-09T08:22:54+00:00","breadcrumb":{"@id":"https:\/\/labarraca1912.es\/tienda\/pasteleria\/aroma-de-vainilla\/#breadcrumb"},"inLanguage":"fr-FR","potentialAction":[{"@type":"ReadAction","target":["https:\/\/labarraca1912.es\/tienda\/pasteleria\/aroma-de-vainilla\/"]}]},{"@type":"ImageObject","inLanguage":"fr-FR","@id":"https:\/\/labarraca1912.es\/tienda\/pasteleria\/aroma-de-vainilla\/#primaryimage","url":"https:\/\/labarraca1912.es\/wp-content\/uploads\/aromavainilla2025.jpg","contentUrl":"https:\/\/labarraca1912.es\/wp-content\/uploads\/aromavainilla2025.jpg","width":800,"height":800},{"@type":"BreadcrumbList","@id":"https:\/\/labarraca1912.es\/tienda\/pasteleria\/aroma-de-vainilla\/#breadcrumb","itemListElement":[{"@type":"ListItem","position":1,"name":"La Barraca","item":"https:\/\/labarraca1912.es\/"},{"@type":"ListItem","position":2,"name":"Tienda","item":"https:\/\/labarraca1912.es\/tienda\/"},{"@type":"ListItem","position":3,"name":"Aroma de Vainilla"}]},{"@type":"WebSite","@id":"https:\/\/labarraca1912.es\/#website","url":"https:\/\/labarraca1912.es\/","name":"La Barraca","description":"La Casa del Sabor","publisher":{"@id":"https:\/\/labarraca1912.es\/#organization"},"potentialAction":[{"@type":"SearchAction","target":{"@type":"EntryPoint","urlTemplate":"https:\/\/labarraca1912.es\/?s={search_term_string}"},"query-input":{"@type":"PropertyValueSpecification","valueRequired":true,"valueName":"search_term_string"}}],"inLanguage":"fr-FR"},{"@type":"Organization","@id":"https:\/\/labarraca1912.es\/#organization","name":"La Barraca 1912 Alimentacion","url":"https:\/\/labarraca1912.es\/","logo":{"@type":"ImageObject","inLanguage":"fr-FR","@id":"https:\/\/labarraca1912.es\/#\/schema\/logo\/image\/","url":"https:\/\/labarraca1912.es\/wp-content\/uploads\/2019\/06\/logo-labarraca.png","contentUrl":"https:\/\/labarraca1912.es\/wp-content\/uploads\/2019\/06\/logo-labarraca.png","width":2917,"height":1809,"caption":"La Barraca 1912 Alimentacion"},"image":{"@id":"https:\/\/labarraca1912.es\/#\/schema\/logo\/image\/"}}]}},"_links":{"self":[{"href":"https:\/\/labarraca1912.es\/fr\/wp-json\/wp\/v2\/product\/7049","targetHints":{"allow":["GET"]}}],"collection":[{"href":"https:\/\/labarraca1912.es\/fr\/wp-json\/wp\/v2\/product"}],"about":[{"href":"https:\/\/labarraca1912.es\/fr\/wp-json\/wp\/v2\/types\/product"}],"replies":[{"embeddable":true,"href":"https:\/\/labarraca1912.es\/fr\/wp-json\/wp\/v2\/comments?post=7049"}],"wp:featuredmedia":[{"embeddable":true,"href":"https:\/\/labarraca1912.es\/fr\/wp-json\/wp\/v2\/media\/12874"}],"wp:attachment":[{"href":"https:\/\/labarraca1912.es\/fr\/wp-json\/wp\/v2\/media?parent=7049"}],"wp:term":[{"taxonomy":"product_brand","embeddable":true,"href":"https:\/\/labarraca1912.es\/fr\/wp-json\/wp\/v2\/product_brand?post=7049"},{"taxonomy":"product_cat","embeddable":true,"href":"https:\/\/labarraca1912.es\/fr\/wp-json\/wp\/v2\/product_cat?post=7049"},{"taxonomy":"product_tag","embeddable":true,"href":"https:\/\/labarraca1912.es\/fr\/wp-json\/wp\/v2\/product_tag?post=7049"}],"curies":[{"name":"wp","href":"https:\/\/api.w.org\/{rel}","templated":true}]}}

Arôme de Vanille

<p>ARÔME DE VANILLE: La vanille est un arôme sophistiqué qui confère un parfum très particulier aux plats, ragoûts et pâtisseries auxquels elle est incorporée.</p>
<p><strong>Arôme de Vanille:</strong> Il est utilisé pour aromatiser les boissons gazeuses, les glaces et les gâteaux.</p>

<blockquote>
<h2><strong>Arôme de Vanille</strong></h2>
</blockquote>
<p><img decoding="async" class="alignnone wp-image-10937" src="https://labarraca1912.es/wp-content/uploads/glutenfree.jpg" alt="" width="203" height="35" /></p>
<p>La vanille est un arôme sophistiqué qui confère un parfum très particulier aux plats, ragoûts et pâtisseries auxquels elle est incorporée. Il est utilisé pour aromatiser les boissons gazeuses, les glaces et les gâteaux.</p>
<p><em><strong>Ingrédients:</strong></em> Eau, alcool éthylique (35%), arôme et colorant: caramel E-150d.</p>
<p>Ajouter 8 ml d'arôme pour 0,5 kg de préparation à aromatiser. 8 ml équivaut à 5 cuillères à soupe de café. Ne pas ingérer directement.</p>

<!-- This site is optimized with the Yoast SEO plugin v27.5 - https://yoast.com/product/yoast-seo-wordpress/ -->
<title>Aroma de Vainilla - La Barraca</title>
<meta name="robots" content="index, follow, max-snippet:-1, max-image-preview:large, max-video-preview:-1" />
<link rel="canonical" href="https://labarraca1912.es/fr/tienda/pasteleria/aroma-de-vainilla/" />
<meta property="og:locale" content="fr_FR" />
<meta property="og:type" content="article" />
<meta property="og:title" content="Aroma de Vainilla - La Barraca" />
<meta property="og:description" content="Aroma de Vainilla    La Vainilla es un aromatizante sofisticado, que aporta una fragancia muy especial a los platos, guisos y a la repostería a la que se incorpora. Es utilizado para aromatizar refrescos, helados y pasteles.  Ingredientes: Agua, alcohol etílico (35%), aroma y colorante: caramelo E-150d.  Añadir 8 ml de aroma por cada 0,5 kg de preparación a aromatizar. 8 ml equivalen a 5 cucharadas de café. No ingerir directamente." />
<meta property="og:url" content="https://labarraca1912.es/fr/tienda/pasteleria/aroma-de-vainilla/" />
<meta property="og:site_name" content="La Barraca" />
<meta property="article:modified_time" content="2026-03-09T08:22:54+00:00" />
<meta property="og:image" content="https://labarraca1912.es/wp-content/uploads/aromavainilla2025.jpg" />
	<meta property="og:image:width" content="800" />
	<meta property="og:image:height" content="800" />
	<meta property="og:image:type" content="image/jpeg" />
<meta name="twitter:card" content="summary_large_image" />
<meta name="twitter:label1" content="Durée de lecture estimée" />
	<meta name="twitter:data1" content="1 minute" />
<script type="application/ld+json" class="yoast-schema-graph">{"@context":"https:\/\/schema.org","@graph":[{"@type":"WebPage","@id":"https:\/\/labarraca1912.es\/tienda\/pasteleria\/aroma-de-vainilla\/","url":"https:\/\/labarraca1912.es\/tienda\/pasteleria\/aroma-de-vainilla\/","name":"Aroma de Vainilla - La Barraca","isPartOf":{"@id":"https:\/\/labarraca1912.es\/#website"},"primaryImageOfPage":{"@id":"https:\/\/labarraca1912.es\/tienda\/pasteleria\/aroma-de-vainilla\/#primaryimage"},"image":{"@id":"https:\/\/labarraca1912.es\/tienda\/pasteleria\/aroma-de-vainilla\/#primaryimage"},"thumbnailUrl":"https:\/\/labarraca1912.es\/wp-content\/uploads\/aromavainilla2025.jpg","datePublished":"2021-07-06T10:00:10+00:00","dateModified":"2026-03-09T08:22:54+00:00","breadcrumb":{"@id":"https:\/\/labarraca1912.es\/tienda\/pasteleria\/aroma-de-vainilla\/#breadcrumb"},"inLanguage":"fr-FR","potentialAction":[{"@type":"ReadAction","target":["https:\/\/labarraca1912.es\/tienda\/pasteleria\/aroma-de-vainilla\/"]}]},{"@type":"ImageObject","inLanguage":"fr-FR","@id":"https:\/\/labarraca1912.es\/tienda\/pasteleria\/aroma-de-vainilla\/#primaryimage","url":"https:\/\/labarraca1912.es\/wp-content\/uploads\/aromavainilla2025.jpg","contentUrl":"https:\/\/labarraca1912.es\/wp-content\/uploads\/aromavainilla2025.jpg","width":800,"height":800},{"@type":"BreadcrumbList","@id":"https:\/\/labarraca1912.es\/tienda\/pasteleria\/aroma-de-vainilla\/#breadcrumb","itemListElement":[{"@type":"ListItem","position":1,"name":"La Barraca","item":"https:\/\/labarraca1912.es\/"},{"@type":"ListItem","position":2,"name":"Tienda","item":"https:\/\/labarraca1912.es\/tienda\/"},{"@type":"ListItem","position":3,"name":"Aroma de Vainilla"}]},{"@type":"WebSite","@id":"https:\/\/labarraca1912.es\/#website","url":"https:\/\/labarraca1912.es\/","name":"La Barraca","description":"La Casa del Sabor","publisher":{"@id":"https:\/\/labarraca1912.es\/#organization"},"potentialAction":[{"@type":"SearchAction","target":{"@type":"EntryPoint","urlTemplate":"https:\/\/labarraca1912.es\/?s={search_term_string}"},"query-input":{"@type":"PropertyValueSpecification","valueRequired":true,"valueName":"search_term_string"}}],"inLanguage":"fr-FR"},{"@type":"Organization","@id":"https:\/\/labarraca1912.es\/#organization","name":"La Barraca 1912 Alimentacion","url":"https:\/\/labarraca1912.es\/","logo":{"@type":"ImageObject","inLanguage":"fr-FR","@id":"https:\/\/labarraca1912.es\/#\/schema\/logo\/image\/","url":"https:\/\/labarraca1912.es\/wp-content\/uploads\/2019\/06\/logo-labarraca.png","contentUrl":"https:\/\/labarraca1912.es\/wp-content\/uploads\/2019\/06\/logo-labarraca.png","width":2917,"height":1809,"caption":"La Barraca 1912 Alimentacion"},"image":{"@id":"https:\/\/labarraca1912.es\/#\/schema\/logo\/image\/"}}]}</script>
<!-- / Yoast SEO plugin. -->

Aroma de Vainilla    La Vainilla es un aromatizante sofisticado, que aporta una fragancia muy especial a los platos, guisos y a la repostería a la que se incorpora. Es utilizado para aromatizar refrescos, helados y pasteles.  Ingredientes: Agua, alcohol etílico (35%), aroma y colorante: caramelo E-150d.  Añadir 8 ml de aroma por cada 0,5 kg de preparación a aromatizar. 8 ml equivalen a 5 cucharadas de café. No ingerir directamente.
