{"id":7049,"date":"2021-07-06T12:00:10","date_gmt":"2021-07-06T10:00:10","guid":{"rendered":"https:\/\/labarraca1912.es\/?post_type=product&#038;p=7049"},"modified":"2026-03-09T09:22:54","modified_gmt":"2026-03-09T08:22:54","slug":"aroma-de-vainilla","status":"publish","type":"product","link":"https:\/\/labarraca1912.es\/pt\/tienda\/pasteleria\/aroma-de-vainilla\/","title":{"rendered":"Aroma de Baunilha"},"content":{"rendered":"<p>AROMA BAUNILHA: A baunilha \u00e9 um aroma sofisticado que confere um aroma muito especial aos pratos, guisados \u200b\u200be doces em que est\u00e1 incorporada.<\/p>\n<p><strong>Aroma Baunilha:<\/strong> \u00c9 utilizado para dar sabor a refrigerantes, gelados e bolos.<\/p>","protected":false},"excerpt":{"rendered":"<blockquote>\n<h2><strong>Aroma de Baunilha<\/strong><\/h2>\n<\/blockquote>\n<p><img decoding=\"async\" class=\"alignnone wp-image-10937\" src=\"https:\/\/labarraca1912.es\/wp-content\/uploads\/glutenfree.jpg\" alt=\"\" width=\"203\" height=\"35\" \/><\/p>\n<p>A baunilha \u00e9 um aroma sofisticado que confere um aroma muito especial aos pratos, guisados \u200b\u200be doces em que est\u00e1 incorporada. \u00c9 utilizado para dar sabor a refrigerantes, gelados e bolos.<\/p>\n<p><em><strong>Ingredientes:<\/strong><\/em> \u00c1gua, \u00e1lcool et\u00edlico (35%), aroma e corante: caramelo E-150d.<\/p>\n<p>Adicione 8 ml de aroma por cada 0,5 kg de preparado a aromatizar. 8 ml equivalem a 5 colheres de caf\u00e9. N\u00e3o ingira diretamente.<\/p>","protected":false},"featured_media":12874,"comment_status":"open","ping_status":"closed","template":"","meta":{"_et_pb_use_builder":"","_et_pb_old_content":"","_et_gb_content_width":""},"product_brand":[],"product_cat":[21],"product_tag":[143,241,242,227,171,176],"class_list":{"0":"post-7049","1":"product","2":"type-product","3":"status-publish","4":"has-post-thumbnail","6":"product_cat-pasteleria","7":"product_tag-aroma","8":"product_tag-helados","9":"product_tag-pasteles","10":"product_tag-postres","11":"product_tag-reposteria","12":"product_tag-vainilla","14":"first","15":"instock","16":"taxable","17":"shipping-taxable","18":"purchasable","19":"product-type-variable"},"yoast_head":"<!-- This site is optimized with the Yoast SEO plugin v27.5 - https:\/\/yoast.com\/product\/yoast-seo-wordpress\/ -->\n<title>Aroma de Vainilla - La Barraca<\/title>\n<meta name=\"robots\" content=\"index, follow, max-snippet:-1, max-image-preview:large, max-video-preview:-1\" \/>\n<link rel=\"canonical\" href=\"https:\/\/labarraca1912.es\/pt\/tienda\/pasteleria\/aroma-de-vainilla\/\" \/>\n<meta property=\"og:locale\" content=\"pt_PT\" \/>\n<meta property=\"og:type\" content=\"article\" \/>\n<meta property=\"og:title\" content=\"Aroma de Vainilla - La Barraca\" \/>\n<meta property=\"og:description\" content=\"Aroma de Vainilla    La Vainilla es un aromatizante sofisticado, que aporta una fragancia muy especial a los platos, guisos y a la reposter\u00eda a la que se incorpora. Es utilizado para aromatizar refrescos, helados y pasteles.  Ingredientes: Agua, alcohol et\u00edlico (35%), aroma y colorante: caramelo E-150d.  A\u00f1adir 8 ml de aroma por cada 0,5 kg de preparaci\u00f3n a aromatizar. 8 ml equivalen a 5 cucharadas de caf\u00e9. No ingerir directamente.\" \/>\n<meta property=\"og:url\" content=\"https:\/\/labarraca1912.es\/pt\/tienda\/pasteleria\/aroma-de-vainilla\/\" \/>\n<meta property=\"og:site_name\" content=\"La Barraca\" \/>\n<meta property=\"article:modified_time\" content=\"2026-03-09T08:22:54+00:00\" \/>\n<meta property=\"og:image\" content=\"https:\/\/labarraca1912.es\/wp-content\/uploads\/aromavainilla2025.jpg\" \/>\n\t<meta property=\"og:image:width\" content=\"800\" \/>\n\t<meta property=\"og:image:height\" content=\"800\" \/>\n\t<meta property=\"og:image:type\" content=\"image\/jpeg\" \/>\n<meta name=\"twitter:card\" content=\"summary_large_image\" \/>\n<meta name=\"twitter:label1\" content=\"Tempo estimado de leitura\" \/>\n\t<meta name=\"twitter:data1\" content=\"1 minuto\" \/>\n<script type=\"application\/ld+json\" class=\"yoast-schema-graph\">{\"@context\":\"https:\\\/\\\/schema.org\",\"@graph\":[{\"@type\":\"WebPage\",\"@id\":\"https:\\\/\\\/labarraca1912.es\\\/tienda\\\/pasteleria\\\/aroma-de-vainilla\\\/\",\"url\":\"https:\\\/\\\/labarraca1912.es\\\/tienda\\\/pasteleria\\\/aroma-de-vainilla\\\/\",\"name\":\"Aroma de Vainilla - La Barraca\",\"isPartOf\":{\"@id\":\"https:\\\/\\\/labarraca1912.es\\\/#website\"},\"primaryImageOfPage\":{\"@id\":\"https:\\\/\\\/labarraca1912.es\\\/tienda\\\/pasteleria\\\/aroma-de-vainilla\\\/#primaryimage\"},\"image\":{\"@id\":\"https:\\\/\\\/labarraca1912.es\\\/tienda\\\/pasteleria\\\/aroma-de-vainilla\\\/#primaryimage\"},\"thumbnailUrl\":\"https:\\\/\\\/labarraca1912.es\\\/wp-content\\\/uploads\\\/aromavainilla2025.jpg\",\"datePublished\":\"2021-07-06T10:00:10+00:00\",\"dateModified\":\"2026-03-09T08:22:54+00:00\",\"breadcrumb\":{\"@id\":\"https:\\\/\\\/labarraca1912.es\\\/tienda\\\/pasteleria\\\/aroma-de-vainilla\\\/#breadcrumb\"},\"inLanguage\":\"pt-PT\",\"potentialAction\":[{\"@type\":\"ReadAction\",\"target\":[\"https:\\\/\\\/labarraca1912.es\\\/tienda\\\/pasteleria\\\/aroma-de-vainilla\\\/\"]}]},{\"@type\":\"ImageObject\",\"inLanguage\":\"pt-PT\",\"@id\":\"https:\\\/\\\/labarraca1912.es\\\/tienda\\\/pasteleria\\\/aroma-de-vainilla\\\/#primaryimage\",\"url\":\"https:\\\/\\\/labarraca1912.es\\\/wp-content\\\/uploads\\\/aromavainilla2025.jpg\",\"contentUrl\":\"https:\\\/\\\/labarraca1912.es\\\/wp-content\\\/uploads\\\/aromavainilla2025.jpg\",\"width\":800,\"height\":800},{\"@type\":\"BreadcrumbList\",\"@id\":\"https:\\\/\\\/labarraca1912.es\\\/tienda\\\/pasteleria\\\/aroma-de-vainilla\\\/#breadcrumb\",\"itemListElement\":[{\"@type\":\"ListItem\",\"position\":1,\"name\":\"La Barraca\",\"item\":\"https:\\\/\\\/labarraca1912.es\\\/\"},{\"@type\":\"ListItem\",\"position\":2,\"name\":\"Tienda\",\"item\":\"https:\\\/\\\/labarraca1912.es\\\/tienda\\\/\"},{\"@type\":\"ListItem\",\"position\":3,\"name\":\"Aroma de Vainilla\"}]},{\"@type\":\"WebSite\",\"@id\":\"https:\\\/\\\/labarraca1912.es\\\/#website\",\"url\":\"https:\\\/\\\/labarraca1912.es\\\/\",\"name\":\"La Barraca\",\"description\":\"La Casa del Sabor\",\"publisher\":{\"@id\":\"https:\\\/\\\/labarraca1912.es\\\/#organization\"},\"potentialAction\":[{\"@type\":\"SearchAction\",\"target\":{\"@type\":\"EntryPoint\",\"urlTemplate\":\"https:\\\/\\\/labarraca1912.es\\\/?s={search_term_string}\"},\"query-input\":{\"@type\":\"PropertyValueSpecification\",\"valueRequired\":true,\"valueName\":\"search_term_string\"}}],\"inLanguage\":\"pt-PT\"},{\"@type\":\"Organization\",\"@id\":\"https:\\\/\\\/labarraca1912.es\\\/#organization\",\"name\":\"La Barraca 1912 Alimentacion\",\"url\":\"https:\\\/\\\/labarraca1912.es\\\/\",\"logo\":{\"@type\":\"ImageObject\",\"inLanguage\":\"pt-PT\",\"@id\":\"https:\\\/\\\/labarraca1912.es\\\/#\\\/schema\\\/logo\\\/image\\\/\",\"url\":\"https:\\\/\\\/labarraca1912.es\\\/wp-content\\\/uploads\\\/2019\\\/06\\\/logo-labarraca.png\",\"contentUrl\":\"https:\\\/\\\/labarraca1912.es\\\/wp-content\\\/uploads\\\/2019\\\/06\\\/logo-labarraca.png\",\"width\":2917,\"height\":1809,\"caption\":\"La Barraca 1912 Alimentacion\"},\"image\":{\"@id\":\"https:\\\/\\\/labarraca1912.es\\\/#\\\/schema\\\/logo\\\/image\\\/\"}}]}<\/script>\n<!-- \/ Yoast SEO plugin. -->","yoast_head_json":{"title":"Aroma de Vainilla - La Barraca","robots":{"index":"index","follow":"follow","max-snippet":"max-snippet:-1","max-image-preview":"max-image-preview:large","max-video-preview":"max-video-preview:-1"},"canonical":"https:\/\/labarraca1912.es\/pt\/tienda\/pasteleria\/aroma-de-vainilla\/","og_locale":"pt_PT","og_type":"article","og_title":"Aroma de Vainilla - La Barraca","og_description":"Aroma de Vainilla    La Vainilla es un aromatizante sofisticado, que aporta una fragancia muy especial a los platos, guisos y a la reposter\u00eda a la que se incorpora. Es utilizado para aromatizar refrescos, helados y pasteles.  Ingredientes: Agua, alcohol et\u00edlico (35%), aroma y colorante: caramelo E-150d.  A\u00f1adir 8 ml de aroma por cada 0,5 kg de preparaci\u00f3n a aromatizar. 8 ml equivalen a 5 cucharadas de caf\u00e9. No ingerir directamente.","og_url":"https:\/\/labarraca1912.es\/pt\/tienda\/pasteleria\/aroma-de-vainilla\/","og_site_name":"La Barraca","article_modified_time":"2026-03-09T08:22:54+00:00","og_image":[{"width":800,"height":800,"url":"https:\/\/labarraca1912.es\/wp-content\/uploads\/aromavainilla2025.jpg","type":"image\/jpeg"}],"twitter_card":"summary_large_image","twitter_misc":{"Tempo estimado de leitura":"1 minuto"},"schema":{"@context":"https:\/\/schema.org","@graph":[{"@type":"WebPage","@id":"https:\/\/labarraca1912.es\/tienda\/pasteleria\/aroma-de-vainilla\/","url":"https:\/\/labarraca1912.es\/tienda\/pasteleria\/aroma-de-vainilla\/","name":"Aroma de Vainilla - La Barraca","isPartOf":{"@id":"https:\/\/labarraca1912.es\/#website"},"primaryImageOfPage":{"@id":"https:\/\/labarraca1912.es\/tienda\/pasteleria\/aroma-de-vainilla\/#primaryimage"},"image":{"@id":"https:\/\/labarraca1912.es\/tienda\/pasteleria\/aroma-de-vainilla\/#primaryimage"},"thumbnailUrl":"https:\/\/labarraca1912.es\/wp-content\/uploads\/aromavainilla2025.jpg","datePublished":"2021-07-06T10:00:10+00:00","dateModified":"2026-03-09T08:22:54+00:00","breadcrumb":{"@id":"https:\/\/labarraca1912.es\/tienda\/pasteleria\/aroma-de-vainilla\/#breadcrumb"},"inLanguage":"pt-PT","potentialAction":[{"@type":"ReadAction","target":["https:\/\/labarraca1912.es\/tienda\/pasteleria\/aroma-de-vainilla\/"]}]},{"@type":"ImageObject","inLanguage":"pt-PT","@id":"https:\/\/labarraca1912.es\/tienda\/pasteleria\/aroma-de-vainilla\/#primaryimage","url":"https:\/\/labarraca1912.es\/wp-content\/uploads\/aromavainilla2025.jpg","contentUrl":"https:\/\/labarraca1912.es\/wp-content\/uploads\/aromavainilla2025.jpg","width":800,"height":800},{"@type":"BreadcrumbList","@id":"https:\/\/labarraca1912.es\/tienda\/pasteleria\/aroma-de-vainilla\/#breadcrumb","itemListElement":[{"@type":"ListItem","position":1,"name":"La Barraca","item":"https:\/\/labarraca1912.es\/"},{"@type":"ListItem","position":2,"name":"Tienda","item":"https:\/\/labarraca1912.es\/tienda\/"},{"@type":"ListItem","position":3,"name":"Aroma de Vainilla"}]},{"@type":"WebSite","@id":"https:\/\/labarraca1912.es\/#website","url":"https:\/\/labarraca1912.es\/","name":"La Barraca","description":"La Casa del Sabor","publisher":{"@id":"https:\/\/labarraca1912.es\/#organization"},"potentialAction":[{"@type":"SearchAction","target":{"@type":"EntryPoint","urlTemplate":"https:\/\/labarraca1912.es\/?s={search_term_string}"},"query-input":{"@type":"PropertyValueSpecification","valueRequired":true,"valueName":"search_term_string"}}],"inLanguage":"pt-PT"},{"@type":"Organization","@id":"https:\/\/labarraca1912.es\/#organization","name":"La Barraca 1912 Alimentacion","url":"https:\/\/labarraca1912.es\/","logo":{"@type":"ImageObject","inLanguage":"pt-PT","@id":"https:\/\/labarraca1912.es\/#\/schema\/logo\/image\/","url":"https:\/\/labarraca1912.es\/wp-content\/uploads\/2019\/06\/logo-labarraca.png","contentUrl":"https:\/\/labarraca1912.es\/wp-content\/uploads\/2019\/06\/logo-labarraca.png","width":2917,"height":1809,"caption":"La Barraca 1912 Alimentacion"},"image":{"@id":"https:\/\/labarraca1912.es\/#\/schema\/logo\/image\/"}}]}},"_links":{"self":[{"href":"https:\/\/labarraca1912.es\/pt\/wp-json\/wp\/v2\/product\/7049","targetHints":{"allow":["GET"]}}],"collection":[{"href":"https:\/\/labarraca1912.es\/pt\/wp-json\/wp\/v2\/product"}],"about":[{"href":"https:\/\/labarraca1912.es\/pt\/wp-json\/wp\/v2\/types\/product"}],"replies":[{"embeddable":true,"href":"https:\/\/labarraca1912.es\/pt\/wp-json\/wp\/v2\/comments?post=7049"}],"wp:featuredmedia":[{"embeddable":true,"href":"https:\/\/labarraca1912.es\/pt\/wp-json\/wp\/v2\/media\/12874"}],"wp:attachment":[{"href":"https:\/\/labarraca1912.es\/pt\/wp-json\/wp\/v2\/media?parent=7049"}],"wp:term":[{"taxonomy":"product_brand","embeddable":true,"href":"https:\/\/labarraca1912.es\/pt\/wp-json\/wp\/v2\/product_brand?post=7049"},{"taxonomy":"product_cat","embeddable":true,"href":"https:\/\/labarraca1912.es\/pt\/wp-json\/wp\/v2\/product_cat?post=7049"},{"taxonomy":"product_tag","embeddable":true,"href":"https:\/\/labarraca1912.es\/pt\/wp-json\/wp\/v2\/product_tag?post=7049"}],"curies":[{"name":"wp","href":"https:\/\/api.w.org\/{rel}","templated":true}]}}

<p>AROMA BAUNILHA: A baunilha é um aroma sofisticado que confere um aroma muito especial aos pratos, guisados ​​e doces em que está incorporada.</p>
<p><strong>Aroma Baunilha:</strong> É utilizado para dar sabor a refrigerantes, gelados e bolos.</p>

<blockquote>
<h2><strong>Aroma de Baunilha</strong></h2>
</blockquote>
<p><img decoding="async" class="alignnone wp-image-10937" src="https://labarraca1912.es/wp-content/uploads/glutenfree.jpg" alt="" width="203" height="35" /></p>
<p>A baunilha é um aroma sofisticado que confere um aroma muito especial aos pratos, guisados ​​e doces em que está incorporada. É utilizado para dar sabor a refrigerantes, gelados e bolos.</p>
<p><em><strong>Ingredientes:</strong></em> Água, álcool etílico (35%), aroma e corante: caramelo E-150d.</p>
<p>Adicione 8 ml de aroma por cada 0,5 kg de preparado a aromatizar. 8 ml equivalem a 5 colheres de café. Não ingira diretamente.</p>

<!-- This site is optimized with the Yoast SEO plugin v27.5 - https://yoast.com/product/yoast-seo-wordpress/ -->
<title>Aroma de Vainilla - La Barraca</title>
<meta name="robots" content="index, follow, max-snippet:-1, max-image-preview:large, max-video-preview:-1" />
<link rel="canonical" href="https://labarraca1912.es/pt/tienda/pasteleria/aroma-de-vainilla/" />
<meta property="og:locale" content="pt_PT" />
<meta property="og:type" content="article" />
<meta property="og:title" content="Aroma de Vainilla - La Barraca" />
<meta property="og:description" content="Aroma de Vainilla    La Vainilla es un aromatizante sofisticado, que aporta una fragancia muy especial a los platos, guisos y a la repostería a la que se incorpora. Es utilizado para aromatizar refrescos, helados y pasteles.  Ingredientes: Agua, alcohol etílico (35%), aroma y colorante: caramelo E-150d.  Añadir 8 ml de aroma por cada 0,5 kg de preparación a aromatizar. 8 ml equivalen a 5 cucharadas de café. No ingerir directamente." />
<meta property="og:url" content="https://labarraca1912.es/pt/tienda/pasteleria/aroma-de-vainilla/" />
<meta property="og:site_name" content="La Barraca" />
<meta property="article:modified_time" content="2026-03-09T08:22:54+00:00" />
<meta property="og:image" content="https://labarraca1912.es/wp-content/uploads/aromavainilla2025.jpg" />
	<meta property="og:image:width" content="800" />
	<meta property="og:image:height" content="800" />
	<meta property="og:image:type" content="image/jpeg" />
<meta name="twitter:card" content="summary_large_image" />
<meta name="twitter:label1" content="Tempo estimado de leitura" />
	<meta name="twitter:data1" content="1 minuto" />
<script type="application/ld+json" class="yoast-schema-graph">{"@context":"https:\/\/schema.org","@graph":[{"@type":"WebPage","@id":"https:\/\/labarraca1912.es\/tienda\/pasteleria\/aroma-de-vainilla\/","url":"https:\/\/labarraca1912.es\/tienda\/pasteleria\/aroma-de-vainilla\/","name":"Aroma de Vainilla - La Barraca","isPartOf":{"@id":"https:\/\/labarraca1912.es\/#website"},"primaryImageOfPage":{"@id":"https:\/\/labarraca1912.es\/tienda\/pasteleria\/aroma-de-vainilla\/#primaryimage"},"image":{"@id":"https:\/\/labarraca1912.es\/tienda\/pasteleria\/aroma-de-vainilla\/#primaryimage"},"thumbnailUrl":"https:\/\/labarraca1912.es\/wp-content\/uploads\/aromavainilla2025.jpg","datePublished":"2021-07-06T10:00:10+00:00","dateModified":"2026-03-09T08:22:54+00:00","breadcrumb":{"@id":"https:\/\/labarraca1912.es\/tienda\/pasteleria\/aroma-de-vainilla\/#breadcrumb"},"inLanguage":"pt-PT","potentialAction":[{"@type":"ReadAction","target":["https:\/\/labarraca1912.es\/tienda\/pasteleria\/aroma-de-vainilla\/"]}]},{"@type":"ImageObject","inLanguage":"pt-PT","@id":"https:\/\/labarraca1912.es\/tienda\/pasteleria\/aroma-de-vainilla\/#primaryimage","url":"https:\/\/labarraca1912.es\/wp-content\/uploads\/aromavainilla2025.jpg","contentUrl":"https:\/\/labarraca1912.es\/wp-content\/uploads\/aromavainilla2025.jpg","width":800,"height":800},{"@type":"BreadcrumbList","@id":"https:\/\/labarraca1912.es\/tienda\/pasteleria\/aroma-de-vainilla\/#breadcrumb","itemListElement":[{"@type":"ListItem","position":1,"name":"La Barraca","item":"https:\/\/labarraca1912.es\/"},{"@type":"ListItem","position":2,"name":"Tienda","item":"https:\/\/labarraca1912.es\/tienda\/"},{"@type":"ListItem","position":3,"name":"Aroma de Vainilla"}]},{"@type":"WebSite","@id":"https:\/\/labarraca1912.es\/#website","url":"https:\/\/labarraca1912.es\/","name":"La Barraca","description":"La Casa del Sabor","publisher":{"@id":"https:\/\/labarraca1912.es\/#organization"},"potentialAction":[{"@type":"SearchAction","target":{"@type":"EntryPoint","urlTemplate":"https:\/\/labarraca1912.es\/?s={search_term_string}"},"query-input":{"@type":"PropertyValueSpecification","valueRequired":true,"valueName":"search_term_string"}}],"inLanguage":"pt-PT"},{"@type":"Organization","@id":"https:\/\/labarraca1912.es\/#organization","name":"La Barraca 1912 Alimentacion","url":"https:\/\/labarraca1912.es\/","logo":{"@type":"ImageObject","inLanguage":"pt-PT","@id":"https:\/\/labarraca1912.es\/#\/schema\/logo\/image\/","url":"https:\/\/labarraca1912.es\/wp-content\/uploads\/2019\/06\/logo-labarraca.png","contentUrl":"https:\/\/labarraca1912.es\/wp-content\/uploads\/2019\/06\/logo-labarraca.png","width":2917,"height":1809,"caption":"La Barraca 1912 Alimentacion"},"image":{"@id":"https:\/\/labarraca1912.es\/#\/schema\/logo\/image\/"}}]}</script>
<!-- / Yoast SEO plugin. -->

Aroma de Vainilla    La Vainilla es un aromatizante sofisticado, que aporta una fragancia muy especial a los platos, guisos y a la repostería a la que se incorpora. Es utilizado para aromatizar refrescos, helados y pasteles.  Ingredientes: Agua, alcohol etílico (35%), aroma y colorante: caramelo E-150d.  Añadir 8 ml de aroma por cada 0,5 kg de preparación a aromatizar. 8 ml equivalen a 5 cucharadas de café. No ingerir directamente.
